104.47.51.190 - - [10/Mar/2025:10:40:26 +0100] "HEAD /bip/index.php/przetargi/162-nr-sprawy-1-2025-dostawa-samochodu-ciezarowego-z-zabudowa-typu-wywrotka HTTP/1.1" 200 0 "" ""
62.87.223.74 - - [10/Mar/2025:10:40:26 +0100] "GET /bip/index.php/przetargi/162-nr-sprawy-1-2025-dostawa-samochodu-ciezarowego-z-zabudowa-typu-wywrotka HTTP/1.1" 200 12970 "" "Mozilla/5.0 (Windows NT 10.0; Win64; x64) AppleWebKit/537.36 (KHTML, like Gecko) Chrome/134.0.0.0 Safari/537.36 Edg/134.0.0.0"
62.87.223.74 - - [10/Mar/2025:10:40:26 +0100] "GET /bip/media/jui/js/jquery.min.js?1bc76656c15f1a0600eb7c5836761761 HTTP/1.1" 304 0 "http://www.bip.pgm-polkowice.com.pl/index.php/przetargi/162-nr-sprawy-1-2025-dostawa-samochodu-ciezarowego-z-zabudowa-typu-wywrotka" "Mozilla/5.0 (Windows NT 10.0; Win64; x64) AppleWebKit/537.36 (KHTML, like Gecko) Chrome/134.0.0.0 Safari/537.36 Edg/134.0.0.0"
62.87.223.74 - - [10/Mar/2025:10:40:26 +0100] "GET /bip/media/jui/js/jquery-noconflict.js?1bc76656c15f1a0600eb7c5836761761 HTTP/1.1" 304 0 "http://www.bip.pgm-polkowice.com.pl/index.php/przetargi/162-nr-sprawy-1-2025-dostawa-samochodu-ciezarowego-z-zabudowa-typu-wywrotka" "Mozilla/5.0 (Windows NT 10.0; Win64; x64) AppleWebKit/537.36 (KHTML, like Gecko) Chrome/134.0.0.0 Safari/537.36 Edg/134.0.0.0"
62.87.223.74 - - [10/Mar/2025:10:40:26 +0100] "GET /bip/media/jui/js/jquery-migrate.min.js?1bc76656c15f1a0600eb7c5836761761 HTTP/1.1" 304 0 "http://www.bip.pgm-polkowice.com.pl/index.php/przetargi/162-nr-sprawy-1-2025-dostawa-samochodu-ciezarowego-z-zabudowa-typu-wywrotka" "Mozilla/5.0 (Windows NT 10.0; Win64; x64) AppleWebKit/537.36 (KHTML, like Gecko) Chrome/134.0.0.0 Safari/537.36 Edg/134.0.0.0"
62.87.223.74 - - [10/Mar/2025:10:40:26 +0100] "GET /bip/media/system/js/caption.js?1bc76656c15f1a0600eb7c5836761761 HTTP/1.1" 304 0 "http://www.bip.pgm-polkowice.com.pl/index.php/przetargi/162-nr-sprawy-1-2025-dostawa-samochodu-ciezarowego-z-zabudowa-typu-wywrotka" "Mozilla/5.0 (Windows NT 10.0; Win64; x64) AppleWebKit/537.36 (KHTML, like Gecko) Chrome/134.0.0.0 Safari/537.36 Edg/134.0.0.0"
62.87.223.74 - - [10/Mar/2025:10:40:26 +0100] "GET /bip/media/jui/js/bootstrap.min.js?1bc76656c15f1a0600eb7c5836761761 HTTP/1.1" 304 0 "http://www.bip.pgm-polkowice.com.pl/index.php/przetargi/162-nr-sprawy-1-2025-dostawa-samochodu-ciezarowego-z-zabudowa-typu-wywrotka" "Mozilla/5.0 (Windows NT 10.0; Win64; x64) AppleWebKit/537.36 (KHTML, like Gecko) Chrome/134.0.0.0 Safari/537.36 Edg/134.0.0.0"
62.87.223.74 - - [10/Mar/2025:10:40:26 +0100] "GET /bip/media/system/js/mootools-core.js?1bc76656c15f1a0600eb7c5836761761 HTTP/1.1" 304 0 "http://www.bip.pgm-polkowice.com.pl/index.php/przetargi/162-nr-sprawy-1-2025-dostawa-samochodu-ciezarowego-z-zabudowa-typu-wywrotka" "Mozilla/5.0 (Windows NT 10.0; Win64; x64) AppleWebKit/537.36 (KHTML, like Gecko) Chrome/134.0.0.0 Safari/537.36 Edg/134.0.0.0"
62.87.223.74 - - [10/Mar/2025:10:40:26 +0100] "GET /bip/media/system/js/core.js?1bc76656c15f1a0600eb7c5836761761 HTTP/1.1" 304 0 "http://www.bip.pgm-polkowice.com.pl/index.php/przetargi/162-nr-sprawy-1-2025-dostawa-samochodu-ciezarowego-z-zabudowa-typu-wywrotka" "Mozilla/5.0 (Windows NT 10.0; Win64; x64) AppleWebKit/537.36 (KHTML, like Gecko) Chrome/134.0.0.0 Safari/537.36 Edg/134.0.0.0"
62.87.223.74 - - [10/Mar/2025:10:40:26 +0100] "GET /bip/media/system/js/mootools-more.js?1bc76656c15f1a0600eb7c5836761761 HTTP/1.1" 304 0 "http://www.bip.pgm-polkowice.com.pl/index.php/przetargi/162-nr-sprawy-1-2025-dostawa-samochodu-ciezarowego-z-zabudowa-typu-wywrotka" "Mozilla/5.0 (Windows NT 10.0; Win64; x64) AppleWebKit/537.36 (KHTML, like Gecko) Chrome/134.0.0.0 Safari/537.36 Edg/134.0.0.0"
62.87.223.74 - - [10/Mar/2025:10:40:27 +0100] "GET /bip/media/system/images/arrow.png HTTP/1.1" 304 0 "http://www.bip.pgm-polkowice.com.pl/index.php/przetargi/162-nr-sprawy-1-2025-dostawa-samochodu-ciezarowego-z-zabudowa-typu-wywrotka" "Mozilla/5.0 (Windows NT 10.0; Win64; x64) AppleWebKit/537.36 (KHTML, like Gecko) Chrome/134.0.0.0 Safari/537.36 Edg/134.0.0.0"
62.87.223.74 - - [10/Mar/2025:10:40:27 +0100] "GET /bip/templates/szablon_pwd_1_3/font/roboto/Roboto-Regular.woff2 HTTP/1.1" 404 1345 "http://www.bip.pgm-polkowice.com.pl/templates/szablon_pwd_1_3/files/style.css?1449557702" "Mozilla/5.0 (Windows NT 10.0; Win64; x64) AppleWebKit/537.36 (KHTML, like Gecko) Chrome/134.0.0.0 Safari/537.36 Edg/134.0.0.0"
62.87.223.74 - - [10/Mar/2025:10:40:27 +0100] "GET /bip/templates/szablon_pwd_1_3/font/roboto/Roboto-Regular.woff HTTP/1.1" 404 1345 "http://www.bip.pgm-polkowice.com.pl/templates/szablon_pwd_1_3/files/style.css?1449557702" "Mozilla/5.0 (Windows NT 10.0; Win64; x64) AppleWebKit/537.36 (KHTML, like Gecko) Chrome/134.0.0.0 Safari/537.36 Edg/134.0.0.0"
62.87.223.74 - - [10/Mar/2025:10:40:27 +0100] "GET /bip/favicon.ico HTTP/1.1" 404 1345 "http://www.bip.pgm-polkowice.com.pl/index.php/przetargi/162-nr-sprawy-1-2025-dostawa-samochodu-ciezarowego-z-zabudowa-typu-wywrotka" "Mozilla/5.0 (Windows NT 10.0; Win64; x64) AppleWebKit/537.36 (KHTML, like Gecko) Chrome/134.0.0.0 Safari/537.36 Edg/134.0.0.0"
62.87.223.74 - - [10/Mar/2025:10:40:27 +0100] "GET /bip/templates/szablon_pwd_1_3/font/roboto/Roboto-Regular.ttf HTTP/1.1" 404 1345 "http://www.bip.pgm-polkowice.com.pl/templates/szablon_pwd_1_3/files/style.css?1449557702" "Mozilla/5.0 (Windows NT 10.0; Win64; x64) AppleWebKit/537.36 (KHTML, like Gecko) Chrome/134.0.0.0 Safari/537.36 Edg/134.0.0.0"
217.113.194.213 - - [10/Mar/2025:10:40:29 +0100] "GET /pgm/index.php?rest_route=%2Foembed%2F1.0%2Fembed&url=https%3A%2F%2Fpgm-polkowice.com.pl%2F%3Fp%3D590 HTTP/1.1" 200 2252 "" "Mozilla/5.0 (compatible; Barkrowler/0.9; +https://babbar.tech/crawler)"
78.30.82.220 - - [10/Mar/2025:10:40:29 +0100] "GET /pgm/ HTTP/1.1" 200 125146 "" "Mozilla/5.0 (iPad; CPU OS 12_5_7 like Mac OS X) AppleWebKit/605.1.15 (KHTML, like Gecko) Version/12.1.2 Mobile/15E148 Safari/604.1"
78.30.82.220 - - [10/Mar/2025:10:40:30 +0100] "GET /pgm/apple-touch-icon-152x152-precomposed.png HTTP/1.1" 404 599 "" "MobileSafari/604.1 CFNetwork/978.0.7 Darwin/18.7.0"
78.30.82.220 - - [10/Mar/2025:10:40:30 +0100] "GET /pgm/apple-touch-icon-152x152.png HTTP/1.1" 404 587 "" "MobileSafari/604.1 CFNetwork/978.0.7 Darwin/18.7.0"
78.30.82.220 - - [10/Mar/2025:10:40:30 +0100] "GET /pgm/apple-touch-icon-precomposed.png HTTP/1.1" 404 591 "" "MobileSafari/604.1 CFNetwork/978.0.7 Darwin/18.7.0"
78.30.82.220 - - [10/Mar/2025:10:40:30 +0100] "GET /pgm/apple-touch-icon.png HTTP/1.1" 404 579 "" "MobileSafari/604.1 CFNetwork/978.0.7 Darwin/18.7.0"
78.30.82.220 - - [10/Mar/2025:10:40:30 +0100] "GET /pgm/favicon.ico HTTP/1.1" 404 570 "" "MobileSafari/604.1 CFNetwork/978.0.7 Darwin/18.7.0"
78.30.82.220 - - [10/Mar/2025:10:40:30 +0100] "GET /pgm/apple-touch-icon-152x152-precomposed.png HTTP/1.1" 404 599 "" "MobileSafari/604.1 CFNetwork/978.0.7 Darwin/18.7.0"
78.30.82.220 - - [10/Mar/2025:10:40:30 +0100] "GET /pgm/apple-touch-icon-152x152.png HTTP/1.1" 404 587 "" "MobileSafari/604.1 CFNetwork/978.0.7 Darwin/18.7.0"
78.30.82.220 - - [10/Mar/2025:10:40:30 +0100] "GET /pgm/apple-touch-icon-precomposed.png HTTP/1.1" 404 591 "" "MobileSafari/604.1 CFNetwork/978.0.7 Darwin/18.7.0"
78.30.82.220 - - [10/Mar/2025:10:40:30 +0100] "GET /pgm/apple-touch-icon.png HTTP/1.1" 404 579 "" "MobileSafari/604.1 CFNetwork/978.0.7 Darwin/18.7.0"
78.30.82.220 - - [10/Mar/2025:10:40:30 +0100] "GET /pgm/favicon.ico HTTP/1.1" 404 570 "" "MobileSafari/604.1 CFNetwork/978.0.7 Darwin/18.7.0"
217.113.194.214 - - [10/Mar/2025:10:40:31 +0100] "GET /bip/index.php/ogloszenia/109-ogloszenie-o-sprzedazy-ciagnika-rolniczego-deutz-fahr HTTP/1.1" 200 15408 "" "Mozilla/5.0 (compatible; Barkrowler/0.9; +https://babbar.tech/crawler)"
48.209.223.4 - - [10/Mar/2025:10:40:36 +0100] "GET /bip/index.php/przetargi/162-nr-sprawy-1-2025-dostawa-samochodu-ciezarowego-z-zabudowa-typu-wywrotka HTTP/1.1" 200 12970 "" "Mozilla/5.0 (Windows NT 10.0; Win64; x64) AppleWebKit/537.36 (KHTML, like Gecko) Chrome/133.0.0.0 Safari/537.36"
48.209.223.4 - - [10/Mar/2025:10:40:36 +0100] "GET /bip/plugins/system/jce/css/content.css?1bc76656c15f1a0600eb7c5836761761 HTTP/1.1" 200 1999 "http://www.bip.pgm-polkowice.com.pl/index.php/przetargi/162-nr-sprawy-1-2025-dostawa-samochodu-ciezarowego-z-zabudowa-typu-wywrotka" "Mozilla/5.0 (Windows NT 10.0; Win64; x64) AppleWebKit/537.36 (KHTML, like Gecko) Chrome/133.0.0.0 Safari/537.36"
48.209.223.4 - - [10/Mar/2025:10:40:36 +0100] "GET /bip/templates/szablon_pwd_1_3/files/style.css?1449557702 HTTP/1.1" 200 205627 "http://www.bip.pgm-polkowice.com.pl/index.php/przetargi/162-nr-sprawy-1-2025-dostawa-samochodu-ciezarowego-z-zabudowa-typu-wywrotka" "Mozilla/5.0 (Windows NT 10.0; Win64; x64) AppleWebKit/537.36 (KHTML, like Gecko) Chrome/133.0.0.0 Safari/537.36"
48.209.223.4 - - [10/Mar/2025:10:40:36 +0100] "GET /bip/media/jui/js/jquery.min.js?1bc76656c15f1a0600eb7c5836761761 HTTP/1.1" 200 97646 "http://www.bip.pgm-polkowice.com.pl/index.php/przetargi/162-nr-sprawy-1-2025-dostawa-samochodu-ciezarowego-z-zabudowa-typu-wywrotka" "Mozilla/5.0 (Windows NT 10.0; Win64; x64) AppleWebKit/537.36 (KHTML, like Gecko) Chrome/133.0.0.0 Safari/537.36"
48.209.223.4 - - [10/Mar/2025:10:40:36 +0100] "GET /bip/media/jui/js/jquery-migrate.min.js?1bc76656c15f1a0600eb7c5836761761 HTTP/1.1" 200 10056 "http://www.bip.pgm-polkowice.com.pl/index.php/przetargi/162-nr-sprawy-1-2025-dostawa-samochodu-ciezarowego-z-zabudowa-typu-wywrotka" "Mozilla/5.0 (Windows NT 10.0; Win64; x64) AppleWebKit/537.36 (KHTML, like Gecko) Chrome/133.0.0.0 Safari/537.36"
48.209.223.4 - - [10/Mar/2025:10:40:36 +0100] "GET /bip/media/jui/js/jquery-noconflict.js?1bc76656c15f1a0600eb7c5836761761 HTTP/1.1" 200 21 "http://www.bip.pgm-polkowice.com.pl/index.php/przetargi/162-nr-sprawy-1-2025-dostawa-samochodu-ciezarowego-z-zabudowa-typu-wywrotka" "Mozilla/5.0 (Windows NT 10.0; Win64; x64) AppleWebKit/537.36 (KHTML, like Gecko) Chrome/133.0.0.0 Safari/537.36"
48.209.223.4 - - [10/Mar/2025:10:40:36 +0100] "GET /bip/media/system/js/caption.js?1bc76656c15f1a0600eb7c5836761761 HTTP/1.1" 200 491 "http://www.bip.pgm-polkowice.com.pl/index.php/przetargi/162-nr-sprawy-1-2025-dostawa-samochodu-ciezarowego-z-zabudowa-typu-wywrotka" "Mozilla/5.0 (Windows NT 10.0; Win64; x64) AppleWebKit/537.36 (KHTML, like Gecko) Chrome/133.0.0.0 Safari/537.36"
48.209.223.4 - - [10/Mar/2025:10:40:36 +0100] "GET /bip/media/jui/js/bootstrap.min.js?1bc76656c15f1a0600eb7c5836761761 HTTP/1.1" 200 29126 "http://www.bip.pgm-polkowice.com.pl/index.php/przetargi/162-nr-sprawy-1-2025-dostawa-samochodu-ciezarowego-z-zabudowa-typu-wywrotka" "Mozilla/5.0 (Windows NT 10.0; Win64; x64) AppleWebKit/537.36 (KHTML, like Gecko) Chrome/133.0.0.0 Safari/537.36"
48.209.223.4 - - [10/Mar/2025:10:40:36 +0100] "GET /bip/media/system/js/mootools-more.js?1bc76656c15f1a0600eb7c5836761761 HTTP/1.1" 200 236825 "http://www.bip.pgm-polkowice.com.pl/index.php/przetargi/162-nr-sprawy-1-2025-dostawa-samochodu-ciezarowego-z-zabudowa-typu-wywrotka" "Mozilla/5.0 (Windows NT 10.0; Win64; x64) AppleWebKit/537.36 (KHTML, like Gecko) Chrome/133.0.0.0 Safari/537.36"
48.209.223.4 - - [10/Mar/2025:10:40:36 +0100] "GET /bip/media/system/js/core.js?1bc76656c15f1a0600eb7c5836761761 HTTP/1.1" 200 8735 "http://www.bip.pgm-polkowice.com.pl/index.php/przetargi/162-nr-sprawy-1-2025-dostawa-samochodu-ciezarowego-z-zabudowa-typu-wywrotka" "Mozilla/5.0 (Windows NT 10.0; Win64; x64) AppleWebKit/537.36 (KHTML, like Gecko) Chrome/133.0.0.0 Safari/537.36"
48.209.223.4 - - [10/Mar/2025:10:40:36 +0100] "GET /bip/media/system/js/mootools-core.js?1bc76656c15f1a0600eb7c5836761761 HTTP/1.1" 200 83893 "http://www.bip.pgm-polkowice.com.pl/index.php/przetargi/162-nr-sprawy-1-2025-dostawa-samochodu-ciezarowego-z-zabudowa-typu-wywrotka" "Mozilla/5.0 (Windows NT 10.0; Win64; x64) AppleWebKit/537.36 (KHTML, like Gecko) Chrome/133.0.0.0 Safari/537.36"
48.209.223.4 - - [10/Mar/2025:10:40:36 +0100] "GET /bip/templates/szablon_pwd_1_3/files/scripts.js?ver=0.1449558269 HTTP/1.1" 200 3147 "http://www.bip.pgm-polkowice.com.pl/index.php/przetargi/162-nr-sprawy-1-2025-dostawa-samochodu-ciezarowego-z-zabudowa-typu-wywrotka" "Mozilla/5.0 (Windows NT 10.0; Win64; x64) AppleWebKit/537.36 (KHTML, like Gecko) Chrome/133.0.0.0 Safari/537.36"
48.209.223.4 - - [10/Mar/2025:10:40:36 +0100] "GET /bip/templates/szablon_pwd_1_3/files/materialize.min.js HTTP/1.1" 200 122010 "http://www.bip.pgm-polkowice.com.pl/index.php/przetargi/162-nr-sprawy-1-2025-dostawa-samochodu-ciezarowego-z-zabudowa-typu-wywrotka" "Mozilla/5.0 (Windows NT 10.0; Win64; x64) AppleWebKit/537.36 (KHTML, like Gecko) Chrome/133.0.0.0 Safari/537.36"
48.209.223.4 - - [10/Mar/2025:10:40:36 +0100] "GET /bip/templates/szablon_pwd_1_3/files/pgm.png HTTP/1.1" 200 4537 "http://www.bip.pgm-polkowice.com.pl/index.php/przetargi/162-nr-sprawy-1-2025-dostawa-samochodu-ciezarowego-z-zabudowa-typu-wywrotka" "Mozilla/5.0 (Windows NT 10.0; Win64; x64) AppleWebKit/537.36 (KHTML, like Gecko) Chrome/133.0.0.0 Safari/537.36"
48.209.223.4 - - [10/Mar/2025:10:40:36 +0100] "GET /bip/templates/szablon_pwd_1_3/files/pwd_logo.png HTTP/1.1" 200 4481 "http://www.bip.pgm-polkowice.com.pl/index.php/przetargi/162-nr-sprawy-1-2025-dostawa-samochodu-ciezarowego-z-zabudowa-typu-wywrotka" "Mozilla/5.0 (Windows NT 10.0; Win64; x64) AppleWebKit/537.36 (KHTML, like Gecko) Chrome/133.0.0.0 Safari/537.36"
48.209.223.4 - - [10/Mar/2025:10:40:37 +0100] "GET /bip/templates/szablon_pwd_1_3/files/baner.jpg HTTP/1.1" 200 102287 "http://www.bip.pgm-polkowice.com.pl/index.php/przetargi/162-nr-sprawy-1-2025-dostawa-samochodu-ciezarowego-z-zabudowa-typu-wywrotka" "Mozilla/5.0 (Windows NT 10.0; Win64; x64) AppleWebKit/537.36 (KHTML, like Gecko) Chrome/133.0.0.0 Safari/537.36"
48.209.223.4 - - [10/Mar/2025:10:40:37 +0100] "GET /bip/templates/szablon_pwd_1_3/files/logo_bip.png HTTP/1.1" 200 9086 "http://www.bip.pgm-polkowice.com.pl/index.php/przetargi/162-nr-sprawy-1-2025-dostawa-samochodu-ciezarowego-z-zabudowa-typu-wywrotka" "Mozilla/5.0 (Windows NT 10.0; Win64; x64) AppleWebKit/537.36 (KHTML, like Gecko) Chrome/133.0.0.0 Safari/537.36"
48.209.223.4 - - [10/Mar/2025:10:40:37 +0100] "GET /bip/media/system/images/arrow.png HTTP/1.1" 200 107 "http://www.bip.pgm-polkowice.com.pl/index.php/przetargi/162-nr-sprawy-1-2025-dostawa-samochodu-ciezarowego-z-zabudowa-typu-wywrotka" "Mozilla/5.0 (Windows NT 10.0; Win64; x64) AppleWebKit/537.36 (KHTML, like Gecko) Chrome/133.0.0.0 Safari/537.36"
48.209.223.4 - - [10/Mar/2025:10:40:37 +0100] "GET /bip/templates/szablon_pwd_1_3/files/maic.png HTTP/1.1" 200 12894 "http://www.bip.pgm-polkowice.com.pl/index.php/przetargi/162-nr-sprawy-1-2025-dostawa-samochodu-ciezarowego-z-zabudowa-typu-wywrotka" "Mozilla/5.0 (Windows NT 10.0; Win64; x64) AppleWebKit/537.36 (KHTML, like Gecko) Chrome/133.0.0.0 Safari/537.36"
48.209.223.4 - - [10/Mar/2025:10:40:37 +0100] "GET /bip/templates/szablon_pwd_1_3/font/roboto/Roboto-Regular.woff2 HTTP/1.1" 404 1345 "http://www.bip.pgm-polkowice.com.pl/templates/szablon_pwd_1_3/files/style.css?1449557702" "Mozilla/5.0 (Windows NT 10.0; Win64; x64) AppleWebKit/537.36 (KHTML, like Gecko) Chrome/133.0.0.0 Safari/537.36"
48.209.223.4 - - [10/Mar/2025:10:40:37 +0100] "GET /bip/templates/szablon_pwd_1_3/font/roboto/Roboto-Regular.woff HTTP/1.1" 404 1345 "http://www.bip.pgm-polkowice.com.pl/templates/szablon_pwd_1_3/files/style.css?1449557702" "Mozilla/5.0 (Windows NT 10.0; Win64; x64) AppleWebKit/537.36 (KHTML, like Gecko) Chrome/133.0.0.0 Safari/537.36"
48.209.223.4 - - [10/Mar/2025:10:40:37 +0100] "GET /bip/templates/szablon_pwd_1_3/font/roboto/Roboto-Regular.ttf HTTP/1.1" 404 1345 "http://www.bip.pgm-polkowice.com.pl/templates/szablon_pwd_1_3/files/style.css?1449557702" "Mozilla/5.0 (Windows NT 10.0; Win64; x64) AppleWebKit/537.36 (KHTML, like Gecko) Chrome/133.0.0.0 Safari/537.36"
217.113.194.216 - - [10/Mar/2025:10:40:44 +0100] "GET /pgm/index.php?rest_route=%2Foembed%2F1.0%2Fembed&url=https%3A%2F%2Fpgm-polkowice.com.pl%2F%3Fp%3D594 HTTP/1.1" 200 2282 "" "Mozilla/5.0 (compatible; Barkrowler/0.9; +https://babbar.tech/crawler)"
217.113.194.214 - - [10/Mar/2025:10:40:46 +0100] "GET /bip/index.php/ogloszenia/155-ogloszenie-o-sprzedazy-wirowki-dekantacyjnej-aldec-40 HTTP/1.1" 200 16408 "" "Mozilla/5.0 (compatible; Barkrowler/0.9; +https://babbar.tech/crawler)"
62.87.223.74 - - [10/Mar/2025:10:40:52 +0100] "GET /bip/images/Przetargi/2025/SWZ 1_2025.pdf HTTP/1.1" 200 17152200 "http://www.bip.pgm-polkowice.com.pl/index.php/przetargi/162-nr-sprawy-1-2025-dostawa-samochodu-ciezarowego-z-zabudowa-typu-wywrotka" "Mozilla/5.0 (Windows NT 10.0; Win64; x64) AppleWebKit/537.36 (KHTML, like Gecko) Chrome/134.0.0.0 Safari/537.36 Edg/134.0.0.0"
217.113.194.214 - - [10/Mar/2025:10:40:59 +0100] "GET /pgm/index.php?rest_route=%2Foembed%2F1.0%2Fembed&url=https%3A%2F%2Fpgm-polkowice.com.pl%2F%3Fp%3D1136 HTTP/1.1" 200 2490 "" "Mozilla/5.0 (compatible; Barkrowler/0.9; +https://babbar.tech/crawler)"
217.113.194.214 - - [10/Mar/2025:10:41:02 +0100] "GET /bip/index.php/ogloszenia/81-ogloszenie-sprzedazy-posypywarka-piaskarka-pronar-t130 HTTP/1.1" 200 15530 "" "Mozilla/5.0 (compatible; Barkrowler/0.9; +https://babbar.tech/crawler)"
48.209.223.4 - - [10/Mar/2025:10:41:06 +0100] "GET /bip/favicon.ico HTTP/1.1" 404 1345 "http://www.bip.pgm-polkowice.com.pl/index.php/przetargi/162-nr-sprawy-1-2025-dostawa-samochodu-ciezarowego-z-zabudowa-typu-wywrotka" "Mozilla/5.0 (Windows NT 10.0; Win64; x64) AppleWebKit/537.36 (KHTML, like Gecko) Chrome/133.0.0.0 Safari/537.36"
217.113.194.220 - - [10/Mar/2025:10:41:14 +0100] "GET /pgm/index.php?rest_route=%2Foembed%2F1.0%2Fembed&url=https%3A%2F%2Fpgm-polkowice.com.pl%2F%3Fpage_id%3D1675 HTTP/1.1" 200 2224 "" "Mozilla/5.0 (compatible; Barkrowler/0.9; +https://babbar.tech/crawler)"
217.113.194.214 - - [10/Mar/2025:10:41:17 +0100] "GET /bip/index.php/ogloszenia/121-ogloszenie-sprzedazy-wirowki-dekantacyjnej-aldec40-2 HTTP/1.1" 200 15612 "" "Mozilla/5.0 (compatible; Barkrowler/0.9; +https://babbar.tech/crawler)"
217.113.194.218 - - [10/Mar/2025:10:41:29 +0100] "GET /pgm/index.php?rest_route=%2Foembed%2F1.0%2Fembed&url=https%3A%2F%2Fpgm-polkowice.com.pl%2F%3Fpage_id%3D1512 HTTP/1.1" 200 2227 "" "Mozilla/5.0 (compatible; Barkrowler/0.9; +https://babbar.tech/crawler)"
217.113.194.212 - - [10/Mar/2025:10:41:32 +0100] "GET /bip/images/Przetargi/kalkulacja ceny oferttowej zał.1.1 Excel.xlsx HTTP/1.1" 200 60075 "" "Mozilla/5.0 (compatible; Barkrowler/0.9; +https://babbar.tech/crawler)"
48.209.223.4 - - [10/Mar/2025:10:41:32 +0100] "GET /bip/images/Przetargi/2025/SWZ 001_ 2025 Dostawa samoch- zabudowa wywrotka. DUK.doc HTTP/1.1" 200 403456 "http://www.bip.pgm-polkowice.com.pl/index.php/przetargi/162-nr-sprawy-1-2025-dostawa-samochodu-ciezarowego-z-zabudowa-typu-wywrotka" "Mozilla/5.0 (Windows NT 10.0; Win64; x64) AppleWebKit/537.36 (KHTML, like Gecko) Chrome/131.0.0.0 Safari/537.36"
48.209.223.4 - - [10/Mar/2025:10:41:32 +0100] "GET /bip/images/Informacja_o_kwocie_12025.pdf HTTP/1.1" 200 271371 "http://www.bip.pgm-polkowice.com.pl/index.php/przetargi/162-nr-sprawy-1-2025-dostawa-samochodu-ciezarowego-z-zabudowa-typu-wywrotka" "Mozilla/5.0 (Windows NT 10.0; Win64; x64) AppleWebKit/537.36 (KHTML, like Gecko) Chrome/131.0.0.0 Safari/537.36"
48.209.223.4 - - [10/Mar/2025:10:41:32 +0100] "GET /bip/ HTTP/1.1" 200 14211 "http://www.bip.pgm-polkowice.com.pl/index.php/przetargi/162-nr-sprawy-1-2025-dostawa-samochodu-ciezarowego-z-zabudowa-typu-wywrotka" "Mozilla/5.0 (Windows NT 10.0; Win64; x64) AppleWebKit/537.36 (KHTML, like Gecko) Chrome/131.0.0.0 Safari/537.36"
48.209.223.4 - - [10/Mar/2025:10:41:34 +0100] "GET /bip/plugins/system/jce/css/content.css?1bc76656c15f1a0600eb7c5836761761 HTTP/1.1" 200 1999 "http://www.bip.pgm-polkowice.com.pl/" "Mozilla/5.0 (Windows NT 10.0; Win64; x64) AppleWebKit/537.36 (KHTML, like Gecko) Chrome/131.0.0.0 Safari/537.36"
48.209.223.4 - - [10/Mar/2025:10:41:34 +0100] "GET /bip/media/jui/js/jquery-migrate.min.js?1bc76656c15f1a0600eb7c5836761761 HTTP/1.1" 200 10056 "http://www.bip.pgm-polkowice.com.pl/" "Mozilla/5.0 (Windows NT 10.0; Win64; x64) AppleWebKit/537.36 (KHTML, like Gecko) Chrome/131.0.0.0 Safari/537.36"
48.209.223.4 - - [10/Mar/2025:10:41:34 +0100] "GET /bip/media/jui/js/jquery-noconflict.js?1bc76656c15f1a0600eb7c5836761761 HTTP/1.1" 200 21 "http://www.bip.pgm-polkowice.com.pl/" "Mozilla/5.0 (Windows NT 10.0; Win64; x64) AppleWebKit/537.36 (KHTML, like Gecko) Chrome/131.0.0.0 Safari/537.36"
48.209.223.4 - - [10/Mar/2025:10:41:34 +0100] "GET /bip/media/jui/js/jquery.min.js?1bc76656c15f1a0600eb7c5836761761 HTTP/1.1" 200 97646 "http://www.bip.pgm-polkowice.com.pl/" "Mozilla/5.0 (Windows NT 10.0; Win64; x64) AppleWebKit/537.36 (KHTML, like Gecko) Chrome/131.0.0.0 Safari/537.36"
48.209.223.4 - - [10/Mar/2025:10:41:34 +0100] "GET /bip/media/jui/js/bootstrap.min.js?1bc76656c15f1a0600eb7c5836761761 HTTP/1.1" 200 29126 "http://www.bip.pgm-polkowice.com.pl/" "Mozilla/5.0 (Windows NT 10.0; Win64; x64) AppleWebKit/537.36 (KHTML, like Gecko) Chrome/131.0.0.0 Safari/537.36"
48.209.223.4 - - [10/Mar/2025:10:41:34 +0100] "GET /bip/media/system/js/caption.js?1bc76656c15f1a0600eb7c5836761761 HTTP/1.1" 200 491 "http://www.bip.pgm-polkowice.com.pl/" "Mozilla/5.0 (Windows NT 10.0; Win64; x64) AppleWebKit/537.36 (KHTML, like Gecko) Chrome/131.0.0.0 Safari/537.36"
48.209.223.4 - - [10/Mar/2025:10:41:34 +0100] "GET /bip/media/system/js/mootools-more.js?1bc76656c15f1a0600eb7c5836761761 HTTP/1.1" 200 236825 "http://www.bip.pgm-polkowice.com.pl/" "Mozilla/5.0 (Windows NT 10.0; Win64; x64) AppleWebKit/537.36 (KHTML, like Gecko) Chrome/131.0.0.0 Safari/537.36"
48.209.223.4 - - [10/Mar/2025:10:41:34 +0100] "GET /bip/templates/szablon_pwd_1_3/files/style.css?1449557702 HTTP/1.1" 200 205627 "http://www.bip.pgm-polkowice.com.pl/" "Mozilla/5.0 (Windows NT 10.0; Win64; x64) AppleWebKit/537.36 (KHTML, like Gecko) Chrome/131.0.0.0 Safari/537.36"
48.209.223.4 - - [10/Mar/2025:10:41:34 +0100] "GET /bip/media/system/js/mootools-core.js?1bc76656c15f1a0600eb7c5836761761 HTTP/1.1" 200 83893 "http://www.bip.pgm-polkowice.com.pl/" "Mozilla/5.0 (Windows NT 10.0; Win64; x64) AppleWebKit/537.36 (KHTML, like Gecko) Chrome/131.0.0.0 Safari/537.36"
48.209.223.4 - - [10/Mar/2025:10:41:34 +0100] "GET /bip/media/system/js/core.js?1bc76656c15f1a0600eb7c5836761761 HTTP/1.1" 200 8735 "http://www.bip.pgm-polkowice.com.pl/" "Mozilla/5.0 (Windows NT 10.0; Win64; x64) AppleWebKit/537.36 (KHTML, like Gecko) Chrome/131.0.0.0 Safari/537.36"
48.209.223.4 - - [10/Mar/2025:10:41:34 +0100] "GET /bip/templates/szablon_pwd_1_3/files/scripts.js?ver=0.1449558269 HTTP/1.1" 200 3147 "http://www.bip.pgm-polkowice.com.pl/" "Mozilla/5.0 (Windows NT 10.0; Win64; x64) AppleWebKit/537.36 (KHTML, like Gecko) Chrome/131.0.0.0 Safari/537.36"
48.209.223.4 - - [10/Mar/2025:10:41:34 +0100] "GET /bip/templates/szablon_pwd_1_3/files/materialize.min.js HTTP/1.1" 200 122010 "http://www.bip.pgm-polkowice.com.pl/" "Mozilla/5.0 (Windows NT 10.0; Win64; x64) AppleWebKit/537.36 (KHTML, like Gecko) Chrome/131.0.0.0 Safari/537.36"
48.209.223.4 - - [10/Mar/2025:10:41:34 +0100] "GET /bip/templates/szablon_pwd_1_3/files/pgm.png HTTP/1.1" 200 4537 "http://www.bip.pgm-polkowice.com.pl/" "Mozilla/5.0 (Windows NT 10.0; Win64; x64) AppleWebKit/537.36 (KHTML, like Gecko) Chrome/131.0.0.0 Safari/537.36"
48.209.223.4 - - [10/Mar/2025:10:41:34 +0100] "GET /bip/templates/szablon_pwd_1_3/files/pwd_logo.png HTTP/1.1" 200 4481 "http://www.bip.pgm-polkowice.com.pl/" "Mozilla/5.0 (Windows NT 10.0; Win64; x64) AppleWebKit/537.36 (KHTML, like Gecko) Chrome/131.0.0.0 Safari/537.36"
48.209.223.4 - - [10/Mar/2025:10:41:35 +0100] "GET /bip/templates/szablon_pwd_1_3/files/baner.jpg HTTP/1.1" 200 102287 "http://www.bip.pgm-polkowice.com.pl/" "Mozilla/5.0 (Windows NT 10.0; Win64; x64) AppleWebKit/537.36 (KHTML, like Gecko) Chrome/131.0.0.0 Safari/537.36"
48.209.223.4 - - [10/Mar/2025:10:41:35 +0100] "GET /bip/templates/szablon_pwd_1_3/files/logo_bip.png HTTP/1.1" 200 9086 "http://www.bip.pgm-polkowice.com.pl/" "Mozilla/5.0 (Windows NT 10.0; Win64; x64) AppleWebKit/537.36 (KHTML, like Gecko) Chrome/131.0.0.0 Safari/537.36"
48.209.223.4 - - [10/Mar/2025:10:41:35 +0100] "GET /bip/templates/szablon_pwd_1_3/files/maic.png HTTP/1.1" 200 12894 "http://www.bip.pgm-polkowice.com.pl/" "Mozilla/5.0 (Windows NT 10.0; Win64; x64) AppleWebKit/537.36 (KHTML, like Gecko) Chrome/131.0.0.0 Safari/537.36"
48.209.223.4 - - [10/Mar/2025:10:41:35 +0100] "GET /bip/images/kropelka-PGM.jpg HTTP/1.1" 200 34144 "http://www.bip.pgm-polkowice.com.pl/" "Mozilla/5.0 (Windows NT 10.0; Win64; x64) AppleWebKit/537.36 (KHTML, like Gecko) Chrome/131.0.0.0 Safari/537.36"
48.209.223.4 - - [10/Mar/2025:10:41:35 +0100] "GET /bip/templates/szablon_pwd_1_3/font/roboto/Roboto-Regular.woff2 HTTP/1.1" 404 1345 "http://www.bip.pgm-polkowice.com.pl/templates/szablon_pwd_1_3/files/style.css?1449557702" "Mozilla/5.0 (Windows NT 10.0; Win64; x64) AppleWebKit/537.36 (KHTML, like Gecko) Chrome/131.0.0.0 Safari/537.36"
48.209.223.4 - - [10/Mar/2025:10:41:36 +0100] "GET /bip/templates/szablon_pwd_1_3/font/roboto/Roboto-Regular.woff HTTP/1.1" 404 1345 "http://www.bip.pgm-polkowice.com.pl/templates/szablon_pwd_1_3/files/style.css?1449557702" "Mozilla/5.0 (Windows NT 10.0; Win64; x64) AppleWebKit/537.36 (KHTML, like Gecko) Chrome/131.0.0.0 Safari/537.36"
48.209.223.4 - - [10/Mar/2025:10:41:36 +0100] "GET /bip/templates/szablon_pwd_1_3/font/roboto/Roboto-Regular.ttf HTTP/1.1" 404 1345 "http://www.bip.pgm-polkowice.com.pl/templates/szablon_pwd_1_3/files/style.css?1449557702" "Mozilla/5.0 (Windows NT 10.0; Win64; x64) AppleWebKit/537.36 (KHTML, like Gecko) Chrome/131.0.0.0 Safari/537.36"
48.209.223.4 - - [10/Mar/2025:10:41:44 +0100] "GET /bip/favicon.ico HTTP/1.1" 404 1345 "http://www.bip.pgm-polkowice.com.pl/images/Informacja_o_kwocie_12025.pdf" "Mozilla/5.0 (Windows NT 10.0; Win64; x64) AppleWebKit/537.36 (KHTML, like Gecko) Chrome/131.0.0.0 Safari/537.36"
217.113.194.218 - - [10/Mar/2025:10:41:45 +0100] "GET /pgm/index.php?rest_route=%2Foembed%2F1.0%2Fembed&url=https%3A%2F%2Fpgm-polkowice.com.pl%2F%3Fpage_id%3D1976 HTTP/1.1" 200 2248 "" "Mozilla/5.0 (compatible; Barkrowler/0.9; +https://babbar.tech/crawler)"
217.113.194.218 - - [10/Mar/2025:10:41:47 +0100] "GET /bip/index.php/przetargi/133-dostawa-samochodu-osobowego-z-napedem-hybrydowym HTTP/1.1" 200 12876 "" "Mozilla/5.0 (compatible; Barkrowler/0.9; +https://babbar.tech/crawler)"
217.113.194.217 - - [10/Mar/2025:10:42:00 +0100] "GET /pgm/index.php?rest_route=%2Foembed%2F1.0%2Fembed&url=https%3A%2F%2Fpgm-polkowice.com.pl%2F%3Fpage_id%3D1854 HTTP/1.1" 200 2365 "" "Mozilla/5.0 (compatible; Barkrowler/0.9; +https://babbar.tech/crawler)"
48.209.223.4 - - [10/Mar/2025:10:42:01 +0100] "GET /bip/favicon.ico HTTP/1.1" 404 1345 "http://www.bip.pgm-polkowice.com.pl/" "Mozilla/5.0 (Windows NT 10.0; Win64; x64) AppleWebKit/537.36 (KHTML, like Gecko) Chrome/131.0.0.0 Safari/537.36"
217.113.194.216 - - [10/Mar/2025:10:42:03 +0100] "GET /bip/index.php/ogloszenia/31-ponowna-sprzedaz-wirowki-dekantacyjnej-aldec40-2 HTTP/1.1" 200 12604 "" "Mozilla/5.0 (compatible; Barkrowler/0.9; +https://babbar.tech/crawler)"
217.113.194.221 - - [10/Mar/2025:10:42:15 +0100] "GET /pgm/index.php?rest_route=%2Foembed%2F1.0%2Fembed&url=https%3A%2F%2Fpgm-polkowice.com.pl%2F%3Fpage_id%3D1436 HTTP/1.1" 200 2242 "" "Mozilla/5.0 (compatible; Barkrowler/0.9; +https://babbar.tech/crawler)"
154.54.249.216 - - [10/Mar/2025:10:42:18 +0100] "GET /bip/index.php/ogloszenia/113-ogloszenie-o-sprzedazy-ciagnika-rolniczego-deutz-fahr-2 HTTP/1.1" 200 15517 "" "Mozilla/5.0 (compatible; Barkrowler/0.9; +https://babbar.tech/crawler)"
217.113.194.212 - - [10/Mar/2025:10:42:31 +0100] "GET /pgm/index.php?rest_route=%2Foembed%2F1.0%2Fembed&url=https%3A%2F%2Fpgm-polkowice.com.pl%2F%3Fpage_id%3D1268 HTTP/1.1" 200 2239 "" "Mozilla/5.0 (compatible; Barkrowler/0.9; +https://babbar.tech/crawler)"
154.54.249.216 - - [10/Mar/2025:10:42:33 +0100] "GET /bip/index.php/ogloszenia/43-noew-ponowna-sprzedaz-wirowki-dekantacyjnej-aldec40 HTTP/1.1" 200 12624 "" "Mozilla/5.0 (compatible; Barkrowler/0.9; +https://babbar.tech/crawler)"
209.141.37.11 - - [10/Mar/2025:10:42:35 +0100] "GET /pgm/ HTTP/1.1" 200 125129 "https://pgm-polkowice.com.pl/login" "Mozilla/5.0 (Macintosh; Intel Mac OS X 10_12_6) AppleWebKit/537.36 (KHTML, like Gecko) Chrome/61.0.3163.100 Safari/537.36"
209.141.37.11 - - [10/Mar/2025:10:42:37 +0100] "GET /pgm/wp-login.php HTTP/1.1" 200 9896 "https://pgm-polkowice.com.pl/login" "Mozilla/5.0 (Macintosh; Intel Mac OS X 10_12_6) AppleWebKit/537.36 (KHTML, like Gecko) Chrome/61.0.3163.100 Safari/537.36"
209.141.37.11 - - [10/Mar/2025:10:42:40 +0100] "POST /pgm/wp-login.php HTTP/1.1" 200 10353 "https://pgm-polkowice.com.pl/login" "Mozilla/5.0 (Macintosh; Intel Mac OS X 10_12_6) AppleWebKit/537.36 (KHTML, like Gecko) Chrome/61.0.3163.100 Safari/537.36"
217.113.194.215 - - [10/Mar/2025:10:42:46 +0100] "GET /pgm/index.php?rest_route=%2Foembed%2F1.0%2Fembed&url=https%3A%2F%2Fpgm-polkowice.com.pl%2F%3Fpage_id%3D1421 HTTP/1.1" 200 2230 "" "Mozilla/5.0 (compatible; Barkrowler/0.9; +https://babbar.tech/crawler)"
217.113.194.215 - - [10/Mar/2025:10:42:49 +0100] "GET /bip/index.php/przetargi/105-nr-sprawy-8-2023-odbior-i-zagospodarowanie-osadow-sciekowych HTTP/1.1" 200 12794 "" "Mozilla/5.0 (compatible; Barkrowler/0.9; +https://babbar.tech/crawler)"
217.113.194.221 - - [10/Mar/2025:10:43:01 +0100] "GET /pgm/index.php?rest_route=%2Foembed%2F1.0%2Fembed&url=https%3A%2F%2Fpgm-polkowice.com.pl%2F%3Fpage_id%3D1257 HTTP/1.1" 200 2275 "" "Mozilla/5.0 (compatible; Barkrowler/0.9; +https://babbar.tech/crawler)"
154.54.249.216 - - [10/Mar/2025:10:43:04 +0100] "GET /bip/index.php/ogloszenia/49-ogloszenie-sprzedazy-wirowki-dekantacyjnej-aldec40?tmpl=component&print=1 HTTP/1.1" 200 3281 "" "Mozilla/5.0 (compatible; Barkrowler/0.9; +https://babbar.tech/crawler)"
217.113.194.221 - - [10/Mar/2025:10:43:16 +0100] "GET /pgm/index.php?rest_route=%2Foembed%2F1.0%2Fembed&url=https%3A%2F%2Fpgm-polkowice.com.pl%2F%3Fpage_id%3D1441 HTTP/1.1" 200 2266 "" "Mozilla/5.0 (compatible; Barkrowler/0.9; +https://babbar.tech/crawler)"
154.54.249.216 - - [10/Mar/2025:10:43:19 +0100] "GET /bip/index.php/ogloszenia/170-ogloszenie-o-sprzedazy-samochodu-iveco-35s18-daily-dpl-71sh HTTP/1.1" 200 15498 "" "Mozilla/5.0 (compatible; Barkrowler/0.9; +https://babbar.tech/crawler)"
217.113.194.216 - - [10/Mar/2025:10:43:32 +0100] "GET /pgm/index.php?rest_route=%2Foembed%2F1.0%2Fembed&url=https%3A%2F%2Fpgm-polkowice.com.pl%2F%3Fpage_id%3D2143 HTTP/1.1" 200 2254 "" "Mozilla/5.0 (compatible; Barkrowler/0.9; +https://babbar.tech/crawler)"
217.113.194.219 - - [10/Mar/2025:10:43:35 +0100] "GET /bip/index.php/ogloszenia/29-ponowna-sprzedaz-przyczepa-rolnicza-ars-150-lcy3000-2 HTTP/1.1" 200 12646 "" "Mozilla/5.0 (compatible; Barkrowler/0.9; +https://babbar.tech/crawler)"
154.54.249.216 - - [10/Mar/2025:10:43:47 +0100] "GET /pgm/index.php?rest_route=%2Foembed%2F1.0%2Fembed&url=https%3A%2F%2Fpgm-polkowice.com.pl%2F%3Fp%3D590&format=xml HTTP/1.1" 200 2415 "" "Mozilla/5.0 (compatible; Barkrowler/0.9; +https://babbar.tech/crawler)"
217.113.194.218 - - [10/Mar/2025:10:43:50 +0100] "GET /bip/index.php/ogloszenia/109-ogloszenie-o-sprzedazy-ciagnika-rolniczego-deutz-fahr?tmpl=component&print=1 HTTP/1.1" 200 6293 "" "Mozilla/5.0 (compatible; Barkrowler/0.9; +https://babbar.tech/crawler)"
217.113.194.212 - - [10/Mar/2025:10:44:02 +0100] "GET /pgm/index.php?rest_route=%2Foembed%2F1.0%2Fembed&url=https%3A%2F%2Fpgm-polkowice.com.pl%2F%3Fp%3D594&format=xml HTTP/1.1" 200 2445 "" "Mozilla/5.0 (compatible; Barkrowler/0.9; +https://babbar.tech/crawler)"
217.113.194.219 - - [10/Mar/2025:10:44:05 +0100] "GET /bip/index.php/ogloszenia/44-nowe-ponowna-sprzedaz-przyczepa-rolnicza-ars-150-lcy3000 HTTP/1.1" 200 12666 "" "Mozilla/5.0 (compatible; Barkrowler/0.9; +https://babbar.tech/crawler)"
66.249.79.204 - - [10/Mar/2025:10:44:16 +0100] "GET /bip/images/Przetargi/2024/kwota18_24.pdf HTTP/1.1" 200 265423 "" "Mozilla/5.0 (Linux; Android 6.0.1; Nexus 5X Build/MMB29P) AppleWebKit/537.36 (KHTML, like Gecko) Chrome/133.0.6943.53 Mobile Safari/537.36 (compatible; GoogleOther)"
217.113.194.217 - - [10/Mar/2025:10:44:18 +0100] "GET /pgm/index.php?rest_route=%2Foembed%2F1.0%2Fembed&url=https%3A%2F%2Fpgm-polkowice.com.pl%2F%3Fp%3D596&format=xml HTTP/1.1" 200 2424 "" "Mozilla/5.0 (compatible; Barkrowler/0.9; +https://babbar.tech/crawler)"
217.113.194.215 - - [10/Mar/2025:10:44:20 +0100] "GET /bip/index.php/zapytania/157-zapytanie-ofertowe-nr-44-zo-2024-dostawa-artykulow-biurowych HTTP/1.1" 200 12446 "" "Mozilla/5.0 (compatible; Barkrowler/0.9; +https://babbar.tech/crawler)"
217.113.194.215 - - [10/Mar/2025:10:44:33 +0100] "GET /pgm/index.php?rest_route=%2Foembed%2F1.0%2Fembed&url=https%3A%2F%2Fpgm-polkowice.com.pl%2F%3Fp%3D1147&format=xml HTTP/1.1" 200 2579 "" "Mozilla/5.0 (compatible; Barkrowler/0.9; +https://babbar.tech/crawler)"
217.113.194.221 - - [10/Mar/2025:10:44:36 +0100] "GET /bip/index.php/ogloszenia/43-noew-ponowna-sprzedaz-wirowki-dekantacyjnej-aldec40?tmpl=component&print=1 HTTP/1.1" 200 3518 "" "Mozilla/5.0 (compatible; Barkrowler/0.9; +https://babbar.tech/crawler)"
217.113.194.219 - - [10/Mar/2025:10:44:48 +0100] "GET /pgm/index.php?rest_route=%2Foembed%2F1.0%2Fembed&url=https%3A%2F%2Fpgm-polkowice.com.pl%2F%3Fp%3D1136&format=xml HTTP/1.1" 200 2694 "" "Mozilla/5.0 (compatible; Barkrowler/0.9; +https://babbar.tech/crawler)"
217.113.194.216 - - [10/Mar/2025:10:44:51 +0100] "GET /bip/index.php/przetargi/105-nr-sprawy-8-2023-odbior-i-zagospodarowanie-osadow-sciekowych?tmpl=component&print=1 HTTP/1.1" 200 3652 "" "Mozilla/5.0 (compatible; Barkrowler/0.9; +https://babbar.tech/crawler)"
217.113.194.218 - - [10/Mar/2025:10:45:04 +0100] "GET /pgm/index.php?rest_route=%2Foembed%2F1.0%2Fembed&url=https%3A%2F%2Fpgm-polkowice.com.pl%2F%3Fpage_id%3D12&format=xml HTTP/1.1" 200 2464 "" "Mozilla/5.0 (compatible; Barkrowler/0.9; +https://babbar.tech/crawler)"
217.113.194.218 - - [10/Mar/2025:10:45:06 +0100] "GET /bip/index.php/ogloszenia/30-ponowna-sprzedaz-samochod-specjalny-jelcz-p422k-dpl-u944-2 HTTP/1.1" 200 12648 "" "Mozilla/5.0 (compatible; Barkrowler/0.9; +https://babbar.tech/crawler)"
217.113.194.218 - - [10/Mar/2025:10:45:19 +0100] "GET /pgm/index.php?rest_route=%2Foembed%2F1.0%2Fembed&url=https%3A%2F%2Fpgm-polkowice.com.pl%2F%3Fpage_id%3D1430&format=xml HTTP/1.1" 200 2399 "" "Mozilla/5.0 (compatible; Barkrowler/0.9; +https://babbar.tech/crawler)"
217.113.194.214 - - [10/Mar/2025:10:45:22 +0100] "GET /bip/index.php/ogloszenia/42-nowe-ponowna-sprzedaz-samochod-specjalny-jelcz-p422k-dpl-u944 HTTP/1.1" 200 12688 "" "Mozilla/5.0 (compatible; Barkrowler/0.9; +https://babbar.tech/crawler)"
217.113.194.220 - - [10/Mar/2025:10:45:34 +0100] "GET /pgm/index.php?rest_route=%2Foembed%2F1.0%2Fembed&url=https%3A%2F%2Fpgm-polkowice.com.pl%2F%3Fpage_id%3D1443&format=xml HTTP/1.1" 200 2429 "" "Mozilla/5.0 (compatible; Barkrowler/0.9; +https://babbar.tech/crawler)"
217.113.194.218 - - [10/Mar/2025:10:45:37 +0100] "GET /bip/index.php/przetargi/64-zakup-wielofunkcyjnego-sprzetu-na-potrzeby-dzialu-uslug-komunalnych HTTP/1.1" 200 13246 "" "Mozilla/5.0 (compatible; Barkrowler/0.9; +https://babbar.tech/crawler)"
217.113.194.216 - - [10/Mar/2025:10:45:49 +0100] "GET /pgm/index.php?rest_route=%2Foembed%2F1.0%2Fembed&url=https%3A%2F%2Fpgm-polkowice.com.pl%2F%3Fpage_id%3D1630&format=xml HTTP/1.1" 200 2465 "" "Mozilla/5.0 (compatible; Barkrowler/0.9; +https://babbar.tech/crawler)"
217.113.194.215 - - [10/Mar/2025:10:45:52 +0100] "GET /bip/index.php/przetargi/45-nr-sprawy-1-2021-odbior-i-zagospodarowanie-odpadow-w-podziale-na-dwa-zadania HTTP/1.1" 200 14123 "" "Mozilla/5.0 (compatible; Barkrowler/0.9; +https://babbar.tech/crawler)"
217.113.194.219 - - [10/Mar/2025:10:46:05 +0100] "GET /pgm/index.php?rest_route=%2Foembed%2F1.0%2Fembed&url=https%3A%2F%2Fpgm-polkowice.com.pl%2F%3Fpage_id%3D1335&format=xml HTTP/1.1" 200 2471 "" "Mozilla/5.0 (compatible; Barkrowler/0.9; +https://babbar.tech/crawler)"
217.113.194.218 - - [10/Mar/2025:10:46:08 +0100] "GET /bip/index.php/przetargi/66-zakup-wielofunkcyjnego-sprzetu-na-potrzeby-dzialu-uslug-komunalnych-2 HTTP/1.1" 200 13266 "" "Mozilla/5.0 (compatible; Barkrowler/0.9; +https://babbar.tech/crawler)"
217.113.194.212 - - [10/Mar/2025:10:46:20 +0100] "GET /pgm/index.php?rest_route=%2Foembed%2F1.0%2Fembed&url=https%3A%2F%2Fpgm-polkowice.com.pl%2F%3Fpage_id%3D1257&format=xml HTTP/1.1" 200 2441 "" "Mozilla/5.0 (compatible; Barkrowler/0.9; +https://babbar.tech/crawler)"
217.113.194.212 - - [10/Mar/2025:10:46:23 +0100] "GET /bip/index.php/przetargi/88-nr-sprawy-17-2022-dostawa-sprzetu-koszacego-z-podzialem-na-dwa-zadania HTTP/1.1" 200 13091 "" "Mozilla/5.0 (compatible; Barkrowler/0.9; +https://babbar.tech/crawler)"
217.113.194.216 - - [10/Mar/2025:10:46:35 +0100] "GET /pgm/index.php?rest_route=%2Foembed%2F1.0%2Fembed&url=https%3A%2F%2Fpgm-polkowice.com.pl%2F%3Fpage_id%3D1311&format=xml HTTP/1.1" 200 2423 "" "Mozilla/5.0 (compatible; Barkrowler/0.9; +https://babbar.tech/crawler)"
217.113.194.216 - - [10/Mar/2025:10:46:38 +0100] "GET /bip/index.php/przetargi/36-nr-spr-19-2020-dostawa-flokulantow-na-oczyszczalnie-sciekow-w-polkowicach HTTP/1.1" 200 12753 "" "Mozilla/5.0 (compatible; Barkrowler/0.9; +https://babbar.tech/crawler)"
217.113.194.220 - - [10/Mar/2025:10:46:51 +0100] "GET /pgm/index.php?rest_route=%2Foembed%2F1.0%2Fembed&url=https%3A%2F%2Fpgm-polkowice.com.pl%2F%3Fpage_id%3D1268&format=xml HTTP/1.1" 200 2402 "" "Mozilla/5.0 (compatible; Barkrowler/0.9; +https://babbar.tech/crawler)"
154.54.249.216 - - [10/Mar/2025:10:46:53 +0100] "GET /bip/index.php/przetargi/75-budowa-sieci-cieplowniczej-zasilajacej-nowe-polkowice-nr-spr-8-2022 HTTP/1.1" 200 14219 "" "Mozilla/5.0 (compatible; Barkrowler/0.9; +https://babbar.tech/crawler)"
217.113.194.219 - - [10/Mar/2025:10:47:06 +0100] "GET /pgm/index.php?rest_route=%2Foembed%2F1.0%2Fembed&url=https%3A%2F%2Fpgm-polkowice.com.pl%2F%3Fpage_id%3D1330&format=xml HTTP/1.1" 200 2450 "" "Mozilla/5.0 (compatible; Barkrowler/0.9; +https://babbar.tech/crawler)"
47.82.9.27 - - [10/Mar/2025:10:47:06 +0100] "GET /pgm/ HTTP/1.1" 200 128675 "http://pgm-polkowice.com.pl" "Mozilla/5.0 (Windows NT 10.0; Win64; x64) AppleWebKit/537.36 (KHTML, like Gecko) Chrome/114.0.0.0 Safari/537.36 Edg/114.0.1823.43"
217.113.194.220 - - [10/Mar/2025:10:47:08 +0100] "GET /bip/index.php/kontrole/13-2021/91-oczyszczalnia-sciekow-w-polkowicach-gospodarka-sciekowa-gospodarka-odpadami HTTP/1.1" 200 13791 "" "Mozilla/5.0 (compatible; Barkrowler/0.9; +https://babbar.tech/crawler)"
217.113.194.215 - - [10/Mar/2025:10:47:21 +0100] "GET /pgm/index.php?rest_route=%2Foembed%2F1.0%2Fembed&url=https%3A%2F%2Fpgm-polkowice.com.pl%2F%3Fpage_id%3D1976&format=xml HTTP/1.1" 200 2411 "" "Mozilla/5.0 (compatible; Barkrowler/0.9; +https://babbar.tech/crawler)"
217.113.194.215 - - [10/Mar/2025:10:47:24 +0100] "GET /bip/index.php/przetargi/107-nr-sprawy-10-2023-dostawa-flokulantow-na-oczyszczalnie-sciekow-w-polkowicach HTTP/1.1" 200 12930 "" "Mozilla/5.0 (compatible; Barkrowler/0.9; +https://babbar.tech/crawler)"
212.90.148.13 - - [10/Mar/2025:10:47:33 +0100] "GET /pgm/wp-login.php HTTP/1.1" 200 9896 "" "GRequests/0.10"
212.90.148.13 - - [10/Mar/2025:10:47:33 +0100] "POST /pgm/wp-login.php HTTP/1.1" 200 10379 "" "GRequests/0.10"
217.113.194.214 - - [10/Mar/2025:10:47:36 +0100] "GET /pgm/index.php?rest_route=%2Foembed%2F1.0%2Fembed&url=https%3A%2F%2Fpgm-polkowice.com.pl%2F%3Fpage_id%3D1441&format=xml HTTP/1.1" 200 2429 "" "Mozilla/5.0 (compatible; Barkrowler/0.9; +https://babbar.tech/crawler)"
154.54.249.216 - - [10/Mar/2025:10:47:39 +0100] "GET /bip/index.php/przetargi/76-dostawa-materialow-i-armatury-na-potrzeby-zakladu-wodociagow-i-kanalizacji-nr-spr-9-2022 HTTP/1.1" 200 13180 "" "Mozilla/5.0 (compatible; Barkrowler/0.9; +https://babbar.tech/crawler)"
217.113.194.218 - - [10/Mar/2025:10:47:52 +0100] "GET /pgm/index.php?rest_route=%2Foembed%2F1.0%2Fembed&url=https%3A%2F%2Fpgm-polkowice.com.pl%2F%3Fpage_id%3D1371&format=xml HTTP/1.1" 200 2474 "" "Mozilla/5.0 (compatible; Barkrowler/0.9; +https://babbar.tech/crawler)"
217.113.194.212 - - [10/Mar/2025:10:47:54 +0100] "GET /bip/index.php/przetargi/104-nr-sprawy-7-2023-dostawa-flokulantow-na-oczyszczalnie-sciekow-w-polkowicach HTTP/1.1" 200 13186 "" "Mozilla/5.0 (compatible; Barkrowler/0.9; +https://babbar.tech/crawler)"
217.113.194.216 - - [10/Mar/2025:10:48:07 +0100] "GET /pgm/index.php?rest_route=%2Foembed%2F1.0%2Fembed&url=https%3A%2F%2Fpgm-polkowice.com.pl%2F%3Fpage_id%3D1654&format=xml HTTP/1.1" 200 2390 "" "Mozilla/5.0 (compatible; Barkrowler/0.9; +https://babbar.tech/crawler)"
217.113.194.218 - - [10/Mar/2025:10:48:10 +0100] "GET /bip/index.php/przetargi/87-nr-sprawy-15-2022-dostawa-zamiatarki-chodnikowej-z-mozliwoscia-pracy-calorocznej HTTP/1.1" 200 13105 "" "Mozilla/5.0 (compatible; Barkrowler/0.9; +https://babbar.tech/crawler)"
217.113.194.216 - - [10/Mar/2025:10:48:23 +0100] "GET /pgm/index.php?rest_route=%2Foembed%2F1.0%2Fembed&url=https%3A%2F%2Fpgm-polkowice.com.pl%2F%3Fpage_id%3D1626&format=xml HTTP/1.1" 200 2438 "" "Mozilla/5.0 (compatible; Barkrowler/0.9; +https://babbar.tech/crawler)"
154.54.249.216 - - [10/Mar/2025:10:48:25 +0100] "GET /bip/index.php/przetargi/28-nr-spr-17-2020-dostawa-paliw-plynnych-oraz-dodatku-do-oleju-napedowego-adblue HTTP/1.1" 200 12721 "" "Mozilla/5.0 (compatible; Barkrowler/0.9; +https://babbar.tech/crawler)"
217.113.194.212 - - [10/Mar/2025:10:48:38 +0100] "GET /pgm/index.php?rest_route=%2Foembed%2F1.0%2Fembed&url=https%3A%2F%2Fpgm-polkowice.com.pl%2F%3Fpage_id%3D1597&format=xml HTTP/1.1" 200 2510 "" "Mozilla/5.0 (compatible; Barkrowler/0.9; +https://babbar.tech/crawler)"
217.113.194.216 - - [10/Mar/2025:10:48:42 +0100] "GET /bip/index.php/przetargi/55-nr-sprawy-9-2021-dostawa-materialow-i-armatury-na-potrzeby-zakladu-wodociagow-i-kanalizacji HTTP/1.1" 200 12577 "" "Mozilla/5.0 (compatible; Barkrowler/0.9; +https://babbar.tech/crawler)"
217.113.194.218 - - [10/Mar/2025:10:48:53 +0100] "GET /pgm/index.php?rest_route=%2Foembed%2F1.0%2Fembed&url=https%3A%2F%2Fpgm-polkowice.com.pl%2F%3Fpage_id%3D1436&format=xml HTTP/1.1" 200 2405 "" "Mozilla/5.0 (compatible; Barkrowler/0.9; +https://babbar.tech/crawler)"
217.113.194.221 - - [10/Mar/2025:10:48:57 +0100] "GET /bip/index.php/przetargi/52-nr-sprawy-6-2021-dostawa-materialow-i-armatury-na-potrzeby-zakladu-wodociagow-i-kanalizacji HTTP/1.1" 200 13439 "" "Mozilla/5.0 (compatible; Barkrowler/0.9; +https://babbar.tech/crawler)"
217.113.194.220 - - [10/Mar/2025:10:49:08 +0100] "GET /pgm/index.php?rest_route=%2Foembed%2F1.0%2Fembed&url=https%3A%2F%2Fpgm-polkowice.com.pl%2F%3Fpage_id%3D1854&format=xml HTTP/1.1" 200 2528 "" "Mozilla/5.0 (compatible; Barkrowler/0.9; +https://babbar.tech/crawler)"
217.113.194.216 - - [10/Mar/2025:10:49:12 +0100] "GET /bip/index.php/przetargi/112-nr-sprawy-12-2023-dostawa-paliw-plynnych-oraz-dodatku-do-oleju-napedowego-adblue HTTP/1.1" 200 13077 "" "Mozilla/5.0 (compatible; Barkrowler/0.9; +https://babbar.tech/crawler)"
217.113.194.212 - - [10/Mar/2025:10:49:24 +0100] "GET /pgm/index.php?rest_route=%2Foembed%2F1.0%2Fembed&url=https%3A%2F%2Fpgm-polkowice.com.pl%2F%3Fpage_id%3D1439&format=xml HTTP/1.1" 200 2468 "" "Mozilla/5.0 (compatible; Barkrowler/0.9; +https://babbar.tech/crawler)"
217.113.194.219 - - [10/Mar/2025:10:49:27 +0100] "GET /bip/index.php/przetargi/17-rozbudowa-sieci-wodociagowej-i-kanalizacji-sanitarnej-w-ul-nagietkowej-w-polkowicach HTTP/1.1" 200 13194 "" "Mozilla/5.0 (compatible; Barkrowler/0.9; +https://babbar.tech/crawler)"
91.209.149.25 - - [10/Mar/2025:10:49:32 +0100] "GET /pgm/ HTTP/1.1" 200 128749 "https://www.bing.com/" "Mozilla/5.0 (Windows NT 10.0; Win64; x64) AppleWebKit/537.36 (KHTML, like Gecko) Chrome/134.0.0.0 Safari/537.36 Edg/134.0.0.0"
91.209.149.25 - - [10/Mar/2025:10:49:32 +0100] "GET /pgm/wp-content/plugins/ditty-news-ticker/legacy/inc/static/libs/fontastic/styles.css?ver=3.0.27 HTTP/1.1" 200 5153 "https://pgm-polkowice.com.pl/" "Mozilla/5.0 (Windows NT 10.0; Win64; x64) AppleWebKit/537.36 (KHTML, like Gecko) Chrome/134.0.0.0 Safari/537.36 Edg/134.0.0.0"
91.209.149.25 - - [10/Mar/2025:10:49:32 +0100] "GET /pgm/wp-content/plugins/ditty-news-ticker/legacy/inc/static/css/style.css?ver=3.0.27 HTTP/1.1" 200 9848 "https://pgm-polkowice.com.pl/" "Mozilla/5.0 (Windows NT 10.0; Win64; x64) AppleWebKit/537.36 (KHTML, like Gecko) Chrome/134.0.0.0 Safari/537.36 Edg/134.0.0.0"
91.209.149.25 - - [10/Mar/2025:10:49:32 +0100] "GET /pgm/wp-content/plugins/ditty-news-ticker/includes/css/ditty.css?ver=3.0.27 HTTP/1.1" 200 55876 "https://pgm-polkowice.com.pl/" "Mozilla/5.0 (Windows NT 10.0; Win64; x64) AppleWebKit/537.36 (KHTML, like Gecko) Chrome/134.0.0.0 Safari/537.36 Edg/134.0.0.0"
91.209.149.25 - - [10/Mar/2025:10:49:32 +0100] "GET /pgm/wp-content/uploads/fusion-styles/9687d07d92b2d0987912a587907d5dd1.min.css?ver=3.2.1 HTTP/1.1" 200 1156269 "https://pgm-polkowice.com.pl/" "Mozilla/5.0 (Windows NT 10.0; Win64; x64) AppleWebKit/537.36 (KHTML, like Gecko) Chrome/134.0.0.0 Safari/537.36 Edg/134.0.0.0"
91.209.149.25 - - [10/Mar/2025:10:49:32 +0100] "GET /pgm/wp-includes/js/jquery/jquery.min.js?ver=3.7.1 HTTP/1.1" 200 87553 "https://pgm-polkowice.com.pl/" "Mozilla/5.0 (Windows NT 10.0; Win64; x64) AppleWebKit/537.36 (KHTML, like Gecko) Chrome/134.0.0.0 Safari/537.36 Edg/134.0.0.0"
91.209.149.25 - - [10/Mar/2025:10:49:32 +0100] "GET /pgm/wp-includes/js/jquery/jquery-migrate.min.js?ver=3.4.1 HTTP/1.1" 200 13577 "https://pgm-polkowice.com.pl/" "Mozilla/5.0 (Windows NT 10.0; Win64; x64) AppleWebKit/537.36 (KHTML, like Gecko) Chrome/134.0.0.0 Safari/537.36 Edg/134.0.0.0"
91.209.149.25 - - [10/Mar/2025:10:49:32 +0100] "GET /pgm/wp-content/uploads/2020/11/logo-pgm-1.png HTTP/1.1" 200 34749 "https://pgm-polkowice.com.pl/" "Mozilla/5.0 (Windows NT 10.0; Win64; x64) AppleWebKit/537.36 (KHTML, like Gecko) Chrome/134.0.0.0 Safari/537.36 Edg/134.0.0.0"
91.209.149.25 - - [10/Mar/2025:10:49:32 +0100] "GET /pgm/wp-content/uploads/2020/11/logo-1x.png HTTP/1.1" 200 8723 "https://pgm-polkowice.com.pl/" "Mozilla/5.0 (Windows NT 10.0; Win64; x64) AppleWebKit/537.36 (KHTML, like Gecko) Chrome/134.0.0.0 Safari/537.36 Edg/134.0.0.0"
91.209.149.25 - - [10/Mar/2025:10:49:32 +0100] "GET /pgm/wp-content/uploads/2020/10/cieplo.jpg HTTP/1.1" 200 47620 "https://pgm-polkowice.com.pl/" "Mozilla/5.0 (Windows NT 10.0; Win64; x64) AppleWebKit/537.36 (KHTML, like Gecko) Chrome/134.0.0.0 Safari/537.36 Edg/134.0.0.0"
91.209.149.25 - - [10/Mar/2025:10:49:32 +0100] "GET /pgm/wp-content/uploads/2020/11/cieplownictwo1.jpg HTTP/1.1" 200 25237 "https://pgm-polkowice.com.pl/" "Mozilla/5.0 (Windows NT 10.0; Win64; x64) AppleWebKit/537.36 (KHTML, like Gecko) Chrome/134.0.0.0 Safari/537.36 Edg/134.0.0.0"
91.209.149.25 - - [10/Mar/2025:10:49:32 +0100] "GET /pgm/wp-content/uploads/2020/11/zielen1.jpg HTTP/1.1" 200 49321 "https://pgm-polkowice.com.pl/" "Mozilla/5.0 (Windows NT 10.0; Win64; x64) AppleWebKit/537.36 (KHTML, like Gecko) Chrome/134.0.0.0 Safari/537.36 Edg/134.0.0.0"
91.209.149.25 - - [10/Mar/2025:10:49:32 +0100] "GET /pgm/wp-includes/css/dist/block-library/style.min.css?ver=6.7.2 HTTP/1.1" 200 114706 "https://pgm-polkowice.com.pl/" "Mozilla/5.0 (Windows NT 10.0; Win64; x64) AppleWebKit/537.36 (KHTML, like Gecko) Chrome/134.0.0.0 Safari/537.36 Edg/134.0.0.0"
91.209.149.25 - - [10/Mar/2025:10:49:32 +0100] "GET /pgm/wp-includes/js/dist/vendor/wp-polyfill.min.js?ver=3.15.0 HTTP/1.1" 200 37931 "https://pgm-polkowice.com.pl/" "Mozilla/5.0 (Windows NT 10.0; Win64; x64) AppleWebKit/537.36 (KHTML, like Gecko) Chrome/134.0.0.0 Safari/537.36 Edg/134.0.0.0"
91.209.149.25 - - [10/Mar/2025:10:49:32 +0100] "GET /pgm/wp-content/plugins/contact-form-7/includes/js/index.js?ver=5.6.2 HTTP/1.1" 200 21905 "https://pgm-polkowice.com.pl/" "Mozilla/5.0 (Windows NT 10.0; Win64; x64) AppleWebKit/537.36 (KHTML, like Gecko) Chrome/134.0.0.0 Safari/537.36 Edg/134.0.0.0"
91.209.149.25 - - [10/Mar/2025:10:49:32 +0100] "GET /pgm/wp-content/plugins/ditty-news-ticker/legacy/inc/static/js/swiped-events.min.js?ver=1.1.4 HTTP/1.1" 200 1768 "https://pgm-polkowice.com.pl/" "Mozilla/5.0 (Windows NT 10.0; Win64; x64) AppleWebKit/537.36 (KHTML, like Gecko) Chrome/134.0.0.0 Safari/537.36 Edg/134.0.0.0"
91.209.149.25 - - [10/Mar/2025:10:49:32 +0100] "GET /pgm/wp-includes/js/imagesloaded.min.js?ver=5.0.0 HTTP/1.1" 200 5520 "https://pgm-polkowice.com.pl/" "Mozilla/5.0 (Windows NT 10.0; Win64; x64) AppleWebKit/537.36 (KHTML, like Gecko) Chrome/134.0.0.0 Safari/537.36 Edg/134.0.0.0"
91.209.149.25 - - [10/Mar/2025:10:49:32 +0100] "GET /pgm/wp-includes/js/jquery/ui/effect.min.js?ver=1.13.3 HTTP/1.1" 200 10332 "https://pgm-polkowice.com.pl/" "Mozilla/5.0 (Windows NT 10.0; Win64; x64) AppleWebKit/537.36 (KHTML, like Gecko) Chrome/134.0.0.0 Safari/537.36 Edg/134.0.0.0"
91.209.149.25 - - [10/Mar/2025:10:49:32 +0100] "GET /pgm/wp-content/plugins/ditty-news-ticker/legacy/inc/static/js/ditty-news-ticker.min.js?ver=3.0.27 HTTP/1.1" 200 13867 "https://pgm-polkowice.com.pl/" "Mozilla/5.0 (Windows NT 10.0; Win64; x64) AppleWebKit/537.36 (KHTML, like Gecko) Chrome/134.0.0.0 Safari/537.36 Edg/134.0.0.0"
91.209.149.25 - - [10/Mar/2025:10:49:32 +0100] "GET /pgm/wp-content/plugins/contact-form-7/modules/recaptcha/index.js?ver=5.6.2 HTTP/1.1" 200 999 "https://pgm-polkowice.com.pl/" "Mozilla/5.0 (Windows NT 10.0; Win64; x64) AppleWebKit/537.36 (KHTML, like Gecko) Chrome/134.0.0.0 Safari/537.36 Edg/134.0.0.0"
91.209.149.25 - - [10/Mar/2025:10:49:32 +0100] "GET /pgm/wp-content/themes/Avada/includes/lib/assets/min/js/library/modernizr.js?ver=3.3.1 HTTP/1.1" 200 12991 "https://pgm-polkowice.com.pl/" "Mozilla/5.0 (Windows NT 10.0; Win64; x64) AppleWebKit/537.36 (KHTML, like Gecko) Chrome/134.0.0.0 Safari/537.36 Edg/134.0.0.0"
