209.141.32.35 - - [10/Mar/2025:04:28:30 +0100] "GET /pgm/wp-login.php HTTP/1.1" 200 9896 "https://pgm-polkowice.com.pl/login" "Mozilla/5.0 (Windows NT 10.0; Win64; x64) AppleWebKit/537.36 (KHTML, like Gecko) Chrome/58.0.3029.110 Safari/537.36"
209.141.32.35 - - [10/Mar/2025:04:28:36 +0100] "POST /pgm/wp-login.php HTTP/1.1" 200 10353 "https://pgm-polkowice.com.pl/login" "Mozilla/5.0 (Windows NT 10.0; Win64; x64) AppleWebKit/537.36 (KHTML, like Gecko) Chrome/58.0.3029.110 Safari/537.36"
85.90.246.159 - - [10/Mar/2025:04:28:37 +0100] "POST /vpnsvc/connect.cgi HTTP/1.1" 404 577 "" ""
209.141.61.26 - - [10/Mar/2025:04:28:55 +0100] "GET /pgm/wp-login.php HTTP/1.1" 200 9896 "https://pgm-polkowice.com.pl" "Mozilla/5.0 (Windows NT 10.0; Win64; x64) AppleWebKit/537.36 (KHTML, like Gecko) Chrome/58.0.3029.110 Safari/537.36"
209.141.61.26 - - [10/Mar/2025:04:29:01 +0100] "POST /pgm/wp-login.php HTTP/1.1" 200 10353 "https://pgm-polkowice.com.pl" "Mozilla/5.0 (Windows NT 10.0; Win64; x64) AppleWebKit/537.36 (KHTML, like Gecko) Chrome/58.0.3029.110 Safari/537.36"
66.249.79.101 - - [10/Mar/2025:04:30:10 +0100] "GET /bip/images/Przetargi/2025/0009 ZO 2025 OPIS PRZEDMIOTU ZAMÓWIENIA pop..pdf HTTP/1.1" 200 306498 "" "Mozilla/5.0 (Linux; Android 6.0.1; Nexus 5X Build/MMB29P) AppleWebKit/537.36 (KHTML, like Gecko) Chrome/133.0.6943.53 Mobile Safari/537.36 (compatible; GoogleOther)"
2.135.147.138 - - [10/Mar/2025:04:32:53 +0100] "GET /pgm/wp-login.php HTTP/1.1" 200 9896 "" "GRequests/0.10"
2.135.147.138 - - [10/Mar/2025:04:32:58 +0100] "POST /pgm/wp-login.php HTTP/1.1" 200 10381 "" "GRequests/0.10"
35.87.215.141 - - [10/Mar/2025:04:33:05 +0100] "GET /pgm/ HTTP/1.1" 200 125129 "" "Mozilla/5.0 (Macintosh; Intel Mac OS X 10_15_7) AppleWebKit/537.36 (KHTML, like Gecko) Chrome/122.0.0.0 Safari/537.36"
54.36.148.33 - - [10/Mar/2025:04:33:33 +0100] "GET /bip/index.php/ogloszenia/108-ciagnika-rolniczego-deutz-fahr HTTP/1.1" 200 15267 "" "Mozilla/5.0 (compatible; AhrefsBot/7.0; +http://ahrefs.com/robot/)"
209.141.61.26 - - [10/Mar/2025:04:33:55 +0100] "GET /pgm/wp-login.php HTTP/1.1" 200 9896 "https://pgm-polkowice.com.pl" "Mozilla/5.0 (Macintosh; Intel Mac OS X 10_12_6) AppleWebKit/537.36 (KHTML, like Gecko) Chrome/61.0.3163.100 Safari/537.36"
209.141.61.26 - - [10/Mar/2025:04:34:01 +0100] "POST /pgm/wp-login.php HTTP/1.1" 200 10359 "https://pgm-polkowice.com.pl" "Mozilla/5.0 (Macintosh; Intel Mac OS X 10_12_6) AppleWebKit/537.36 (KHTML, like Gecko) Chrome/61.0.3163.100 Safari/537.36"
66.249.79.101 - - [10/Mar/2025:04:38:02 +0100] "GET /bip/images/Przetargi/2025/10 ZO 2025 Umowa powierzenia przetwarzania danych osobowych.pdf HTTP/1.1" 200 1764603 "" "Mozilla/5.0 (Linux; Android 6.0.1; Nexus 5X Build/MMB29P) AppleWebKit/537.36 (KHTML, like Gecko) Chrome/133.0.6943.53 Mobile Safari/537.36 (compatible; GoogleOther)"
92.53.96.193 - - [10/Mar/2025:04:39:59 +0100] "GET /pgm/wp-login.php HTTP/1.1" 200 9896 "" "GRequests/0.10"
92.53.96.193 - - [10/Mar/2025:04:40:00 +0100] "POST /pgm/wp-login.php HTTP/1.1" 200 10379 "" "GRequests/0.10"
54.36.148.23 - - [10/Mar/2025:04:40:49 +0100] "GET /pgm/?page_id=1854 HTTP/1.1" 200 95636 "" "Mozilla/5.0 (compatible; AhrefsBot/7.0; +http://ahrefs.com/robot/)"
2.135.147.138 - - [10/Mar/2025:04:41:57 +0100] "GET /pgm/wp-login.php HTTP/1.1" 200 9896 "" "GRequests/0.10"
2.135.147.138 - - [10/Mar/2025:04:42:10 +0100] "POST /pgm/wp-login.php HTTP/1.1" 200 10375 "" "GRequests/0.10"
2.135.147.138 - - [10/Mar/2025:04:42:40 +0100] "GET /pgm/wp-login.php HTTP/1.1" 200 9896 "" "GRequests/0.10"
2.135.147.138 - - [10/Mar/2025:04:42:41 +0100] "POST /pgm/wp-login.php HTTP/1.1" 200 10377 "" "GRequests/0.10"
2.135.147.138 - - [10/Mar/2025:04:44:00 +0100] "GET /pgm/wp-login.php HTTP/1.1" 200 9896 "" "GRequests/0.10"
2.135.147.138 - - [10/Mar/2025:04:44:03 +0100] "POST /pgm/wp-login.php HTTP/1.1" 200 10371 "" "GRequests/0.10"
2.135.147.138 - - [10/Mar/2025:04:44:46 +0100] "GET /pgm/wp-login.php HTTP/1.1" 200 9896 "" "GRequests/0.10"
2.135.147.138 - - [10/Mar/2025:04:44:47 +0100] "POST /pgm/wp-login.php HTTP/1.1" 200 10377 "" "GRequests/0.10"
66.249.79.101 - - [10/Mar/2025:04:45:56 +0100] "GET /bip/images/Przetargi/2025/0009 ZO 2025 Zaproszenie do złozenia oferty.pdf HTTP/1.1" 200 6656122 "" "Mozilla/5.0 (Linux; Android 6.0.1; Nexus 5X Build/MMB29P) AppleWebKit/537.36 (KHTML, like Gecko) Chrome/133.0.6943.53 Mobile Safari/537.36 (compatible; GoogleOther)"
54.36.149.103 - - [10/Mar/2025:04:47:51 +0100] "GET /bip/index.php/organy-i-spolki HTTP/1.1" 200 13228 "" "Mozilla/5.0 (compatible; AhrefsBot/7.0; +http://ahrefs.com/robot/)"
40.77.167.10 - - [10/Mar/2025:04:48:49 +0100] "GET /pgm/?page_id=1268 HTTP/1.1" 200 95935 "" "Mozilla/5.0 AppleWebKit/537.36 (KHTML, like Gecko; compatible; bingbot/2.0; +http://www.bing.com/bingbot.htm) Chrome/116.0.1938.76 Safari/537.36"
89.161.186.149 - - [10/Mar/2025:04:50:58 +0100] "POST /pgm/wp-cron.php?doing_wp_cron=1741578658.6319549083709716796875 HTTP/1.1" 200 0 "" "WordPress/6.7.2; https://pgm-polkowice.com.pl"
209.141.37.11 - - [10/Mar/2025:04:50:59 +0100] "GET /pgm/ HTTP/1.1" 200 125129 "https://pgm-polkowice.com.pl" "Mozilla/5.0 (Macintosh; Intel Mac OS X 10_12_6) AppleWebKit/537.36 (KHTML, like Gecko) Chrome/61.0.3163.100 Safari/537.36"
209.141.37.11 - - [10/Mar/2025:04:51:01 +0100] "GET /pgm/wp-login.php HTTP/1.1" 200 9896 "https://pgm-polkowice.com.pl" "Mozilla/5.0 (Macintosh; Intel Mac OS X 10_12_6) AppleWebKit/537.36 (KHTML, like Gecko) Chrome/61.0.3163.100 Safari/537.36"
209.141.37.11 - - [10/Mar/2025:04:51:03 +0100] "GET /pgm/ HTTP/1.1" 200 125129 "https://pgm-polkowice.com.pl/login" "Mozilla/5.0 (Windows NT 10.0; Win64; x64) AppleWebKit/537.36 (KHTML, like Gecko) Chrome/58.0.3029.110 Safari/537.36"
209.141.37.11 - - [10/Mar/2025:04:51:05 +0100] "POST /pgm/wp-login.php HTTP/1.1" 200 10359 "https://pgm-polkowice.com.pl" "Mozilla/5.0 (Macintosh; Intel Mac OS X 10_12_6) AppleWebKit/537.36 (KHTML, like Gecko) Chrome/61.0.3163.100 Safari/537.36"
209.141.37.11 - - [10/Mar/2025:04:51:05 +0100] "GET /pgm/wp-login.php HTTP/1.1" 200 9896 "https://pgm-polkowice.com.pl/login" "Mozilla/5.0 (Windows NT 10.0; Win64; x64) AppleWebKit/537.36 (KHTML, like Gecko) Chrome/58.0.3029.110 Safari/537.36"
209.141.37.11 - - [10/Mar/2025:04:51:09 +0100] "POST /pgm/wp-login.php HTTP/1.1" 200 10361 "https://pgm-polkowice.com.pl/login" "Mozilla/5.0 (Windows NT 10.0; Win64; x64) AppleWebKit/537.36 (KHTML, like Gecko) Chrome/58.0.3029.110 Safari/537.36"
209.141.35.193 - - [10/Mar/2025:04:52:10 +0100] "GET /pgm/wp-login.php HTTP/1.1" 200 9896 "https://pgm-polkowice.com.pl/login" "Mozilla/5.0 (X11; Linux x86_64) AppleWebKit/537.36 (KHTML, like Gecko) Chrome/59.0.3071.115 Safari/537.36"
209.141.35.193 - - [10/Mar/2025:04:52:15 +0100] "POST /pgm/wp-login.php HTTP/1.1" 200 10353 "https://pgm-polkowice.com.pl/login" "Mozilla/5.0 (X11; Linux x86_64) AppleWebKit/537.36 (KHTML, like Gecko) Chrome/59.0.3071.115 Safari/537.36"
20.120.168.236 - - [10/Mar/2025:04:52:44 +0100] "POST /pgm/wp-login.php HTTP/1.1" 200 10338 "" "Mozilla/5.0 (Windows NT 10.0; Win64; x64; rv:88.0) Gecko/20100101 Firefox/88.0"
104.244.73.93 - - [10/Mar/2025:04:52:56 +0100] "GET /pgm/ HTTP/1.1" 200 125129 "https://pgm-polkowice.com.pl" "Mozilla/5.0 (Windows NT 6.1; WOW64; rv:54.0) Gecko/20100101 Firefox/54.0"
104.244.73.93 - - [10/Mar/2025:04:52:58 +0100] "GET /pgm/wp-login.php HTTP/1.1" 200 9896 "https://pgm-polkowice.com.pl" "Mozilla/5.0 (Windows NT 6.1; WOW64; rv:54.0) Gecko/20100101 Firefox/54.0"
104.244.73.93 - - [10/Mar/2025:04:53:00 +0100] "POST /pgm/wp-login.php HTTP/1.1" 200 10359 "https://pgm-polkowice.com.pl" "Mozilla/5.0 (Windows NT 6.1; WOW64; rv:54.0) Gecko/20100101 Firefox/54.0"
107.189.2.159 - - [10/Mar/2025:04:53:14 +0100] "GET /pgm/ HTTP/1.1" 200 125129 "https://pgm-polkowice.com.pl/login" "Mozilla/5.0 (Windows NT 6.1; WOW64; rv:54.0) Gecko/20100101 Firefox/54.0"
107.189.2.159 - - [10/Mar/2025:04:53:16 +0100] "GET /pgm/wp-login.php HTTP/1.1" 200 9896 "https://pgm-polkowice.com.pl/login" "Mozilla/5.0 (Windows NT 6.1; WOW64; rv:54.0) Gecko/20100101 Firefox/54.0"
209.141.61.26 - - [10/Mar/2025:04:53:17 +0100] "GET /pgm/wp-login.php HTTP/1.1" 200 9896 "https://pgm-polkowice.com.pl/login" "Mozilla/5.0 (Windows NT 6.1; WOW64; rv:54.0) Gecko/20100101 Firefox/54.0"
107.189.2.159 - - [10/Mar/2025:04:53:18 +0100] "POST /pgm/wp-login.php HTTP/1.1" 200 10361 "https://pgm-polkowice.com.pl/login" "Mozilla/5.0 (Windows NT 6.1; WOW64; rv:54.0) Gecko/20100101 Firefox/54.0"
209.141.61.26 - - [10/Mar/2025:04:53:22 +0100] "POST /pgm/wp-login.php HTTP/1.1" 200 10353 "https://pgm-polkowice.com.pl/login" "Mozilla/5.0 (Windows NT 6.1; WOW64; rv:54.0) Gecko/20100101 Firefox/54.0"
66.249.79.101 - - [10/Mar/2025:04:53:47 +0100] "GET /bip/images/Przetargi/Jędrzychów wynik postępowania.pdf HTTP/1.1" 200 1136428 "" "Mozilla/5.0 (Linux; Android 6.0.1; Nexus 5X Build/MMB29P) AppleWebKit/537.36 (KHTML, like Gecko) Chrome/133.0.6943.53 Mobile Safari/537.36 (compatible; GoogleOther)"
54.36.148.119 - - [10/Mar/2025:04:54:31 +0100] "GET /bip/index.php/zapytania/152-zapytanie-ofertowe-nr-42-zo-2024-realizacja-uslug-laboratoryjnych-w-zakresie-pobierania-probek-wykonywania-badan-laboratoryjnych-n-w-wody-przeznaczonej-do-spozycia-przez-ludzi-wody-surowej-popluczyn-suw-wod-opadowych-roztopowych-sciekow-osadow-sciekowych-odpadow HTTP/1.1" 200 14031 "" "Mozilla/5.0 (compatible; AhrefsBot/7.0; +http://ahrefs.com/robot/)"
107.189.2.159 - - [10/Mar/2025:04:54:59 +0100] "GET /pgm/ HTTP/1.1" 200 125129 "https://www.google.com" "Mozilla/5.0 (Macintosh; Intel Mac OS X 10_12_6) AppleWebKit/537.36 (KHTML, like Gecko) Chrome/61.0.3163.100 Safari/537.36"
107.189.2.159 - - [10/Mar/2025:04:55:00 +0100] "GET /pgm/wp-login.php HTTP/1.1" 200 9896 "https://www.google.com" "Mozilla/5.0 (Macintosh; Intel Mac OS X 10_12_6) AppleWebKit/537.36 (KHTML, like Gecko) Chrome/61.0.3163.100 Safari/537.36"
205.185.124.56 - - [10/Mar/2025:04:55:02 +0100] "GET /pgm/wp-login.php HTTP/1.1" 200 9896 "https://pgm-polkowice.com.pl" "Mozilla/5.0 (Macintosh; Intel Mac OS X 10_12_6) AppleWebKit/537.36 (KHTML, like Gecko) Chrome/61.0.3163.100 Safari/537.36"
107.189.2.159 - - [10/Mar/2025:04:55:04 +0100] "POST /pgm/wp-login.php HTTP/1.1" 200 10361 "https://www.google.com" "Mozilla/5.0 (Macintosh; Intel Mac OS X 10_12_6) AppleWebKit/537.36 (KHTML, like Gecko) Chrome/61.0.3163.100 Safari/537.36"
205.185.124.56 - - [10/Mar/2025:04:55:07 +0100] "POST /pgm/wp-login.php HTTP/1.1" 200 10359 "https://pgm-polkowice.com.pl" "Mozilla/5.0 (Macintosh; Intel Mac OS X 10_12_6) AppleWebKit/537.36 (KHTML, like Gecko) Chrome/61.0.3163.100 Safari/537.36"
66.249.68.37 - - [10/Mar/2025:04:55:26 +0100] "GET /pgm/wp-content/uploads/2022/01/Zawiadomienie-dotyczace-zmiany-Taryfy-na-cieplo-od-14.02.2022.pdf HTTP/1.1" 200 1038890 "" "Mozilla/5.0 AppleWebKit/537.36 (KHTML, like Gecko; compatible; GoogleOther) Chrome/133.0.6943.53 Safari/537.36"
66.249.68.37 - - [10/Mar/2025:04:55:29 +0100] "GET /pgm/wp-content/uploads/2023/04/Taryfa_PGM_21.04.2023.pdf HTTP/1.1" 200 1217757 "" "Mozilla/5.0 AppleWebKit/537.36 (KHTML, like Gecko; compatible; GoogleOther) Chrome/133.0.6943.53 Safari/537.36"
185.201.115.134 - - [10/Mar/2025:04:56:20 +0100] "GET /bip/index.php/przetargi HTTP/1.1" 200 13485 "" "Mozilla/5.0 (X11; Linux x86_64) AppleWebKit/537.36 (KHTML, like Gecko) Chrome/104.0.0.0 Safari/537.36"
54.36.148.35 - - [10/Mar/2025:05:00:31 +0100] "GET /bip/index.php/przetargi/14-nr-sprawy-9-2020budowa-i-przebudowa-sieci-wodociagowej-wraz-z-przylaczami-odcinek-od-wezla-w4-do-w-25-i-od-wezla-w10-do-wezla-w32-w-jedrzychowie?tmpl=component&print=1 HTTP/1.1" 200 4052 "" "Mozilla/5.0 (compatible; AhrefsBot/7.0; +http://ahrefs.com/robot/)"
66.249.79.103 - - [10/Mar/2025:05:01:37 +0100] "GET /bip/images/Przetargi/Ogłoszenie_o_wyniku_52022.pdf HTTP/1.1" 200 69704 "" "Mozilla/5.0 (Linux; Android 6.0.1; Nexus 5X Build/MMB29P) AppleWebKit/537.36 (KHTML, like Gecko) Chrome/133.0.6943.53 Mobile Safari/537.36 (compatible; GoogleOther)"
139.5.0.102 - - [10/Mar/2025:05:01:56 +0100] "POST /GponForm/diag_Form?images/ HTTP/1.1" 301 592 "" "Hello, World"
54.36.149.98 - - [10/Mar/2025:05:07:14 +0100] "GET /bip/index.php/przetargi/145-nr-sprawy-28-2024-budowa-systemu-automatyki-i-sterowania-stacji-uzdatniania-wody-i-ujeciami-wody-w-suchej-gornej-w-formule-zaprojektuj-i-wybuduj HTTP/1.1" 200 14229 "" "Mozilla/5.0 (compatible; AhrefsBot/7.0; +http://ahrefs.com/robot/)"
66.249.79.101 - - [10/Mar/2025:05:09:29 +0100] "GET /bip/images/Informacja_o_wyniku_postępowania_292024.pdf HTTP/1.1" 200 766083 "" "Mozilla/5.0 (Linux; Android 6.0.1; Nexus 5X Build/MMB29P) AppleWebKit/537.36 (KHTML, like Gecko) Chrome/133.0.6943.53 Mobile Safari/537.36 (compatible; GoogleOther)"
45.94.58.22 - - [10/Mar/2025:05:12:52 +0100] "GET /pgm/wp-login.php HTTP/1.1" 200 9896 "" "GRequests/0.10"
45.94.58.22 - - [10/Mar/2025:05:12:52 +0100] "POST /pgm/wp-login.php HTTP/1.1" 200 10371 "" "GRequests/0.10"
52.167.144.22 - - [10/Mar/2025:05:15:27 +0100] "GET /pgm/?page_id=1408 HTTP/1.1" 200 96011 "" "Mozilla/5.0 AppleWebKit/537.36 (KHTML, like Gecko; compatible; bingbot/2.0; +http://www.bing.com/bingbot.htm) Chrome/116.0.1938.76 Safari/537.36"
193.233.89.122 - - [10/Mar/2025:05:15:48 +0100] "GET /pgm/wp-login.php HTTP/1.1" 302 589 "" ""
205.185.115.150 - - [10/Mar/2025:05:16:57 +0100] "GET /pgm/ HTTP/1.1" 200 125129 "https://pgm-polkowice.com.pl/login" "Mozilla/5.0 (Windows NT 10.0; Win64; x64) AppleWebKit/537.36 (KHTML, like Gecko) Chrome/58.0.3029.110 Safari/537.36"
205.185.120.45 - - [10/Mar/2025:05:16:59 +0100] "GET /pgm/ HTTP/1.1" 200 125129 "https://pgm-polkowice.com.pl" "Mozilla/5.0 (Macintosh; Intel Mac OS X 10_12_6) AppleWebKit/537.36 (KHTML, like Gecko) Chrome/61.0.3163.100 Safari/537.36"
205.185.115.150 - - [10/Mar/2025:05:16:59 +0100] "GET /pgm/wp-login.php HTTP/1.1" 200 9896 "https://pgm-polkowice.com.pl/login" "Mozilla/5.0 (Windows NT 10.0; Win64; x64) AppleWebKit/537.36 (KHTML, like Gecko) Chrome/58.0.3029.110 Safari/537.36"
205.185.120.45 - - [10/Mar/2025:05:17:01 +0100] "GET /pgm/wp-login.php HTTP/1.1" 200 9896 "https://pgm-polkowice.com.pl" "Mozilla/5.0 (Macintosh; Intel Mac OS X 10_12_6) AppleWebKit/537.36 (KHTML, like Gecko) Chrome/61.0.3163.100 Safari/537.36"
205.185.115.150 - - [10/Mar/2025:05:17:03 +0100] "POST /pgm/wp-login.php HTTP/1.1" 200 10363 "https://pgm-polkowice.com.pl/login" "Mozilla/5.0 (Windows NT 10.0; Win64; x64) AppleWebKit/537.36 (KHTML, like Gecko) Chrome/58.0.3029.110 Safari/537.36"
205.185.120.45 - - [10/Mar/2025:05:17:06 +0100] "POST /pgm/wp-login.php HTTP/1.1" 200 10361 "https://pgm-polkowice.com.pl" "Mozilla/5.0 (Macintosh; Intel Mac OS X 10_12_6) AppleWebKit/537.36 (KHTML, like Gecko) Chrome/61.0.3163.100 Safari/537.36"
66.249.79.102 - - [10/Mar/2025:05:17:20 +0100] "GET /bip/images/Informacja_o_odrzuceniu_ofert_282024.pdf HTTP/1.1" 200 716187 "" "Mozilla/5.0 (Linux; Android 6.0.1; Nexus 5X Build/MMB29P) AppleWebKit/537.36 (KHTML, like Gecko) Chrome/133.0.6943.53 Mobile Safari/537.36 (compatible; GoogleOther)"
91.188.125.113 - - [10/Mar/2025:05:17:50 +0100] "GET /bip/index.php/ogloszenia HTTP/1.1" 200 13258 "" "Mozilla/5.0 (X11; Linux x86_64) AppleWebKit/537.36 (KHTML, like Gecko) Chrome/104.0.0.0 Safari/537.36"
205.185.120.45 - - [10/Mar/2025:05:18:57 +0100] "GET /pgm/ HTTP/1.1" 200 125129 "https://www.google.com" "Mozilla/5.0 (Windows NT 6.1; WOW64; rv:54.0) Gecko/20100101 Firefox/54.0"
205.185.120.45 - - [10/Mar/2025:05:18:58 +0100] "GET /pgm/wp-login.php HTTP/1.1" 200 9896 "https://www.google.com" "Mozilla/5.0 (Windows NT 6.1; WOW64; rv:54.0) Gecko/20100101 Firefox/54.0"
205.185.120.45 - - [10/Mar/2025:05:19:00 +0100] "POST /pgm/wp-login.php HTTP/1.1" 200 10353 "https://www.google.com" "Mozilla/5.0 (Windows NT 6.1; WOW64; rv:54.0) Gecko/20100101 Firefox/54.0"
107.189.29.183 - - [10/Mar/2025:05:19:02 +0100] "GET /pgm/wp-login.php HTTP/1.1" 200 9896 "https://www.google.com" "Mozilla/5.0 (Macintosh; Intel Mac OS X 10_12_6) AppleWebKit/537.36 (KHTML, like Gecko) Chrome/61.0.3163.100 Safari/537.36"
107.189.29.183 - - [10/Mar/2025:05:19:07 +0100] "POST /pgm/wp-login.php HTTP/1.1" 200 10361 "https://www.google.com" "Mozilla/5.0 (Macintosh; Intel Mac OS X 10_12_6) AppleWebKit/537.36 (KHTML, like Gecko) Chrome/61.0.3163.100 Safari/537.36"
54.36.148.232 - - [10/Mar/2025:05:19:18 +0100] "GET /bip/index.php/przetargi/120-nr-sprawy6-2024-bezwykopowa-renowacja-sieci-kanalizacji-sanitarnej-wraz-ze-studniami-w-ul-kolejowej-w-polkowicach HTTP/1.1" 200 13924 "" "Mozilla/5.0 (compatible; AhrefsBot/7.0; +http://ahrefs.com/robot/)"
104.244.73.93 - - [10/Mar/2025:05:19:40 +0100] "GET /pgm/ HTTP/1.1" 200 125129 "https://pgm-polkowice.com.pl" "Mozilla/5.0 (Macintosh; Intel Mac OS X 10_12_6) AppleWebKit/537.36 (KHTML, like Gecko) Chrome/61.0.3163.100 Safari/537.36"
104.244.73.93 - - [10/Mar/2025:05:19:41 +0100] "GET /pgm/wp-login.php HTTP/1.1" 200 9896 "https://pgm-polkowice.com.pl" "Mozilla/5.0 (Macintosh; Intel Mac OS X 10_12_6) AppleWebKit/537.36 (KHTML, like Gecko) Chrome/61.0.3163.100 Safari/537.36"
104.244.73.93 - - [10/Mar/2025:05:19:45 +0100] "POST /pgm/wp-login.php HTTP/1.1" 200 10359 "https://pgm-polkowice.com.pl" "Mozilla/5.0 (Macintosh; Intel Mac OS X 10_12_6) AppleWebKit/537.36 (KHTML, like Gecko) Chrome/61.0.3163.100 Safari/537.36"
209.141.35.193 - - [10/Mar/2025:05:21:11 +0100] "GET /pgm/wp-login.php HTTP/1.1" 200 9896 "https://pgm-polkowice.com.pl" "Mozilla/5.0 (Windows NT 10.0; Win64; x64) AppleWebKit/537.36 (KHTML, like Gecko) Chrome/58.0.3029.110 Safari/537.36"
209.141.35.193 - - [10/Mar/2025:05:21:16 +0100] "POST /pgm/wp-login.php HTTP/1.1" 200 10361 "https://pgm-polkowice.com.pl" "Mozilla/5.0 (Windows NT 10.0; Win64; x64) AppleWebKit/537.36 (KHTML, like Gecko) Chrome/58.0.3029.110 Safari/537.36"
47.128.50.84 - - [10/Mar/2025:05:21:58 +0100] "GET /pgm/robots.txt HTTP/1.1" 404 569 "" "Mozilla/5.0 (Linux; Android 5.0) AppleWebKit/537.36 (KHTML, like Gecko) Mobile Safari/537.36 (compatible; Bytespider; spider-feedback@bytedance.com)"
189.148.158.83 - - [10/Mar/2025:05:23:42 +0100] "GET /pgm/wp-login.php HTTP/1.1" 200 9896 "" "GRequests/0.10"
54.36.148.216 - - [10/Mar/2025:05:25:09 +0100] "GET /bip/index.php/ogloszenia/34-samochod-ford-transid-dpl68fs HTTP/1.1" 200 12392 "" "Mozilla/5.0 (compatible; AhrefsBot/7.0; +http://ahrefs.com/robot/)"
66.249.79.101 - - [10/Mar/2025:05:25:12 +0100] "GET /bip/images/Przetargi/2024/45ZO2024 Opis przedmiotu zamówienia.pdf HTTP/1.1" 200 281406 "" "Mozilla/5.0 (Linux; Android 6.0.1; Nexus 5X Build/MMB29P) AppleWebKit/537.36 (KHTML, like Gecko) Chrome/133.0.6943.53 Mobile Safari/537.36 (compatible; GoogleOther)"
66.249.68.35 - - [10/Mar/2025:05:25:27 +0100] "GET /pgm/wp-content/uploads/Zawiadomienie dotyczące zmiany Taryfy na ciepło od 10.08.2020.pdf HTTP/1.1" 200 634305 "" "Mozilla/5.0 AppleWebKit/537.36 (KHTML, like Gecko; compatible; GoogleOther) Chrome/133.0.6943.53 Safari/537.36"
66.249.68.35 - - [10/Mar/2025:05:25:28 +0100] "GET /pgm/wp-content/uploads/2022/01/Taryfa-dla-ciepla-KGHM-obowiazujaca-od-14.02.2022.pdf HTTP/1.1" 200 541584 "" "Mozilla/5.0 AppleWebKit/537.36 (KHTML, like Gecko; compatible; GoogleOther) Chrome/133.0.6943.53 Safari/537.36"
66.249.68.37 - - [10/Mar/2025:05:25:29 +0100] "GET /pgm/wp-content/uploads/2024/12/Informacja-o-cenach-i-stawkach-oplat-w-okresie-od-5-stycznia-do-31-grudnia-2025.pdf HTTP/1.1" 200 368820 "" "Mozilla/5.0 AppleWebKit/537.36 (KHTML, like Gecko; compatible; GoogleOther) Chrome/133.0.6943.53 Safari/537.36"
66.249.68.35 - - [10/Mar/2025:05:25:30 +0100] "GET /pgm/wp-content/uploads/2020/11/cennik-laporatorium.pdf HTTP/1.1" 200 573141 "" "Mozilla/5.0 AppleWebKit/537.36 (KHTML, like Gecko; compatible; GoogleOther) Chrome/133.0.6943.53 Safari/537.36"
47.128.127.110 - - [10/Mar/2025:05:29:59 +0100] "GET /pgm/robots.txt HTTP/1.1" 404 569 "" "Mozilla/5.0 (Linux; Android 5.0) AppleWebKit/537.36 (KHTML, like Gecko) Mobile Safari/537.36 (compatible; Bytespider; spider-feedback@bytedance.com)"
51.222.253.15 - - [10/Mar/2025:05:31:24 +0100] "GET /bip/robots.txt HTTP/1.1" 200 829 "" "Mozilla/5.0 (compatible; AhrefsBot/7.0; +http://ahrefs.com/robot/)"
54.36.148.40 - - [10/Mar/2025:05:31:25 +0100] "GET /bip/index.php/ogloszenia/82-ogloszenie-sprzedazy-posypywarka-solka HTTP/1.1" 200 15254 "" "Mozilla/5.0 (compatible; AhrefsBot/7.0; +http://ahrefs.com/robot/)"
66.249.68.36 - - [10/Mar/2025:05:33:04 +0100] "GET /pgm/wp-content/uploads/2024/12/Informacja-o-cenach-i-stawkach-oplat-w-okresie-od-5-stycznia-do-31-grudnia-2025.pdf HTTP/1.1" 200 368820 "" "Mozilla/5.0 (Linux; Android 6.0.1; Nexus 5X Build/MMB29P) AppleWebKit/537.36 (KHTML, like Gecko) Chrome/133.0.6943.53 Mobile Safari/537.36 (compatible; GoogleOther)"
54.36.148.36 - - [10/Mar/2025:05:36:03 +0100] "GET /bip/index.php/przetargi/132-nr-sprawy-15-2024-dostawa-samochodu-osobowego-z-napedem-elektrycznym HTTP/1.1" 200 13025 "" "Mozilla/5.0 (compatible; AhrefsBot/7.0; +http://ahrefs.com/robot/)"
47.128.114.232 - - [10/Mar/2025:05:37:59 +0100] "GET /pgm/robots.txt HTTP/1.1" 404 569 "" "Mozilla/5.0 (Linux; Android 5.0) AppleWebKit/537.36 (KHTML, like Gecko) Mobile Safari/537.36 (compatible; Bytespider; spider-feedback@bytedance.com)"
125.228.37.189 - - [10/Mar/2025:05:40:10 +0100] "GET / HTTP/1.1" 301 571 "" "curl/7.88.1"
54.36.148.107 - - [10/Mar/2025:05:40:40 +0100] "GET /bip/index.php/przetargi/28-nr-spr-17-2020-dostawa-paliw-plynnych-oraz-dodatku-do-oleju-napedowego-adblue HTTP/1.1" 200 12721 "" "Mozilla/5.0 (compatible; AhrefsBot/7.0; +http://ahrefs.com/robot/)"
66.249.79.103 - - [10/Mar/2025:05:40:56 +0100] "GET /bip/images/Przetargi/2024/Ogłoszenie o zamówieniu 11_2024.pdf HTTP/1.1" 200 1197018 "" "Mozilla/5.0 (Linux; Android 6.0.1; Nexus 5X Build/MMB29P) AppleWebKit/537.36 (KHTML, like Gecko) Chrome/133.0.6943.53 Mobile Safari/537.36 (compatible; GoogleOther)"
92.53.96.193 - - [10/Mar/2025:05:41:46 +0100] "GET /pgm/wp-login.php HTTP/1.1" 200 9896 "" "GRequests/0.10"
92.53.96.193 - - [10/Mar/2025:05:41:47 +0100] "POST /pgm/wp-login.php HTTP/1.1" 200 10375 "" "GRequests/0.10"
104.244.73.93 - - [10/Mar/2025:05:43:19 +0100] "GET /pgm/ HTTP/1.1" 200 125129 "https://pgm-polkowice.com.pl" "Mozilla/5.0 (Windows NT 6.1; WOW64; rv:54.0) Gecko/20100101 Firefox/54.0"
104.244.73.93 - - [10/Mar/2025:05:43:20 +0100] "GET /pgm/wp-login.php HTTP/1.1" 200 9896 "https://pgm-polkowice.com.pl" "Mozilla/5.0 (Windows NT 6.1; WOW64; rv:54.0) Gecko/20100101 Firefox/54.0"
146.190.143.138 - - [10/Mar/2025:05:43:23 +0100] "GET /.env HTTP/1.1" 404 563 "" "Mozilla/5.0 Keydrop"
104.244.73.93 - - [10/Mar/2025:05:43:24 +0100] "POST /pgm/wp-login.php HTTP/1.1" 200 10361 "https://pgm-polkowice.com.pl" "Mozilla/5.0 (Windows NT 6.1; WOW64; rv:54.0) Gecko/20100101 Firefox/54.0"
205.185.126.40 - - [10/Mar/2025:05:43:59 +0100] "GET /pgm/ HTTP/1.1" 200 125129 "https://www.google.com" "Mozilla/5.0 (Windows NT 10.0; Win64; x64) AppleWebKit/537.36 (KHTML, like Gecko) Chrome/58.0.3029.110 Safari/537.36"
205.185.126.40 - - [10/Mar/2025:05:44:00 +0100] "GET /pgm/wp-login.php HTTP/1.1" 200 9896 "https://www.google.com" "Mozilla/5.0 (Windows NT 10.0; Win64; x64) AppleWebKit/537.36 (KHTML, like Gecko) Chrome/58.0.3029.110 Safari/537.36"
205.185.126.40 - - [10/Mar/2025:05:44:04 +0100] "POST /pgm/wp-login.php HTTP/1.1" 200 10359 "https://www.google.com" "Mozilla/5.0 (Windows NT 10.0; Win64; x64) AppleWebKit/537.36 (KHTML, like Gecko) Chrome/58.0.3029.110 Safari/537.36"
209.141.37.11 - - [10/Mar/2025:05:44:51 +0100] "GET /pgm/ HTTP/1.1" 200 125129 "https://pgm-polkowice.com.pl" "Mozilla/5.0 (Macintosh; Intel Mac OS X 10_12_6) AppleWebKit/537.36 (KHTML, like Gecko) Chrome/61.0.3163.100 Safari/537.36"
209.141.37.11 - - [10/Mar/2025:05:44:53 +0100] "GET /pgm/wp-login.php HTTP/1.1" 200 9896 "https://pgm-polkowice.com.pl" "Mozilla/5.0 (Macintosh; Intel Mac OS X 10_12_6) AppleWebKit/537.36 (KHTML, like Gecko) Chrome/61.0.3163.100 Safari/537.36"
107.189.29.183 - - [10/Mar/2025:05:44:54 +0100] "GET /pgm/wp-login.php HTTP/1.1" 200 9896 "https://pgm-polkowice.com.pl" "Mozilla/5.0 (Windows NT 6.1; WOW64; rv:54.0) Gecko/20100101 Firefox/54.0"
209.141.37.11 - - [10/Mar/2025:05:44:57 +0100] "POST /pgm/wp-login.php HTTP/1.1" 200 10361 "https://pgm-polkowice.com.pl" "Mozilla/5.0 (Macintosh; Intel Mac OS X 10_12_6) AppleWebKit/537.36 (KHTML, like Gecko) Chrome/61.0.3163.100 Safari/537.36"
107.189.29.183 - - [10/Mar/2025:05:44:59 +0100] "POST /pgm/wp-login.php HTTP/1.1" 200 10359 "https://pgm-polkowice.com.pl" "Mozilla/5.0 (Windows NT 6.1; WOW64; rv:54.0) Gecko/20100101 Firefox/54.0"
209.141.37.11 - - [10/Mar/2025:05:45:23 +0100] "GET /pgm/ HTTP/1.1" 200 125129 "https://pgm-polkowice.com.pl/login" "Mozilla/5.0 (Windows NT 6.1; WOW64; rv:54.0) Gecko/20100101 Firefox/54.0"
209.141.37.11 - - [10/Mar/2025:05:45:24 +0100] "GET /pgm/wp-login.php HTTP/1.1" 200 9896 "https://pgm-polkowice.com.pl/login" "Mozilla/5.0 (Windows NT 6.1; WOW64; rv:54.0) Gecko/20100101 Firefox/54.0"
209.141.37.11 - - [10/Mar/2025:05:45:28 +0100] "POST /pgm/wp-login.php HTTP/1.1" 200 10363 "https://pgm-polkowice.com.pl/login" "Mozilla/5.0 (Windows NT 6.1; WOW64; rv:54.0) Gecko/20100101 Firefox/54.0"
209.141.35.193 - - [10/Mar/2025:05:46:40 +0100] "GET /pgm/wp-login.php HTTP/1.1" 200 9896 "https://www.google.com" "Mozilla/5.0 (Macintosh; Intel Mac OS X 10_12_6) AppleWebKit/537.36 (KHTML, like Gecko) Chrome/61.0.3163.100 Safari/537.36"
209.141.35.193 - - [10/Mar/2025:05:46:46 +0100] "POST /pgm/wp-login.php HTTP/1.1" 200 10363 "https://www.google.com" "Mozilla/5.0 (Macintosh; Intel Mac OS X 10_12_6) AppleWebKit/537.36 (KHTML, like Gecko) Chrome/61.0.3163.100 Safari/537.36"
107.189.2.159 - - [10/Mar/2025:05:47:01 +0100] "GET /pgm/ HTTP/1.1" 200 125129 "https://pgm-polkowice.com.pl" "Mozilla/5.0 (Windows NT 10.0; Win64; x64) AppleWebKit/537.36 (KHTML, like Gecko) Chrome/58.0.3029.110 Safari/537.36"
107.189.2.159 - - [10/Mar/2025:05:47:02 +0100] "GET /pgm/wp-login.php HTTP/1.1" 200 9896 "https://pgm-polkowice.com.pl" "Mozilla/5.0 (Windows NT 10.0; Win64; x64) AppleWebKit/537.36 (KHTML, like Gecko) Chrome/58.0.3029.110 Safari/537.36"
107.189.2.159 - - [10/Mar/2025:05:47:04 +0100] "POST /pgm/wp-login.php HTTP/1.1" 200 10359 "https://pgm-polkowice.com.pl" "Mozilla/5.0 (Windows NT 10.0; Win64; x64) AppleWebKit/537.36 (KHTML, like Gecko) Chrome/58.0.3029.110 Safari/537.36"
66.249.79.102 - - [10/Mar/2025:05:48:49 +0100] "GET /bip/images/Przetargi/1 2021.pdf HTTP/1.1" 200 4736567 "" "Mozilla/5.0 (Linux; Android 6.0.1; Nexus 5X Build/MMB29P) AppleWebKit/537.36 (KHTML, like Gecko) Chrome/133.0.6943.53 Mobile Safari/537.36 (compatible; GoogleOther)"
47.128.52.205 - - [10/Mar/2025:05:49:58 +0100] "GET /pgm/robots.txt HTTP/1.1" 404 569 "" "Mozilla/5.0 (Linux; Android 5.0) AppleWebKit/537.36 (KHTML, like Gecko) Mobile Safari/537.36 (compatible; Bytespider; spider-feedback@bytedance.com)"
209.141.37.11 - - [10/Mar/2025:05:50:06 +0100] "GET /pgm/ HTTP/1.1" 200 125129 "https://www.google.com" "Mozilla/5.0 (X11; Linux x86_64) AppleWebKit/537.36 (KHTML, like Gecko) Chrome/59.0.3071.115 Safari/537.36"
209.141.37.11 - - [10/Mar/2025:05:50:09 +0100] "GET /pgm/wp-login.php HTTP/1.1" 200 9896 "https://www.google.com" "Mozilla/5.0 (X11; Linux x86_64) AppleWebKit/537.36 (KHTML, like Gecko) Chrome/59.0.3071.115 Safari/537.36"
209.141.37.11 - - [10/Mar/2025:05:50:11 +0100] "POST /pgm/wp-login.php HTTP/1.1" 200 10361 "https://www.google.com" "Mozilla/5.0 (X11; Linux x86_64) AppleWebKit/537.36 (KHTML, like Gecko) Chrome/59.0.3071.115 Safari/537.36"
217.182.77.177 - - [10/Mar/2025:05:51:17 +0100] "GET /bip/index.php/zapytania HTTP/1.1" 200 14329 "" "Mozilla/5.0 (X11; Linux x86_64) AppleWebKit/537.36 (KHTML, like Gecko) Chrome/104.0.0.0 Safari/537.36"
66.249.68.36 - - [10/Mar/2025:05:55:26 +0100] "GET /pgm/robots.txt HTTP/1.1" 404 569 "" "Mozilla/5.0 (compatible; Googlebot/2.1; +http://www.google.com/bot.html)"
66.249.68.35 - - [10/Mar/2025:05:55:26 +0100] "GET /pgm/wp-content/uploads/2020/10/cieplo.jpg HTTP/1.1" 200 47620 "" "Googlebot-Image/1.0"
66.249.70.37 - - [10/Mar/2025:05:56:39 +0100] "GET /bip/images/Przetargi/2021/Informacja_z_otwarcia_ofert_172021.pdf HTTP/1.1" 200 661601 "" "Mozilla/5.0 (Linux; Android 6.0.1; Nexus 5X Build/MMB29P) AppleWebKit/537.36 (KHTML, like Gecko) Chrome/133.0.6943.53 Mobile Safari/537.36 (compatible; GoogleOther)"
111.119.246.146 - - [10/Mar/2025:05:57:18 +0100] "GET /bip/images/Przetargi/2021/Zawiadomienie o wyborze najkorzystniejszej oferty oraz unieważnieniu postępowania oraz odrzuceniu ofert.pdf HTTP/1.1" 200 1818752 "http://www.bip.pgm-polkowice.com.pl/images/Przetargi/2021/Zawiadomienie%20o%20wyborze%20najkorzystniejszej%20oferty%20oraz%20uniewa%c5%bcnieniu%20post%c4%99powania%20oraz%20odrzuceniu%20ofert.pdf" "Mozilla/5.0 (Windows NT 10.0; Win64; x64) AppleWebKit/537.36 (KHTML, like Gecko) Chrome/110.0.0.0 Safari/537.36"
89.161.186.149 - - [10/Mar/2025:05:57:22 +0100] "POST /pgm/wp-cron.php?doing_wp_cron=1741582642.7009389400482177734375 HTTP/1.1" 200 0 "" "WordPress/6.7.2; https://pgm-polkowice.com.pl"
92.53.96.193 - - [10/Mar/2025:05:57:22 +0100] "GET /pgm/wp-login.php HTTP/1.1" 200 9896 "" "GRequests/0.10"
92.53.96.193 - - [10/Mar/2025:05:57:23 +0100] "POST /pgm/wp-login.php HTTP/1.1" 200 10379 "" "GRequests/0.10"
54.36.148.206 - - [10/Mar/2025:05:58:07 +0100] "GET /bip/index.php/przetargi/106-nr-sprawy-9-2023-zamowienie-z-wolnej-reki-budowa-instalacji-fotowoltaicznych-o-mocy-122-4-kwp-i-199-8-kwp-na-terenie-oczyszczalni-sciekow-w-polkowicach?tmpl=component&print=1 HTTP/1.1" 200 3543 "" "Mozilla/5.0 (compatible; AhrefsBot/7.0; +http://ahrefs.com/robot/)"
54.36.148.155 - - [10/Mar/2025:06:04:29 +0100] "GET /bip/robots.txt HTTP/1.1" 200 829 "" "Mozilla/5.0 (compatible; AhrefsBot/7.0; +http://ahrefs.com/robot/)"
54.36.148.227 - - [10/Mar/2025:06:04:30 +0100] "GET /bip/index.php/przetargi/35-wykonanie-robot-projektowo-budowlanych-dla-zadania-p-n-budowa-instalacji-fotowoltaicznych-dla-wybranych-obiektow-przedsiebiorstwa-gospodarki-miejskiej-sp-z-o-o-w-polkowicach-w-procedurze-zaprojektuj-i-wybuduj-nr-spr-18-2020?tmpl=component&print=1 HTTP/1.1" 200 5677 "" "Mozilla/5.0 (compatible; AhrefsBot/7.0; +http://ahrefs.com/robot/)"
3.89.11.222 - - [10/Mar/2025:06:04:38 +0100] "POST /pgm/wp-login.php HTTP/1.1" 200 10336 "" "Mozilla/5.0 (Windows NT 10.0; Win64; x64; rv:95.0) Gecko/20100101 Firefox/95.0"
92.53.96.193 - - [10/Mar/2025:06:04:49 +0100] "GET /pgm/wp-login.php HTTP/1.1" 200 9896 "" "GRequests/0.10"
92.53.96.193 - - [10/Mar/2025:06:04:50 +0100] "POST /pgm/wp-login.php HTTP/1.1" 200 10379 "" "GRequests/0.10"
20.191.45.212 - - [10/Mar/2025:06:05:52 +0100] "GET /pgm/ HTTP/1.1" 200 125055 "http://pgm-polkowice.com.pl/" "DuckDuckBot/1.1; (+http://duckduckgo.com/duckduckbot.html)"
20.191.45.212 - - [10/Mar/2025:06:05:53 +0100] "GET /pgm/favicon.ico HTTP/1.1" 404 570 "http://pgm-polkowice.com.pl/favicon.ico" "DuckDuckBot/1.1; (+http://duckduckgo.com/duckduckbot.html)"
176.3.44.64 - - [10/Mar/2025:06:06:44 +0100] "GET /pgm/?page_id=1512 HTTP/1.1" 200 94526 "https://duckduckgo.com/" "Mozilla/5.0 (iPhone; CPU iPhone OS 18_3 like Mac OS X) AppleWebKit/605.1.15 (KHTML, like Gecko) Version/18.3 Mobile/15E148 Safari/604.1 Ddg/18.3"
176.3.44.64 - - [10/Mar/2025:06:06:44 +0100] "GET /pgm/wp-content/plugins/ditty-news-ticker/legacy/inc/static/libs/fontastic/styles.css?ver=3.0.27 HTTP/1.1" 200 5153 "https://pgm-polkowice.com.pl/?page_id=1512" "Mozilla/5.0 (iPhone; CPU iPhone OS 18_3 like Mac OS X) AppleWebKit/605.1.15 (KHTML, like Gecko) Version/18.3 Mobile/15E148 Safari/604.1 Ddg/18.3"
176.3.44.64 - - [10/Mar/2025:06:06:44 +0100] "GET /pgm/wp-content/plugins/ditty-news-ticker/legacy/inc/static/css/style.css?ver=3.0.27 HTTP/1.1" 200 9848 "https://pgm-polkowice.com.pl/?page_id=1512" "Mozilla/5.0 (iPhone; CPU iPhone OS 18_3 like Mac OS X) AppleWebKit/605.1.15 (KHTML, like Gecko) Version/18.3 Mobile/15E148 Safari/604.1 Ddg/18.3"
176.3.44.64 - - [10/Mar/2025:06:06:44 +0100] "GET /pgm/wp-content/plugins/ditty-news-ticker/includes/css/ditty.css?ver=3.0.27 HTTP/1.1" 200 55876 "https://pgm-polkowice.com.pl/?page_id=1512" "Mozilla/5.0 (iPhone; CPU iPhone OS 18_3 like Mac OS X) AppleWebKit/605.1.15 (KHTML, like Gecko) Version/18.3 Mobile/15E148 Safari/604.1 Ddg/18.3"
176.3.44.64 - - [10/Mar/2025:06:06:44 +0100] "GET /pgm/wp-content/uploads/fusion-styles/3e955ca3765ef40be23c9cd66e7fc9a5.min.css?ver=3.2.1 HTTP/1.1" 200 1156386 "https://pgm-polkowice.com.pl/?page_id=1512" "Mozilla/5.0 (iPhone; CPU iPhone OS 18_3 like Mac OS X) AppleWebKit/605.1.15 (KHTML, like Gecko) Version/18.3 Mobile/15E148 Safari/604.1 Ddg/18.3"
176.3.44.64 - - [10/Mar/2025:06:06:44 +0100] "GET /pgm/wp-includes/js/jquery/jquery.min.js?ver=3.7.1 HTTP/1.1" 200 87553 "https://pgm-polkowice.com.pl/?page_id=1512" "Mozilla/5.0 (iPhone; CPU iPhone OS 18_3 like Mac OS X) AppleWebKit/605.1.15 (KHTML, like Gecko) Version/18.3 Mobile/15E148 Safari/604.1 Ddg/18.3"
176.3.44.64 - - [10/Mar/2025:06:06:44 +0100] "GET /pgm/wp-includes/js/jquery/jquery-migrate.min.js?ver=3.4.1 HTTP/1.1" 200 13577 "https://pgm-polkowice.com.pl/?page_id=1512" "Mozilla/5.0 (iPhone; CPU iPhone OS 18_3 like Mac OS X) AppleWebKit/605.1.15 (KHTML, like Gecko) Version/18.3 Mobile/15E148 Safari/604.1 Ddg/18.3"
176.3.44.64 - - [10/Mar/2025:06:06:44 +0100] "GET /pgm/wp-includes/css/dist/block-library/style.min.css?ver=6.7.2 HTTP/1.1" 200 114706 "https://pgm-polkowice.com.pl/?page_id=1512" "Mozilla/5.0 (iPhone; CPU iPhone OS 18_3 like Mac OS X) AppleWebKit/605.1.15 (KHTML, like Gecko) Version/18.3 Mobile/15E148 Safari/604.1 Ddg/18.3"
176.3.44.64 - - [10/Mar/2025:06:06:44 +0100] "GET /pgm/wp-includes/js/dist/vendor/wp-polyfill.min.js?ver=3.15.0 HTTP/1.1" 200 37931 "https://pgm-polkowice.com.pl/?page_id=1512" "Mozilla/5.0 (iPhone; CPU iPhone OS 18_3 like Mac OS X) AppleWebKit/605.1.15 (KHTML, like Gecko) Version/18.3 Mobile/15E148 Safari/604.1 Ddg/18.3"
176.3.44.64 - - [10/Mar/2025:06:06:44 +0100] "GET /pgm/wp-content/plugins/contact-form-7/includes/js/index.js?ver=5.6.2 HTTP/1.1" 200 21905 "https://pgm-polkowice.com.pl/?page_id=1512" "Mozilla/5.0 (iPhone; CPU iPhone OS 18_3 like Mac OS X) AppleWebKit/605.1.15 (KHTML, like Gecko) Version/18.3 Mobile/15E148 Safari/604.1 Ddg/18.3"
176.3.44.64 - - [10/Mar/2025:06:06:44 +0100] "GET /pgm/wp-content/plugins/ditty-news-ticker/legacy/inc/static/js/swiped-events.min.js?ver=1.1.4 HTTP/1.1" 200 1768 "https://pgm-polkowice.com.pl/?page_id=1512" "Mozilla/5.0 (iPhone; CPU iPhone OS 18_3 like Mac OS X) AppleWebKit/605.1.15 (KHTML, like Gecko) Version/18.3 Mobile/15E148 Safari/604.1 Ddg/18.3"
176.3.44.64 - - [10/Mar/2025:06:06:44 +0100] "GET /pgm/wp-includes/js/imagesloaded.min.js?ver=5.0.0 HTTP/1.1" 200 5520 "https://pgm-polkowice.com.pl/?page_id=1512" "Mozilla/5.0 (iPhone; CPU iPhone OS 18_3 like Mac OS X) AppleWebKit/605.1.15 (KHTML, like Gecko) Version/18.3 Mobile/15E148 Safari/604.1 Ddg/18.3"
176.3.44.64 - - [10/Mar/2025:06:06:44 +0100] "GET /pgm/wp-content/plugins/fusion-builder/assets/js/min/general/fusion-column.js?ver=1 HTTP/1.1" 200 5069 "https://pgm-polkowice.com.pl/?page_id=1512" "Mozilla/5.0 (iPhone; CPU iPhone OS 18_3 like Mac OS X) AppleWebKit/605.1.15 (KHTML, like Gecko) Version/18.3 Mobile/15E148 Safari/604.1 Ddg/18.3"
176.3.44.64 - - [10/Mar/2025:06:06:44 +0100] "GET /pgm/wp-content/plugins/fusion-builder/assets/js/min/general/fusion-video.js?ver=1 HTTP/1.1" 200 2069 "https://pgm-polkowice.com.pl/?page_id=1512" "Mozilla/5.0 (iPhone; CPU iPhone OS 18_3 like Mac OS X) AppleWebKit/605.1.15 (KHTML, like Gecko) Version/18.3 Mobile/15E148 Safari/604.1 Ddg/18.3"
176.3.44.64 - - [10/Mar/2025:06:06:44 +0100] "GET /pgm/wp-content/plugins/fusion-core/js/min/fusion-vertical-menu-widget.js?ver=5.2.1 HTTP/1.1" 200 1887 "https://pgm-polkowice.com.pl/?page_id=1512" "Mozilla/5.0 (iPhone; CPU iPhone OS 18_3 like Mac OS X) AppleWebKit/605.1.15 (KHTML, like Gecko) Version/18.3 Mobile/15E148 Safari/604.1 Ddg/18.3"
176.3.44.64 - - [10/Mar/2025:06:06:44 +0100] "GET /pgm/wp-content/themes/Avada/includes/lib/assets/min/js/general/fusion-general-global.js?ver=1 HTTP/1.1" 200 483 "https://pgm-polkowice.com.pl/?page_id=1512" "Mozilla/5.0 (iPhone; CPU iPhone OS 18_3 like Mac OS X) AppleWebKit/605.1.15 (KHTML, like Gecko) Version/18.3 Mobile/15E148 Safari/604.1 Ddg/18.3"
176.3.44.64 - - [10/Mar/2025:06:06:44 +0100] "GET /pgm/wp-content/themes/Avada/includes/lib/assets/min/js/general/fusion-scroll-to-anchor.js?ver=1 HTTP/1.1" 200 5512 "https://pgm-polkowice.com.pl/?page_id=1512" "Mozilla/5.0 (iPhone; CPU iPhone OS 18_3 like Mac OS X) AppleWebKit/605.1.15 (KHTML, like Gecko) Version/18.3 Mobile/15E148 Safari/604.1 Ddg/18.3"
176.3.44.64 - - [10/Mar/2025:06:06:44 +0100] "GET /pgm/wp-content/themes/Avada/includes/lib/assets/min/js/general/fusion-responsive-typography.js?ver=1 HTTP/1.1" 200 3575 "https://pgm-polkowice.com.pl/?page_id=1512" "Mozilla/5.0 (iPhone; CPU iPhone OS 18_3 like Mac OS X) AppleWebKit/605.1.15 (KHTML, like Gecko) Version/18.3 Mobile/15E148 Safari/604.1 Ddg/18.3"
176.3.44.64 - - [10/Mar/2025:06:06:44 +0100] "GET /pgm/wp-content/themes/Avada/assets/min/js/general/avada-scrollspy.js?ver=7.2.1 HTTP/1.1" 200 761 "https://pgm-polkowice.com.pl/?page_id=1512" "Mozilla/5.0 (iPhone; CPU iPhone OS 18_3 like Mac OS X) AppleWebKit/605.1.15 (KHTML, like Gecko) Version/18.3 Mobile/15E148 Safari/604.1 Ddg/18.3"
176.3.44.64 - - [10/Mar/2025:06:06:44 +0100] "GET /pgm/wp-content/themes/Avada/assets/min/js/general/avada-sidebars.js?ver=7.2.1 HTTP/1.1" 200 3569 "https://pgm-polkowice.com.pl/?page_id=1512" "Mozilla/5.0 (iPhone; CPU iPhone OS 18_3 like Mac OS X) AppleWebKit/605.1.15 (KHTML, like Gecko) Version/18.3 Mobile/15E148 Safari/604.1 Ddg/18.3"
176.3.44.64 - - [10/Mar/2025:06:06:44 +0100] "GET /pgm/wp-content/themes/Avada/assets/min/js/general/avada-menu.js?ver=7.2.1 HTTP/1.1" 200 40017 "https://pgm-polkowice.com.pl/?page_id=1512" "Mozilla/5.0 (iPhone; CPU iPhone OS 18_3 like Mac OS X) AppleWebKit/605.1.15 (KHTML, like Gecko) Version/18.3 Mobile/15E148 Safari/604.1 Ddg/18.3"
176.3.44.64 - - [10/Mar/2025:06:06:44 +0100] "GET /pgm/wp-content/themes/Avada/assets/min/js/general/avada-header.js?ver=7.2.1 HTTP/1.1" 200 33211 "https://pgm-polkowice.com.pl/?page_id=1512" "Mozilla/5.0 (iPhone; CPU iPhone OS 18_3 like Mac OS X) AppleWebKit/605.1.15 (KHTML, like Gecko) Version/18.3 Mobile/15E148 Safari/604.1 Ddg/18.3"
176.3.44.64 - - [10/Mar/2025:06:06:44 +0100] "GET /pgm/wp-content/themes/Avada/assets/min/js/general/avada-to-top.js?ver=7.2.1 HTTP/1.1" 200 1012 "https://pgm-polkowice.com.pl/?page_id=1512" "Mozilla/5.0 (iPhone; CPU iPhone OS 18_3 like Mac OS X) AppleWebKit/605.1.15 (KHTML, like Gecko) Version/18.3 Mobile/15E148 Safari/604.1 Ddg/18.3"
176.3.44.64 - - [10/Mar/2025:06:06:44 +0100] "GET /pgm/wp-content/themes/Avada/assets/min/js/general/avada-drop-down.js?ver=7.2.1 HTTP/1.1" 200 5839 "https://pgm-polkowice.com.pl/?page_id=1512" "Mozilla/5.0 (iPhone; CPU iPhone OS 18_3 like Mac OS X) AppleWebKit/605.1.15 (KHTML, like Gecko) Version/18.3 Mobile/15E148 Safari/604.1 Ddg/18.3"
176.3.44.64 - - [10/Mar/2025:06:06:44 +0100] "GET /pgm/wp-content/plugins/fusion-builder/assets/js/min/general/fusion-container.js?ver=1 HTTP/1.1" 200 15833 "https://pgm-polkowice.com.pl/?page_id=1512" "Mozilla/5.0 (iPhone; CPU iPhone OS 18_3 like Mac OS X) AppleWebKit/605.1.15 (KHTML, like Gecko) Version/18.3 Mobile/15E148 Safari/604.1 Ddg/18.3"
176.3.44.64 - - [10/Mar/2025:06:06:44 +0100] "GET /pgm/wp-content/plugins/fusion-builder/assets/js/min/general/fusion-menu.js?ver=1 HTTP/1.1" 200 10202 "https://pgm-polkowice.com.pl/?page_id=1512" "Mozilla/5.0 (iPhone; CPU iPhone OS 18_3 like Mac OS X) AppleWebKit/605.1.15 (KHTML, like Gecko) Version/18.3 Mobile/15E148 Safari/604.1 Ddg/18.3"
176.3.44.64 - - [10/Mar/2025:06:06:44 +0100] "GET /pgm/wp-content/plugins/fusion-builder/assets/js/min/general/fusion-animations.js?ver=6.7.2 HTTP/1.1" 200 1642 "https://pgm-polkowice.com.pl/?page_id=1512" "Mozilla/5.0 (iPhone; CPU iPhone OS 18_3 like Mac OS X) AppleWebKit/605.1.15 (KHTML, like Gecko) Version/18.3 Mobile/15E148 Safari/604.1 Ddg/18.3"
176.3.44.64 - - [10/Mar/2025:06:06:44 +0100] "GET /pgm/wp-content/plugins/fusion-builder/assets/js/min/general/fusion-title.js?ver=6.7.2 HTTP/1.1" 200 3879 "https://pgm-polkowice.com.pl/?page_id=1512" "Mozilla/5.0 (iPhone; CPU iPhone OS 18_3 like Mac OS X) AppleWebKit/605.1.15 (KHTML, like Gecko) Version/18.3 Mobile/15E148 Safari/604.1 Ddg/18.3"
176.3.44.64 - - [10/Mar/2025:06:06:44 +0100] "GET /pgm/wp-content/plugins/fusion-builder/assets/js/min/library/jquery.textillate.js?ver=2.0 HTTP/1.1" 200 5946 "https://pgm-polkowice.com.pl/?page_id=1512" "Mozilla/5.0 (iPhone; CPU iPhone OS 18_3 like Mac OS X) AppleWebKit/605.1.15 (KHTML, like Gecko) Version/18.3 Mobile/15E148 Safari/604.1 Ddg/18.3"
176.3.44.64 - - [10/Mar/2025:06:06:44 +0100] "GET /pgm/wp-content/themes/Avada/includes/lib/assets/min/js/general/fusion-flexslider.js?ver=6.7.2 HTTP/1.1" 200 5834 "https://pgm-polkowice.com.pl/?page_id=1512" "Mozilla/5.0 (iPhone; CPU iPhone OS 18_3 like Mac OS X) AppleWebKit/605.1.15 (KHTML, like Gecko) Version/18.3 Mobile/15E148 Safari/604.1 Ddg/18.3"
176.3.44.64 - - [10/Mar/2025:06:06:44 +0100] "GET /pgm/wp-content/themes/Avada/includes/lib/assets/min/js/general/fusion-alert.js?ver=6.7.2 HTTP/1.1" 200 260 "https://pgm-polkowice.com.pl/?page_id=1512" "Mozilla/5.0 (iPhone; CPU iPhone OS 18_3 like Mac OS X) AppleWebKit/605.1.15 (KHTML, like Gecko) Version/18.3 Mobile/15E148 Safari/604.1 Ddg/18.3"
176.3.44.64 - - [10/Mar/2025:06:06:44 +0100] "GET /pgm/wp-content/themes/Avada/assets/min/js/general/avada-live-search.js?ver=7.2.1 HTTP/1.1" 200 3062 "https://pgm-polkowice.com.pl/?page_id=1512" "Mozilla/5.0 (iPhone; CPU iPhone OS 18_3 like Mac OS X) AppleWebKit/605.1.15 (KHTML, like Gecko) Version/18.3 Mobile/15E148 Safari/604.1 Ddg/18.3"
176.3.44.64 - - [10/Mar/2025:06:06:44 +0100] "GET /pgm/wp-content/themes/Avada/assets/min/js/general/avada-contact-form-7.js?ver=7.2.1 HTTP/1.1" 200 1707 "https://pgm-polkowice.com.pl/?page_id=1512" "Mozilla/5.0 (iPhone; CPU iPhone OS 18_3 like Mac OS X) AppleWebKit/605.1.15 (KHTML, like Gecko) Version/18.3 Mobile/15E148 Safari/604.1 Ddg/18.3"
176.3.44.64 - - [10/Mar/2025:06:06:44 +0100] "GET /pgm/wp-content/themes/Avada/assets/min/js/general/avada-tabs-widget.js?ver=7.2.1 HTTP/1.1" 200 498 "https://pgm-polkowice.com.pl/?page_id=1512" "Mozilla/5.0 (iPhone; CPU iPhone OS 18_3 like Mac OS X) AppleWebKit/605.1.15 (KHTML, like Gecko) Version/18.3 Mobile/15E148 Safari/604.1 Ddg/18.3"
176.3.44.64 - - [10/Mar/2025:06:06:44 +0100] "GET /pgm/wp-content/themes/Avada/assets/min/js/general/avada-select.js?ver=7.2.1 HTTP/1.1" 200 682 "https://pgm-polkowice.com.pl/?page_id=1512" "Mozilla/5.0 (iPhone; CPU iPhone OS 18_3 like Mac OS X) AppleWebKit/605.1.15 (KHTML, like Gecko) Version/18.3 Mobile/15E148 Safari/604.1 Ddg/18.3"
176.3.44.64 - - [10/Mar/2025:06:06:44 +0100] "GET /pgm/wp-content/themes/Avada/assets/min/js/general/avada-quantity.js?ver=7.2.1 HTTP/1.1" 200 1848 "https://pgm-polkowice.com.pl/?page_id=1512" "Mozilla/5.0 (iPhone; CPU iPhone OS 18_3 like Mac OS X) AppleWebKit/605.1.15 (KHTML, like Gecko) Version/18.3 Mobile/15E148 Safari/604.1 Ddg/18.3"
176.3.44.64 - - [10/Mar/2025:06:06:44 +0100] "GET /pgm/wp-content/themes/Avada/assets/min/js/general/avada-general-footer.js?ver=7.2.1 HTTP/1.1" 200 413 "https://pgm-polkowice.com.pl/?page_id=1512" "Mozilla/5.0 (iPhone; CPU iPhone OS 18_3 like Mac OS X) AppleWebKit/605.1.15 (KHTML, like Gecko) Version/18.3 Mobile/15E148 Safari/604.1 Ddg/18.3"
176.3.44.64 - - [10/Mar/2025:06:06:44 +0100] "GET /pgm/wp-content/themes/Avada/assets/min/js/library/bootstrap.scrollspy.js?ver=3.3.2 HTTP/1.1" 200 2709 "https://pgm-polkowice.com.pl/?page_id=1512" "Mozilla/5.0 (iPhone; CPU iPhone OS 18_3 like Mac OS X) AppleWebKit/605.1.15 (KHTML, like Gecko) Version/18.3 Mobile/15E148 Safari/604.1 Ddg/18.3"
176.3.44.64 - - [10/Mar/2025:06:06:44 +0100] "GET /pgm/wp-content/themes/Avada/assets/min/js/general/avada-skip-link-focus-fix.js?ver=7.2.1 HTTP/1.1" 200 325 "https://pgm-polkowice.com.pl/?page_id=1512" "Mozilla/5.0 (iPhone; CPU iPhone OS 18_3 like Mac OS X) AppleWebKit/605.1.15 (KHTML, like Gecko) Version/18.3 Mobile/15E148 Safari/604.1 Ddg/18.3"
176.3.44.64 - - [10/Mar/2025:06:06:44 +0100] "GET /pgm/wp-content/themes/Avada/includes/lib/assets/min/js/library/vimeoPlayer.js?ver=2.2.1 HTTP/1.1" 200 16573 "https://pgm-polkowice.com.pl/?page_id=1512" "Mozilla/5.0 (iPhone; CPU iPhone OS 18_3 like Mac OS X) AppleWebKit/605.1.15 (KHTML, like Gecko) Version/18.3 Mobile/15E148 Safari/604.1 Ddg/18.3"
176.3.44.64 - - [10/Mar/2025:06:06:44 +0100] "GET /pgm/wp-content/themes/Avada/includes/lib/assets/min/js/library/jquery.sticky-kit.js?ver=1.1.2 HTTP/1.1" 200 5806 "https://pgm-polkowice.com.pl/?page_id=1512" "Mozilla/5.0 (iPhone; CPU iPhone OS 18_3 like Mac OS X) AppleWebKit/605.1.15 (KHTML, like Gecko) Version/18.3 Mobile/15E148 Safari/604.1 Ddg/18.3"
176.3.44.64 - - [10/Mar/2025:06:06:44 +0100] "GET /pgm/wp-content/themes/Avada/includes/lib/assets/min/js/general/fusion-sharing-box.js?ver=1 HTTP/1.1" 200 920 "https://pgm-polkowice.com.pl/?page_id=1512" "Mozilla/5.0 (iPhone; CPU iPhone OS 18_3 like Mac OS X) AppleWebKit/605.1.15 (KHTML, like Gecko) Version/18.3 Mobile/15E148 Safari/604.1 Ddg/18.3"
176.3.44.64 - - [10/Mar/2025:06:06:44 +0100] "GET /pgm/wp-content/themes/Avada/includes/lib/assets/min/js/general/fusion-tooltip.js?ver=1 HTTP/1.1" 200 1707 "https://pgm-polkowice.com.pl/?page_id=1512" "Mozilla/5.0 (iPhone; CPU iPhone OS 18_3 like Mac OS X) AppleWebKit/605.1.15 (KHTML, like Gecko) Version/18.3 Mobile/15E148 Safari/604.1 Ddg/18.3"
176.3.44.64 - - [10/Mar/2025:06:06:44 +0100] "GET /pgm/wp-content/themes/Avada/includes/lib/assets/min/js/general/fusion-lightbox.js?ver=1 HTTP/1.1" 200 7279 "https://pgm-polkowice.com.pl/?page_id=1512" "Mozilla/5.0 (iPhone; CPU iPhone OS 18_3 like Mac OS X) AppleWebKit/605.1.15 (KHTML, like Gecko) Version/18.3 Mobile/15E148 Safari/604.1 Ddg/18.3"
176.3.44.64 - - [10/Mar/2025:06:06:44 +0100] "GET /pgm/wp-content/themes/Avada/includes/lib/assets/min/js/general/fusion-waypoints.js?ver=1 HTTP/1.1" 200 503 "https://pgm-polkowice.com.pl/?page_id=1512" "Mozilla/5.0 (iPhone; CPU iPhone OS 18_3 like Mac OS X) AppleWebKit/605.1.15 (KHTML, like Gecko) Version/18.3 Mobile/15E148 Safari/604.1 Ddg/18.3"
176.3.44.64 - - [10/Mar/2025:06:06:44 +0100] "GET /pgm/wp-content/themes/Avada/includes/lib/assets/min/js/library/fusion-video-bg.js?ver=1 HTTP/1.1" 200 5453 "https://pgm-polkowice.com.pl/?page_id=1512" "Mozilla/5.0 (iPhone; CPU iPhone OS 18_3 like Mac OS X) AppleWebKit/605.1.15 (KHTML, like Gecko) Version/18.3 Mobile/15E148 Safari/604.1 Ddg/18.3"
176.3.44.64 - - [10/Mar/2025:06:06:44 +0100] "GET /pgm/wp-content/themes/Avada/includes/lib/assets/min/js/library/fusion-video-general.js?ver=1 HTTP/1.1" 200 6803 "https://pgm-polkowice.com.pl/?page_id=1512" "Mozilla/5.0 (iPhone; CPU iPhone OS 18_3 like Mac OS X) AppleWebKit/605.1.15 (KHTML, like Gecko) Version/18.3 Mobile/15E148 Safari/604.1 Ddg/18.3"
176.3.44.64 - - [10/Mar/2025:06:06:44 +0100] "GET /pgm/wp-content/themes/Avada/includes/lib/assets/min/js/library/fusion-parallax.js?ver=1 HTTP/1.1" 200 12004 "https://pgm-polkowice.com.pl/?page_id=1512" "Mozilla/5.0 (iPhone; CPU iPhone OS 18_3 like Mac OS X) AppleWebKit/605.1.15 (KHTML, like Gecko) Version/18.3 Mobile/15E148 Safari/604.1 Ddg/18.3"
176.3.44.64 - - [10/Mar/2025:06:06:44 +0100] "GET /pgm/wp-content/themes/Avada/includes/lib/assets/min/js/general/fusion-equal-heights.js?ver=1 HTTP/1.1" 200 1417 "https://pgm-polkowice.com.pl/?page_id=1512" "Mozilla/5.0 (iPhone; CPU iPhone OS 18_3 like Mac OS X) AppleWebKit/605.1.15 (KHTML, like Gecko) Version/18.3 Mobile/15E148 Safari/604.1 Ddg/18.3"
176.3.44.64 - - [10/Mar/2025:06:06:44 +0100] "GET /pgm/wp-content/themes/Avada/includes/lib/assets/min/js/library/jquery.fade.js?ver=1 HTTP/1.1" 200 1162 "https://pgm-polkowice.com.pl/?page_id=1512" "Mozilla/5.0 (iPhone; CPU iPhone OS 18_3 like Mac OS X) AppleWebKit/605.1.15 (KHTML, like Gecko) Version/18.3 Mobile/15E148 Safari/604.1 Ddg/18.3"
176.3.44.64 - - [10/Mar/2025:06:06:44 +0100] "GET /pgm/wp-content/themes/Avada/includes/lib/assets/min/js/library/jquery.placeholder.js?ver=2.0.7 HTTP/1.1" 200 2176 "https://pgm-polkowice.com.pl/?page_id=1512" "Mozilla/5.0 (iPhone; CPU iPhone OS 18_3 like Mac OS X) AppleWebKit/605.1.15 (KHTML, like Gecko) Version/18.3 Mobile/15E148 Safari/604.1 Ddg/18.3"
176.3.44.64 - - [10/Mar/2025:06:06:44 +0100] "GET /pgm/wp-content/themes/Avada/includes/lib/assets/min/js/library/jquery.mousewheel.js?ver=3.0.6 HTTP/1.1" 200 2604 "https://pgm-polkowice.com.pl/?page_id=1512" "Mozilla/5.0 (iPhone; CPU iPhone OS 18_3 like Mac OS X) AppleWebKit/605.1.15 (KHTML, like Gecko) Version/18.3 Mobile/15E148 Safari/604.1 Ddg/18.3"
176.3.44.64 - - [10/Mar/2025:06:06:44 +0100] "GET /pgm/wp-content/themes/Avada/includes/lib/assets/min/js/library/jquery.ilightbox.js?ver=2.2.3 HTTP/1.1" 200 82293 "https://pgm-polkowice.com.pl/?page_id=1512" "Mozilla/5.0 (iPhone; CPU iPhone OS 18_3 like Mac OS X) AppleWebKit/605.1.15 (KHTML, like Gecko) Version/18.3 Mobile/15E148 Safari/604.1 Ddg/18.3"
176.3.44.64 - - [10/Mar/2025:06:06:44 +0100] "GET /pgm/wp-content/themes/Avada/includes/lib/assets/min/js/library/jquery.hoverintent.js?ver=1 HTTP/1.1" 200 1098 "https://pgm-polkowice.com.pl/?page_id=1512" "Mozilla/5.0 (iPhone; CPU iPhone OS 18_3 like Mac OS X) AppleWebKit/605.1.15 (KHTML, like Gecko) Version/18.3 Mobile/15E148 Safari/604.1 Ddg/18.3"
176.3.44.64 - - [10/Mar/2025:06:06:44 +0100] "GET /pgm/wp-content/themes/Avada/includes/lib/assets/min/js/library/jquery.hoverflow.js?ver=1 HTTP/1.1" 200 647 "https://pgm-polkowice.com.pl/?page_id=1512" "Mozilla/5.0 (iPhone; CPU iPhone OS 18_3 like Mac OS X) AppleWebKit/605.1.15 (KHTML, like Gecko) Version/18.3 Mobile/15E148 Safari/604.1 Ddg/18.3"
