54.36.148.12 - - [10/Mar/2025:08:56:58 +0100] "GET /bip/index.php/przetargi/13-wykonywanie-uslugi-kompleksowego-sprzatania-pomieszczen-i-utrzymania-czystosci-wraz-z-dostawa-srodkow-czystosci-w-wytypowanych-obiektach-przedsiebiorstwa-gospodarki-miejskiej-sp-z-o-o-w-polkowicach-nr-spr-11-2020 HTTP/1.1" 200 13735 "" "Mozilla/5.0 (compatible; AhrefsBot/7.0; +http://ahrefs.com/robot/)"
209.141.32.35 - - [10/Mar/2025:08:57:21 +0100] "GET /pgm/wp-login.php HTTP/1.1" 200 9896 "https://pgm-polkowice.com.pl/login" "Mozilla/5.0 (Macintosh; Intel Mac OS X 10_12_6) AppleWebKit/537.36 (KHTML, like Gecko) Chrome/61.0.3163.100 Safari/537.36"
209.141.32.35 - - [10/Mar/2025:08:57:28 +0100] "POST /pgm/wp-login.php HTTP/1.1" 200 10353 "https://pgm-polkowice.com.pl/login" "Mozilla/5.0 (Macintosh; Intel Mac OS X 10_12_6) AppleWebKit/537.36 (KHTML, like Gecko) Chrome/61.0.3163.100 Safari/537.36"
157.25.74.154 - - [10/Mar/2025:08:58:45 +0100] "GET /pgm/wp-content/uploads/2024/02/Informacja_2024-02-29.pdf HTTP/1.1" 200 1509676 "" "Mozilla/4.0 (compatible; ms-office)"
74.80.208.131 - - [10/Mar/2025:08:59:20 +0100] "GET /pgm/robots.txt HTTP/1.1" 404 569 "" "Mozilla/5.0 (compatible; ImagesiftBot; +imagesift.com)"
74.80.208.131 - - [10/Mar/2025:08:59:20 +0100] "GET /pgm/cieplownictwo/sieci-cieplownicze/ HTTP/1.1" 404 592 "" "Mozilla/5.0 (compatible; ImagesiftBot; +imagesift.com)"
20.115.49.110 - - [10/Mar/2025:08:59:27 +0100] "GET /pgm/ HTTP/1.1" 200 125129 "" "Mozilla/5.0 (Windows NT 10.0; Win64; x64) AppleWebKit/537.36 (KHTML, like Gecko) Chrome/114.0.0.0 Safari/537.36"
74.80.208.131 - - [10/Mar/2025:08:59:42 +0100] "GET /pgm/strefa-klienta/praca/ HTTP/1.1" 404 580 "" "Mozilla/5.0 (compatible; ImagesiftBot; +imagesift.com)"
20.115.49.110 - - [10/Mar/2025:08:59:58 +0100] "GET /pgm/ HTTP/1.1" 200 125129 "" "Mozilla/5.0 (Windows NT 10.0; Win64; x64) AppleWebKit/537.36 (KHTML, like Gecko) Chrome/114.0.0.0 Safari/537.36"
74.80.208.131 - - [10/Mar/2025:09:00:05 +0100] "GET /pgm/wodociagi-i-kanalizacja/parametry-wody/ HTTP/1.1" 404 598 "" "Mozilla/5.0 (compatible; ImagesiftBot; +imagesift.com)"
74.80.208.131 - - [10/Mar/2025:09:00:28 +0100] "GET /pgm/wodociagi-i-kanalizacja/cennik/ HTTP/1.1" 404 590 "" "Mozilla/5.0 (compatible; ImagesiftBot; +imagesift.com)"
74.80.208.131 - - [10/Mar/2025:09:00:51 +0100] "GET /pgm/cieplownictwo/teletechnika/ HTTP/1.1" 404 586 "" "Mozilla/5.0 (compatible; ImagesiftBot; +imagesift.com)"
74.80.208.131 - - [10/Mar/2025:09:01:15 +0100] "GET /pgm/wodociagi-i-kanalizacja/ HTTP/1.1" 404 583 "" "Mozilla/5.0 (compatible; ImagesiftBot; +imagesift.com)"
45.141.3.236 - - [10/Mar/2025:09:01:18 +0100] "GET /bip/index.php/przetargi HTTP/1.1" 200 13486 "" "Mozilla/5.0 (Windows NT 10.0; Win64; x64) AppleWebKit/537.36 (KHTML, like Gecko) Chrome/103.0.0.0 Safari/537.36"
74.80.208.131 - - [10/Mar/2025:09:01:40 +0100] "GET /pgm/laboratorium/cennik/ HTTP/1.1" 404 579 "" "Mozilla/5.0 (compatible; ImagesiftBot; +imagesift.com)"
74.80.208.131 - - [10/Mar/2025:09:02:05 +0100] "GET /pgm/wodociagi-i-kanalizacja/siec-wodociagowa/ HTTP/1.1" 404 600 "" "Mozilla/5.0 (compatible; ImagesiftBot; +imagesift.com)"
74.80.208.131 - - [10/Mar/2025:09:02:29 +0100] "GET /pgm/wodociagi-i-kanalizacja/dokumenty-pprzejecia-za-wynagrodzeniem-sieci-wodociagowej/ HTTP/1.1" 404 641 "" "Mozilla/5.0 (compatible; ImagesiftBot; +imagesift.com)"
74.80.208.131 - - [10/Mar/2025:09:02:54 +0100] "GET /pgm/strefa-klienta/informacja/ HTTP/1.1" 404 585 "" "Mozilla/5.0 (compatible; ImagesiftBot; +imagesift.com)"
74.80.208.131 - - [10/Mar/2025:09:03:19 +0100] "GET /pgm/o-firmie/historia/ HTTP/1.1" 404 577 "" "Mozilla/5.0 (compatible; ImagesiftBot; +imagesift.com)"
217.182.77.177 - - [10/Mar/2025:09:03:27 +0100] "GET /bip/index.php/zapytania HTTP/1.1" 200 14329 "" "Mozilla/5.0 (X11; Linux x86_64) AppleWebKit/537.36 (KHTML, like Gecko) Chrome/104.0.0.0 Safari/537.36"
74.80.208.131 - - [10/Mar/2025:09:03:44 +0100] "GET /pgm/strefa-klienta/cenniki/ HTTP/1.1" 404 582 "" "Mozilla/5.0 (compatible; ImagesiftBot; +imagesift.com)"
82.139.185.50 - - [10/Mar/2025:09:03:59 +0100] "GET /bip/index.php/zapytania-ofertowe HTTP/1.1" 404 1345 "" "Mozilla/5.0 (Windows NT 10.0; Win64; x64; rv:136.0) Gecko/20100101 Firefox/136.0"
82.139.185.50 - - [10/Mar/2025:09:04:01 +0100] "GET /bip/index.php/przerargi-nie-ograniczone HTTP/1.1" 404 1345 "" "Mozilla/5.0 (Windows NT 10.0; Win64; x64; rv:136.0) Gecko/20100101 Firefox/136.0"
54.36.148.243 - - [10/Mar/2025:09:04:03 +0100] "GET /bip/index.php/ogloszenia/102-ciagnika-rolniczego?tmpl=component&print=1 HTTP/1.1" 200 7566 "" "Mozilla/5.0 (compatible; AhrefsBot/7.0; +http://ahrefs.com/robot/)"
74.80.208.131 - - [10/Mar/2025:09:04:09 +0100] "GET /pgm/wodociagi-i-kanalizacja/stacja-uzdatniania-w-suchej-gornej/ HTTP/1.1" 404 618 "" "Mozilla/5.0 (compatible; ImagesiftBot; +imagesift.com)"
74.80.208.131 - - [10/Mar/2025:09:04:35 +0100] "GET /pgm/wodociagi-i-kanalizacja/przylaczenie-do-sieci/ HTTP/1.1" 404 605 "" "Mozilla/5.0 (compatible; ImagesiftBot; +imagesift.com)"
107.189.12.130 - - [10/Mar/2025:09:04:56 +0100] "GET /pgm/wp-login.php HTTP/1.1" 200 9896 "https://www.google.com" "Mozilla/5.0 (Windows NT 10.0; Win64; x64) AppleWebKit/537.36 (KHTML, like Gecko) Chrome/58.0.3029.110 Safari/537.36"
74.80.208.131 - - [10/Mar/2025:09:05:00 +0100] "GET /pgm/o-firmie/ HTTP/1.1" 404 568 "" "Mozilla/5.0 (compatible; ImagesiftBot; +imagesift.com)"
107.189.12.130 - - [10/Mar/2025:09:05:01 +0100] "POST /pgm/wp-login.php HTTP/1.1" 200 10363 "https://www.google.com" "Mozilla/5.0 (Windows NT 10.0; Win64; x64) AppleWebKit/537.36 (KHTML, like Gecko) Chrome/58.0.3029.110 Safari/537.36"
74.80.208.131 - - [10/Mar/2025:09:05:27 +0100] "GET /pgm/cieplownictwo/do-pobrania/ HTTP/1.1" 404 585 "" "Mozilla/5.0 (compatible; ImagesiftBot; +imagesift.com)"
199.195.254.231 - - [10/Mar/2025:09:05:32 +0100] "GET /pgm/ HTTP/1.1" 200 125129 "https://www.google.com" "Mozilla/5.0 (Macintosh; Intel Mac OS X 10_12_6) AppleWebKit/537.36 (KHTML, like Gecko) Chrome/61.0.3163.100 Safari/537.36"
199.195.254.231 - - [10/Mar/2025:09:05:33 +0100] "GET /pgm/wp-login.php HTTP/1.1" 200 9896 "https://www.google.com" "Mozilla/5.0 (Macintosh; Intel Mac OS X 10_12_6) AppleWebKit/537.36 (KHTML, like Gecko) Chrome/61.0.3163.100 Safari/537.36"
199.195.254.231 - - [10/Mar/2025:09:05:36 +0100] "POST /pgm/wp-login.php HTTP/1.1" 200 10359 "https://www.google.com" "Mozilla/5.0 (Macintosh; Intel Mac OS X 10_12_6) AppleWebKit/537.36 (KHTML, like Gecko) Chrome/61.0.3163.100 Safari/537.36"
74.80.208.131 - - [10/Mar/2025:09:05:52 +0100] "GET /pgm/strefa-klienta/ankieta/ HTTP/1.1" 404 582 "" "Mozilla/5.0 (compatible; ImagesiftBot; +imagesift.com)"
74.80.208.131 - - [10/Mar/2025:09:06:20 +0100] "GET /pgm/cieplownictwo/taryfa/ HTTP/1.1" 404 580 "" "Mozilla/5.0 (compatible; ImagesiftBot; +imagesift.com)"
104.244.78.107 - - [10/Mar/2025:09:06:28 +0100] "GET /pgm/ HTTP/1.1" 200 125129 "https://pgm-polkowice.com.pl/login" "Mozilla/5.0 (Windows NT 10.0; Win64; x64) AppleWebKit/537.36 (KHTML, like Gecko) Chrome/58.0.3029.110 Safari/537.36"
66.249.79.103 - - [10/Mar/2025:09:06:28 +0100] "GET /bip/ HTTP/1.1" 200 14211 "" "Mozilla/5.0 (compatible; Googlebot/2.1; +http://www.google.com/bot.html)"
104.244.78.107 - - [10/Mar/2025:09:06:30 +0100] "GET /pgm/wp-login.php HTTP/1.1" 200 9896 "https://pgm-polkowice.com.pl/login" "Mozilla/5.0 (Windows NT 10.0; Win64; x64) AppleWebKit/537.36 (KHTML, like Gecko) Chrome/58.0.3029.110 Safari/537.36"
37.248.171.109 - - [10/Mar/2025:09:06:35 +0100] "GET /pgm/ HTTP/1.1" 200 125129 "https://www.google.com/" "Mozilla/5.0 (Android 14; Mobile; rv:136.0) Gecko/136.0 Firefox/136.0"
104.244.78.107 - - [10/Mar/2025:09:06:35 +0100] "POST /pgm/wp-login.php HTTP/1.1" 200 10353 "https://pgm-polkowice.com.pl/login" "Mozilla/5.0 (Windows NT 10.0; Win64; x64) AppleWebKit/537.36 (KHTML, like Gecko) Chrome/58.0.3029.110 Safari/537.36"
37.248.171.109 - - [10/Mar/2025:09:06:35 +0100] "GET /pgm/wp-content/plugins/ditty-news-ticker/legacy/inc/static/libs/fontastic/styles.css?ver=3.0.27 HTTP/1.1" 200 5153 "https://pgm-polkowice.com.pl/" "Mozilla/5.0 (Android 14; Mobile; rv:136.0) Gecko/136.0 Firefox/136.0"
37.248.171.109 - - [10/Mar/2025:09:06:35 +0100] "GET /pgm/wp-content/plugins/ditty-news-ticker/legacy/inc/static/css/style.css?ver=3.0.27 HTTP/1.1" 200 9848 "https://pgm-polkowice.com.pl/" "Mozilla/5.0 (Android 14; Mobile; rv:136.0) Gecko/136.0 Firefox/136.0"
37.248.171.109 - - [10/Mar/2025:09:06:35 +0100] "GET /pgm/wp-content/plugins/ditty-news-ticker/includes/css/ditty.css?ver=3.0.27 HTTP/1.1" 200 55876 "https://pgm-polkowice.com.pl/" "Mozilla/5.0 (Android 14; Mobile; rv:136.0) Gecko/136.0 Firefox/136.0"
37.248.171.109 - - [10/Mar/2025:09:06:35 +0100] "GET /pgm/wp-content/uploads/fusion-styles/9687d07d92b2d0987912a587907d5dd1.min.css?ver=3.2.1 HTTP/1.1" 200 1156269 "https://pgm-polkowice.com.pl/" "Mozilla/5.0 (Android 14; Mobile; rv:136.0) Gecko/136.0 Firefox/136.0"
37.248.171.109 - - [10/Mar/2025:09:06:35 +0100] "GET /pgm/wp-includes/js/jquery/jquery.min.js?ver=3.7.1 HTTP/1.1" 200 87553 "https://pgm-polkowice.com.pl/" "Mozilla/5.0 (Android 14; Mobile; rv:136.0) Gecko/136.0 Firefox/136.0"
37.248.171.109 - - [10/Mar/2025:09:06:35 +0100] "GET /pgm/wp-includes/js/jquery/jquery-migrate.min.js?ver=3.4.1 HTTP/1.1" 200 13577 "https://pgm-polkowice.com.pl/" "Mozilla/5.0 (Android 14; Mobile; rv:136.0) Gecko/136.0 Firefox/136.0"
37.248.171.109 - - [10/Mar/2025:09:06:35 +0100] "GET /pgm/wp-content/uploads/2020/11/logo-2x-1.png HTTP/1.1" 200 19314 "https://pgm-polkowice.com.pl/" "Mozilla/5.0 (Android 14; Mobile; rv:136.0) Gecko/136.0 Firefox/136.0"
37.248.171.109 - - [10/Mar/2025:09:06:35 +0100] "GET /pgm/wp-content/uploads/2020/11/logo-pgm-1.png HTTP/1.1" 200 34749 "https://pgm-polkowice.com.pl/" "Mozilla/5.0 (Android 14; Mobile; rv:136.0) Gecko/136.0 Firefox/136.0"
37.248.171.109 - - [10/Mar/2025:09:06:35 +0100] "GET /pgm/wp-content/uploads/2020/10/cieplo.jpg HTTP/1.1" 200 47620 "https://pgm-polkowice.com.pl/" "Mozilla/5.0 (Android 14; Mobile; rv:136.0) Gecko/136.0 Firefox/136.0"
37.248.171.109 - - [10/Mar/2025:09:06:35 +0100] "GET /pgm/wp-content/uploads/2020/11/cieplownictwo1.jpg HTTP/1.1" 200 25237 "https://pgm-polkowice.com.pl/" "Mozilla/5.0 (Android 14; Mobile; rv:136.0) Gecko/136.0 Firefox/136.0"
37.248.171.109 - - [10/Mar/2025:09:06:35 +0100] "GET /pgm/wp-content/uploads/2020/11/zielen1.jpg HTTP/1.1" 200 49321 "https://pgm-polkowice.com.pl/" "Mozilla/5.0 (Android 14; Mobile; rv:136.0) Gecko/136.0 Firefox/136.0"
37.248.171.109 - - [10/Mar/2025:09:06:35 +0100] "GET /pgm/wp-content/uploads/2020/11/lab-main.jpg HTTP/1.1" 200 66973 "https://pgm-polkowice.com.pl/" "Mozilla/5.0 (Android 14; Mobile; rv:136.0) Gecko/136.0 Firefox/136.0"
37.248.171.109 - - [10/Mar/2025:09:06:35 +0100] "GET /pgm/wp-content/uploads/2020/11/logo-2x.png HTTP/1.1" 200 22143 "https://pgm-polkowice.com.pl/" "Mozilla/5.0 (Android 14; Mobile; rv:136.0) Gecko/136.0 Firefox/136.0"
37.248.171.109 - - [10/Mar/2025:09:06:35 +0100] "GET /pgm/wp-includes/css/dist/block-library/style.min.css?ver=6.7.2 HTTP/1.1" 200 114706 "https://pgm-polkowice.com.pl/" "Mozilla/5.0 (Android 14; Mobile; rv:136.0) Gecko/136.0 Firefox/136.0"
37.248.171.109 - - [10/Mar/2025:09:06:35 +0100] "GET /pgm/wp-includes/js/dist/vendor/wp-polyfill.min.js?ver=3.15.0 HTTP/1.1" 200 37931 "https://pgm-polkowice.com.pl/" "Mozilla/5.0 (Android 14; Mobile; rv:136.0) Gecko/136.0 Firefox/136.0"
37.248.171.109 - - [10/Mar/2025:09:06:35 +0100] "GET /pgm/wp-content/plugins/contact-form-7/includes/js/index.js?ver=5.6.2 HTTP/1.1" 200 21905 "https://pgm-polkowice.com.pl/" "Mozilla/5.0 (Android 14; Mobile; rv:136.0) Gecko/136.0 Firefox/136.0"
37.248.171.109 - - [10/Mar/2025:09:06:35 +0100] "GET /pgm/wp-content/plugins/ditty-news-ticker/legacy/inc/static/js/swiped-events.min.js?ver=1.1.4 HTTP/1.1" 200 1768 "https://pgm-polkowice.com.pl/" "Mozilla/5.0 (Android 14; Mobile; rv:136.0) Gecko/136.0 Firefox/136.0"
37.248.171.109 - - [10/Mar/2025:09:06:35 +0100] "GET /pgm/wp-includes/js/imagesloaded.min.js?ver=5.0.0 HTTP/1.1" 200 5520 "https://pgm-polkowice.com.pl/" "Mozilla/5.0 (Android 14; Mobile; rv:136.0) Gecko/136.0 Firefox/136.0"
37.248.171.109 - - [10/Mar/2025:09:06:35 +0100] "GET /pgm/wp-includes/js/jquery/ui/effect.min.js?ver=1.13.3 HTTP/1.1" 200 10332 "https://pgm-polkowice.com.pl/" "Mozilla/5.0 (Android 14; Mobile; rv:136.0) Gecko/136.0 Firefox/136.0"
37.248.171.109 - - [10/Mar/2025:09:06:35 +0100] "GET /pgm/wp-content/plugins/ditty-news-ticker/legacy/inc/static/js/ditty-news-ticker.min.js?ver=3.0.27 HTTP/1.1" 200 13867 "https://pgm-polkowice.com.pl/" "Mozilla/5.0 (Android 14; Mobile; rv:136.0) Gecko/136.0 Firefox/136.0"
37.248.171.109 - - [10/Mar/2025:09:06:35 +0100] "GET /pgm/wp-content/plugins/contact-form-7/modules/recaptcha/index.js?ver=5.6.2 HTTP/1.1" 200 999 "https://pgm-polkowice.com.pl/" "Mozilla/5.0 (Android 14; Mobile; rv:136.0) Gecko/136.0 Firefox/136.0"
37.248.171.109 - - [10/Mar/2025:09:06:35 +0100] "GET /pgm/wp-content/themes/Avada/includes/lib/assets/min/js/library/modernizr.js?ver=3.3.1 HTTP/1.1" 200 12991 "https://pgm-polkowice.com.pl/" "Mozilla/5.0 (Android 14; Mobile; rv:136.0) Gecko/136.0 Firefox/136.0"
37.248.171.109 - - [10/Mar/2025:09:06:35 +0100] "GET /pgm/wp-content/plugins/fusion-builder/assets/js/min/general/fusion-column-bg-image.js?ver=1 HTTP/1.1" 200 2221 "https://pgm-polkowice.com.pl/" "Mozilla/5.0 (Android 14; Mobile; rv:136.0) Gecko/136.0 Firefox/136.0"
37.248.171.109 - - [10/Mar/2025:09:06:35 +0100] "GET /pgm/wp-content/themes/Avada/includes/lib/assets/min/js/library/cssua.js?ver=2.1.28 HTTP/1.1" 200 3344 "https://pgm-polkowice.com.pl/" "Mozilla/5.0 (Android 14; Mobile; rv:136.0) Gecko/136.0 Firefox/136.0"
37.248.171.109 - - [10/Mar/2025:09:06:35 +0100] "GET /pgm/wp-content/themes/Avada/includes/lib/assets/min/js/general/fusion.js?ver=3.2.1 HTTP/1.1" 200 3506 "https://pgm-polkowice.com.pl/" "Mozilla/5.0 (Android 14; Mobile; rv:136.0) Gecko/136.0 Firefox/136.0"
37.248.171.109 - - [10/Mar/2025:09:06:35 +0100] "GET /pgm/wp-content/themes/Avada/includes/lib/assets/min/js/library/bootstrap.tooltip.js?ver=3.3.5 HTTP/1.1" 200 10862 "https://pgm-polkowice.com.pl/" "Mozilla/5.0 (Android 14; Mobile; rv:136.0) Gecko/136.0 Firefox/136.0"
37.248.171.109 - - [10/Mar/2025:09:06:35 +0100] "GET /pgm/wp-content/themes/Avada/includes/lib/assets/min/js/library/jquery.waypoints.js?ver=2.0.3 HTTP/1.1" 200 8833 "https://pgm-polkowice.com.pl/" "Mozilla/5.0 (Android 14; Mobile; rv:136.0) Gecko/136.0 Firefox/136.0"
37.248.171.109 - - [10/Mar/2025:09:06:35 +0100] "GET /pgm/wp-content/themes/Avada/includes/lib/assets/min/js/library/jquery.requestAnimationFrame.js?ver=1 HTTP/1.1" 200 695 "https://pgm-polkowice.com.pl/" "Mozilla/5.0 (Android 14; Mobile; rv:136.0) Gecko/136.0 Firefox/136.0"
37.248.171.109 - - [10/Mar/2025:09:06:35 +0100] "GET /pgm/wp-content/themes/Avada/includes/lib/assets/min/js/library/jquery.easing.js?ver=1.3 HTTP/1.1" 200 2283 "https://pgm-polkowice.com.pl/" "Mozilla/5.0 (Android 14; Mobile; rv:136.0) Gecko/136.0 Firefox/136.0"
37.248.171.109 - - [10/Mar/2025:09:06:35 +0100] "GET /pgm/wp-content/themes/Avada/includes/lib/assets/min/js/library/jquery.fitvids.js?ver=1.1 HTTP/1.1" 200 1767 "https://pgm-polkowice.com.pl/" "Mozilla/5.0 (Android 14; Mobile; rv:136.0) Gecko/136.0 Firefox/136.0"
37.248.171.109 - - [10/Mar/2025:09:06:35 +0100] "GET /pgm/wp-content/themes/Avada/includes/lib/assets/min/js/library/jquery.flexslider.js?ver=2.7.2 HTTP/1.1" 200 22335 "https://pgm-polkowice.com.pl/" "Mozilla/5.0 (Android 14; Mobile; rv:136.0) Gecko/136.0 Firefox/136.0"
37.248.171.109 - - [10/Mar/2025:09:06:35 +0100] "GET /pgm/wp-content/themes/Avada/includes/lib/assets/min/js/library/jquery.hoverflow.js?ver=1 HTTP/1.1" 200 647 "https://pgm-polkowice.com.pl/" "Mozilla/5.0 (Android 14; Mobile; rv:136.0) Gecko/136.0 Firefox/136.0"
37.248.171.109 - - [10/Mar/2025:09:06:35 +0100] "GET /pgm/wp-content/themes/Avada/includes/lib/assets/min/js/library/jquery.hoverintent.js?ver=1 HTTP/1.1" 200 1098 "https://pgm-polkowice.com.pl/" "Mozilla/5.0 (Android 14; Mobile; rv:136.0) Gecko/136.0 Firefox/136.0"
37.248.171.109 - - [10/Mar/2025:09:06:35 +0100] "GET /pgm/wp-content/themes/Avada/includes/lib/assets/min/js/library/jquery.ilightbox.js?ver=2.2.3 HTTP/1.1" 200 82293 "https://pgm-polkowice.com.pl/" "Mozilla/5.0 (Android 14; Mobile; rv:136.0) Gecko/136.0 Firefox/136.0"
37.248.171.109 - - [10/Mar/2025:09:06:35 +0100] "GET /pgm/wp-content/themes/Avada/includes/lib/assets/min/js/library/jquery.mousewheel.js?ver=3.0.6 HTTP/1.1" 200 2604 "https://pgm-polkowice.com.pl/" "Mozilla/5.0 (Android 14; Mobile; rv:136.0) Gecko/136.0 Firefox/136.0"
37.248.171.109 - - [10/Mar/2025:09:06:35 +0100] "GET /pgm/wp-content/themes/Avada/includes/lib/assets/min/js/library/jquery.placeholder.js?ver=2.0.7 HTTP/1.1" 200 2176 "https://pgm-polkowice.com.pl/" "Mozilla/5.0 (Android 14; Mobile; rv:136.0) Gecko/136.0 Firefox/136.0"
37.248.171.109 - - [10/Mar/2025:09:06:35 +0100] "GET /pgm/wp-content/themes/Avada/includes/lib/assets/min/js/library/jquery.fade.js?ver=1 HTTP/1.1" 200 1162 "https://pgm-polkowice.com.pl/" "Mozilla/5.0 (Android 14; Mobile; rv:136.0) Gecko/136.0 Firefox/136.0"
37.248.171.109 - - [10/Mar/2025:09:06:35 +0100] "GET /pgm/wp-content/themes/Avada/includes/lib/assets/min/js/general/fusion-equal-heights.js?ver=1 HTTP/1.1" 200 1417 "https://pgm-polkowice.com.pl/" "Mozilla/5.0 (Android 14; Mobile; rv:136.0) Gecko/136.0 Firefox/136.0"
37.248.171.109 - - [10/Mar/2025:09:06:35 +0100] "GET /pgm/wp-content/themes/Avada/includes/lib/assets/min/js/library/fusion-parallax.js?ver=1 HTTP/1.1" 200 12004 "https://pgm-polkowice.com.pl/" "Mozilla/5.0 (Android 14; Mobile; rv:136.0) Gecko/136.0 Firefox/136.0"
37.248.171.109 - - [10/Mar/2025:09:06:35 +0100] "GET /pgm/wp-content/themes/Avada/includes/lib/assets/min/js/library/fusion-video-general.js?ver=1 HTTP/1.1" 200 6803 "https://pgm-polkowice.com.pl/" "Mozilla/5.0 (Android 14; Mobile; rv:136.0) Gecko/136.0 Firefox/136.0"
37.248.171.109 - - [10/Mar/2025:09:06:35 +0100] "GET /pgm/wp-content/themes/Avada/includes/lib/assets/min/js/library/fusion-video-bg.js?ver=1 HTTP/1.1" 200 5453 "https://pgm-polkowice.com.pl/" "Mozilla/5.0 (Android 14; Mobile; rv:136.0) Gecko/136.0 Firefox/136.0"
37.248.171.109 - - [10/Mar/2025:09:06:35 +0100] "GET /pgm/wp-content/themes/Avada/includes/lib/assets/min/js/general/fusion-waypoints.js?ver=1 HTTP/1.1" 200 503 "https://pgm-polkowice.com.pl/" "Mozilla/5.0 (Android 14; Mobile; rv:136.0) Gecko/136.0 Firefox/136.0"
37.248.171.109 - - [10/Mar/2025:09:06:35 +0100] "GET /pgm/wp-content/themes/Avada/includes/lib/assets/min/js/general/fusion-lightbox.js?ver=1 HTTP/1.1" 200 7279 "https://pgm-polkowice.com.pl/" "Mozilla/5.0 (Android 14; Mobile; rv:136.0) Gecko/136.0 Firefox/136.0"
37.248.171.109 - - [10/Mar/2025:09:06:35 +0100] "GET /pgm/wp-content/themes/Avada/includes/lib/assets/min/js/general/fusion-tooltip.js?ver=1 HTTP/1.1" 200 1707 "https://pgm-polkowice.com.pl/" "Mozilla/5.0 (Android 14; Mobile; rv:136.0) Gecko/136.0 Firefox/136.0"
37.248.171.109 - - [10/Mar/2025:09:06:35 +0100] "GET /pgm/wp-content/themes/Avada/includes/lib/assets/min/js/general/fusion-sharing-box.js?ver=1 HTTP/1.1" 200 920 "https://pgm-polkowice.com.pl/" "Mozilla/5.0 (Android 14; Mobile; rv:136.0) Gecko/136.0 Firefox/136.0"
37.248.171.109 - - [10/Mar/2025:09:06:35 +0100] "GET /pgm/wp-content/themes/Avada/includes/lib/assets/min/js/library/jquery.sticky-kit.js?ver=1.1.2 HTTP/1.1" 200 5806 "https://pgm-polkowice.com.pl/" "Mozilla/5.0 (Android 14; Mobile; rv:136.0) Gecko/136.0 Firefox/136.0"
37.248.171.109 - - [10/Mar/2025:09:06:35 +0100] "GET /pgm/wp-content/themes/Avada/includes/lib/assets/min/js/library/vimeoPlayer.js?ver=2.2.1 HTTP/1.1" 200 16573 "https://pgm-polkowice.com.pl/" "Mozilla/5.0 (Android 14; Mobile; rv:136.0) Gecko/136.0 Firefox/136.0"
37.248.171.109 - - [10/Mar/2025:09:06:35 +0100] "GET /pgm/wp-content/themes/Avada/assets/min/js/general/avada-skip-link-focus-fix.js?ver=7.2.1 HTTP/1.1" 200 325 "https://pgm-polkowice.com.pl/" "Mozilla/5.0 (Android 14; Mobile; rv:136.0) Gecko/136.0 Firefox/136.0"
37.248.171.109 - - [10/Mar/2025:09:06:35 +0100] "GET /pgm/wp-content/themes/Avada/assets/min/js/library/bootstrap.scrollspy.js?ver=3.3.2 HTTP/1.1" 200 2709 "https://pgm-polkowice.com.pl/" "Mozilla/5.0 (Android 14; Mobile; rv:136.0) Gecko/136.0 Firefox/136.0"
37.248.171.109 - - [10/Mar/2025:09:06:35 +0100] "GET /pgm/wp-content/themes/Avada/assets/min/js/general/avada-general-footer.js?ver=7.2.1 HTTP/1.1" 200 413 "https://pgm-polkowice.com.pl/" "Mozilla/5.0 (Android 14; Mobile; rv:136.0) Gecko/136.0 Firefox/136.0"
37.248.171.109 - - [10/Mar/2025:09:06:35 +0100] "GET /pgm/wp-content/themes/Avada/assets/min/js/general/avada-quantity.js?ver=7.2.1 HTTP/1.1" 200 1848 "https://pgm-polkowice.com.pl/" "Mozilla/5.0 (Android 14; Mobile; rv:136.0) Gecko/136.0 Firefox/136.0"
37.248.171.109 - - [10/Mar/2025:09:06:35 +0100] "GET /pgm/wp-content/themes/Avada/assets/min/js/general/avada-select.js?ver=7.2.1 HTTP/1.1" 200 682 "https://pgm-polkowice.com.pl/" "Mozilla/5.0 (Android 14; Mobile; rv:136.0) Gecko/136.0 Firefox/136.0"
37.248.171.109 - - [10/Mar/2025:09:06:35 +0100] "GET /pgm/wp-content/themes/Avada/assets/min/js/general/avada-tabs-widget.js?ver=7.2.1 HTTP/1.1" 200 498 "https://pgm-polkowice.com.pl/" "Mozilla/5.0 (Android 14; Mobile; rv:136.0) Gecko/136.0 Firefox/136.0"
37.248.171.109 - - [10/Mar/2025:09:06:35 +0100] "GET /pgm/wp-content/themes/Avada/assets/min/js/general/avada-contact-form-7.js?ver=7.2.1 HTTP/1.1" 200 1707 "https://pgm-polkowice.com.pl/" "Mozilla/5.0 (Android 14; Mobile; rv:136.0) Gecko/136.0 Firefox/136.0"
37.248.171.109 - - [10/Mar/2025:09:06:35 +0100] "GET /pgm/wp-content/themes/Avada/assets/min/js/general/avada-live-search.js?ver=7.2.1 HTTP/1.1" 200 3062 "https://pgm-polkowice.com.pl/" "Mozilla/5.0 (Android 14; Mobile; rv:136.0) Gecko/136.0 Firefox/136.0"
37.248.171.109 - - [10/Mar/2025:09:06:35 +0100] "GET /pgm/wp-content/themes/Avada/includes/lib/assets/min/js/general/fusion-alert.js?ver=6.7.2 HTTP/1.1" 200 260 "https://pgm-polkowice.com.pl/" "Mozilla/5.0 (Android 14; Mobile; rv:136.0) Gecko/136.0 Firefox/136.0"
37.248.171.109 - - [10/Mar/2025:09:06:35 +0100] "GET /pgm/wp-content/themes/Avada/includes/lib/assets/min/js/general/fusion-flexslider.js?ver=6.7.2 HTTP/1.1" 200 5834 "https://pgm-polkowice.com.pl/" "Mozilla/5.0 (Android 14; Mobile; rv:136.0) Gecko/136.0 Firefox/136.0"
37.248.171.109 - - [10/Mar/2025:09:06:35 +0100] "GET /pgm/wp-content/plugins/fusion-builder/assets/js/min/library/jquery.textillate.js?ver=2.0 HTTP/1.1" 200 5946 "https://pgm-polkowice.com.pl/" "Mozilla/5.0 (Android 14; Mobile; rv:136.0) Gecko/136.0 Firefox/136.0"
37.248.171.109 - - [10/Mar/2025:09:06:35 +0100] "GET /pgm/wp-content/plugins/fusion-builder/assets/js/min/general/fusion-title.js?ver=6.7.2 HTTP/1.1" 200 3879 "https://pgm-polkowice.com.pl/" "Mozilla/5.0 (Android 14; Mobile; rv:136.0) Gecko/136.0 Firefox/136.0"
37.248.171.109 - - [10/Mar/2025:09:06:35 +0100] "GET /pgm/wp-content/plugins/fusion-builder/assets/js/min/general/fusion-animations.js?ver=6.7.2 HTTP/1.1" 200 1642 "https://pgm-polkowice.com.pl/" "Mozilla/5.0 (Android 14; Mobile; rv:136.0) Gecko/136.0 Firefox/136.0"
37.248.171.109 - - [10/Mar/2025:09:06:35 +0100] "GET /pgm/wp-content/themes/Avada/includes/lib/assets/min/js/general/fusion-button.js?ver=6.7.2 HTTP/1.1" 200 236 "https://pgm-polkowice.com.pl/" "Mozilla/5.0 (Android 14; Mobile; rv:136.0) Gecko/136.0 Firefox/136.0"
37.248.171.109 - - [10/Mar/2025:09:06:35 +0100] "GET /pgm/wp-content/plugins/fusion-builder/assets/js/min/general/fusion-menu.js?ver=1 HTTP/1.1" 200 10202 "https://pgm-polkowice.com.pl/" "Mozilla/5.0 (Android 14; Mobile; rv:136.0) Gecko/136.0 Firefox/136.0"
37.248.171.109 - - [10/Mar/2025:09:06:35 +0100] "GET /pgm/wp-content/plugins/fusion-builder/assets/js/min/general/fusion-container.js?ver=1 HTTP/1.1" 200 15833 "https://pgm-polkowice.com.pl/" "Mozilla/5.0 (Android 14; Mobile; rv:136.0) Gecko/136.0 Firefox/136.0"
37.248.171.109 - - [10/Mar/2025:09:06:35 +0100] "GET /pgm/wp-content/themes/Avada/assets/min/js/general/avada-drop-down.js?ver=7.2.1 HTTP/1.1" 200 5839 "https://pgm-polkowice.com.pl/" "Mozilla/5.0 (Android 14; Mobile; rv:136.0) Gecko/136.0 Firefox/136.0"
37.248.171.109 - - [10/Mar/2025:09:06:35 +0100] "GET /pgm/wp-content/themes/Avada/assets/min/js/general/avada-to-top.js?ver=7.2.1 HTTP/1.1" 200 1012 "https://pgm-polkowice.com.pl/" "Mozilla/5.0 (Android 14; Mobile; rv:136.0) Gecko/136.0 Firefox/136.0"
37.248.171.109 - - [10/Mar/2025:09:06:35 +0100] "GET /pgm/wp-content/themes/Avada/assets/min/js/general/avada-header.js?ver=7.2.1 HTTP/1.1" 200 33211 "https://pgm-polkowice.com.pl/" "Mozilla/5.0 (Android 14; Mobile; rv:136.0) Gecko/136.0 Firefox/136.0"
37.248.171.109 - - [10/Mar/2025:09:06:35 +0100] "GET /pgm/wp-content/themes/Avada/assets/min/js/general/avada-menu.js?ver=7.2.1 HTTP/1.1" 200 40017 "https://pgm-polkowice.com.pl/" "Mozilla/5.0 (Android 14; Mobile; rv:136.0) Gecko/136.0 Firefox/136.0"
37.248.171.109 - - [10/Mar/2025:09:06:35 +0100] "GET /pgm/wp-content/themes/Avada/assets/min/js/general/avada-sidebars.js?ver=7.2.1 HTTP/1.1" 200 3569 "https://pgm-polkowice.com.pl/" "Mozilla/5.0 (Android 14; Mobile; rv:136.0) Gecko/136.0 Firefox/136.0"
37.248.171.109 - - [10/Mar/2025:09:06:35 +0100] "GET /pgm/wp-content/themes/Avada/assets/min/js/general/avada-scrollspy.js?ver=7.2.1 HTTP/1.1" 200 761 "https://pgm-polkowice.com.pl/" "Mozilla/5.0 (Android 14; Mobile; rv:136.0) Gecko/136.0 Firefox/136.0"
37.248.171.109 - - [10/Mar/2025:09:06:35 +0100] "GET /pgm/wp-content/themes/Avada/includes/lib/assets/min/js/general/fusion-responsive-typography.js?ver=1 HTTP/1.1" 200 3575 "https://pgm-polkowice.com.pl/" "Mozilla/5.0 (Android 14; Mobile; rv:136.0) Gecko/136.0 Firefox/136.0"
37.248.171.109 - - [10/Mar/2025:09:06:35 +0100] "GET /pgm/wp-content/themes/Avada/includes/lib/assets/min/js/general/fusion-scroll-to-anchor.js?ver=1 HTTP/1.1" 200 5512 "https://pgm-polkowice.com.pl/" "Mozilla/5.0 (Android 14; Mobile; rv:136.0) Gecko/136.0 Firefox/136.0"
37.248.171.109 - - [10/Mar/2025:09:06:35 +0100] "GET /pgm/wp-content/themes/Avada/includes/lib/assets/min/js/general/fusion-general-global.js?ver=1 HTTP/1.1" 200 483 "https://pgm-polkowice.com.pl/" "Mozilla/5.0 (Android 14; Mobile; rv:136.0) Gecko/136.0 Firefox/136.0"
37.248.171.109 - - [10/Mar/2025:09:06:35 +0100] "GET /pgm/wp-content/plugins/fusion-core/js/min/fusion-vertical-menu-widget.js?ver=5.2.1 HTTP/1.1" 200 1887 "https://pgm-polkowice.com.pl/" "Mozilla/5.0 (Android 14; Mobile; rv:136.0) Gecko/136.0 Firefox/136.0"
37.248.171.109 - - [10/Mar/2025:09:06:35 +0100] "GET /pgm/wp-content/plugins/fusion-builder/assets/js/min/general/fusion-video.js?ver=1 HTTP/1.1" 200 2069 "https://pgm-polkowice.com.pl/" "Mozilla/5.0 (Android 14; Mobile; rv:136.0) Gecko/136.0 Firefox/136.0"
37.248.171.109 - - [10/Mar/2025:09:06:35 +0100] "GET /pgm/wp-content/plugins/fusion-builder/assets/js/min/general/fusion-column.js?ver=1 HTTP/1.1" 200 5069 "https://pgm-polkowice.com.pl/" "Mozilla/5.0 (Android 14; Mobile; rv:136.0) Gecko/136.0 Firefox/136.0"
37.248.171.109 - - [10/Mar/2025:09:06:36 +0100] "GET /pgm/wp-content/uploads/2020/11/slide-9-scaled.jpg HTTP/1.1" 200 424247 "https://pgm-polkowice.com.pl/" "Mozilla/5.0 (Android 14; Mobile; rv:136.0) Gecko/136.0 Firefox/136.0"
37.248.171.109 - - [10/Mar/2025:09:06:36 +0100] "GET /pgm/wp-content/uploads/2020/10/bg-park-3-scaled.jpg HTTP/1.1" 200 189446 "https://pgm-polkowice.com.pl/" "Mozilla/5.0 (Android 14; Mobile; rv:136.0) Gecko/136.0 Firefox/136.0"
37.248.171.109 - - [10/Mar/2025:09:06:36 +0100] "GET /pgm/wp-content/uploads/2020/11/waterbg-scaled.jpg HTTP/1.1" 200 225655 "https://pgm-polkowice.com.pl/" "Mozilla/5.0 (Android 14; Mobile; rv:136.0) Gecko/136.0 Firefox/136.0"
37.248.171.109 - - [10/Mar/2025:09:06:36 +0100] "GET /pgm/wp-content/uploads/fusion-gfonts/1Ptyg83HX_SGhgqO0yLcmjzUAuWexZNR8aevHZ47LTd9ww.woff HTTP/1.1" 200 17252 "https://pgm-polkowice.com.pl/wp-content/uploads/fusion-styles/9687d07d92b2d0987912a587907d5dd1.min.css?ver=3.2.1" "Mozilla/5.0 (Android 14; Mobile; rv:136.0) Gecko/136.0 Firefox/136.0"
37.248.171.109 - - [10/Mar/2025:09:06:36 +0100] "GET /pgm/wp-content/uploads/fusion-gfonts/1Ptyg83HX_SGhgqO0yLcmjzUAuWexXRW8aevHZ47LTd9ww.woff HTTP/1.1" 200 17120 "https://pgm-polkowice.com.pl/wp-content/uploads/fusion-styles/9687d07d92b2d0987912a587907d5dd1.min.css?ver=3.2.1" "Mozilla/5.0 (Android 14; Mobile; rv:136.0) Gecko/136.0 Firefox/136.0"
37.248.171.109 - - [10/Mar/2025:09:06:36 +0100] "GET /pgm/wp-content/uploads/fusion-gfonts/1Ptyg83HX_SGhgqO0yLcmjzUAuWexZNR8amvHZ47LTd9w_ak.woff HTTP/1.1" 200 17552 "https://pgm-polkowice.com.pl/wp-content/uploads/fusion-styles/9687d07d92b2d0987912a587907d5dd1.min.css?ver=3.2.1" "Mozilla/5.0 (Android 14; Mobile; rv:136.0) Gecko/136.0 Firefox/136.0"
37.248.171.109 - - [10/Mar/2025:09:06:36 +0100] "GET /pgm/wp-content/uploads/fusion-gfonts/1Ptyg83HX_SGhgqO0yLcmjzUAuWexXRW8amvHZ47LTd9w_ak.woff HTTP/1.1" 200 17492 "https://pgm-polkowice.com.pl/wp-content/uploads/fusion-styles/9687d07d92b2d0987912a587907d5dd1.min.css?ver=3.2.1" "Mozilla/5.0 (Android 14; Mobile; rv:136.0) Gecko/136.0 Firefox/136.0"
37.248.171.109 - - [10/Mar/2025:09:06:36 +0100] "GET /pgm/wp-content/themes/Avada/includes/lib/assets/fonts/fontawesome/webfonts/fa-solid-900.woff2 HTTP/1.1" 200 80272 "https://pgm-polkowice.com.pl/wp-content/uploads/fusion-styles/9687d07d92b2d0987912a587907d5dd1.min.css?ver=3.2.1" "Mozilla/5.0 (Android 14; Mobile; rv:136.0) Gecko/136.0 Firefox/136.0"
37.248.171.109 - - [10/Mar/2025:09:06:36 +0100] "GET /pgm/wp-content/themes/Avada/includes/lib/assets/fonts/icomoon/icomoon.woff HTTP/1.1" 200 20908 "https://pgm-polkowice.com.pl/wp-content/uploads/fusion-styles/9687d07d92b2d0987912a587907d5dd1.min.css?ver=3.2.1" "Mozilla/5.0 (Android 14; Mobile; rv:136.0) Gecko/136.0 Firefox/136.0"
37.248.171.109 - - [10/Mar/2025:09:06:36 +0100] "GET /pgm/wp-content/uploads/2020/11/logo-1x.png HTTP/1.1" 200 8723 "" "Mozilla/5.0 (Android 14; Mobile; rv:136.0) Gecko/136.0 Firefox/136.0"
37.248.171.109 - - [10/Mar/2025:09:06:36 +0100] "GET /pgm/wp-content/uploads/fusion-gfonts/1Ptyg83HX_SGhgqO0yLcmjzUAuWexRNW8aevHZ47LTd9ww.woff HTTP/1.1" 200 17220 "https://pgm-polkowice.com.pl/wp-content/uploads/fusion-styles/9687d07d92b2d0987912a587907d5dd1.min.css?ver=3.2.1" "Mozilla/5.0 (Android 14; Mobile; rv:136.0) Gecko/136.0 Firefox/136.0"
37.248.171.109 - - [10/Mar/2025:09:06:36 +0100] "GET /pgm/wp-content/uploads/fusion-gfonts/1Ptyg83HX_SGhgqO0yLcmjzUAuWexRNW8amvHZ47LTd9w_ak.woff HTTP/1.1" 200 17596 "https://pgm-polkowice.com.pl/wp-content/uploads/fusion-styles/9687d07d92b2d0987912a587907d5dd1.min.css?ver=3.2.1" "Mozilla/5.0 (Android 14; Mobile; rv:136.0) Gecko/136.0 Firefox/136.0"
74.80.208.131 - - [10/Mar/2025:09:06:46 +0100] "GET /pgm/strefa-klienta/edukacja-ekologiczna/ HTTP/1.1" 404 595 "" "Mozilla/5.0 (compatible; ImagesiftBot; +imagesift.com)"
74.80.208.131 - - [10/Mar/2025:09:07:14 +0100] "GET /pgm/o-firmie/informacje-o-spolce/ HTTP/1.1" 404 588 "" "Mozilla/5.0 (compatible; ImagesiftBot; +imagesift.com)"
66.249.79.102 - - [10/Mar/2025:09:07:31 +0100] "GET /bip/index.php/przetargi/27-przebudowa-sieci-kanalizacji-deszczowej-pcv-200-i-przylacza-kanalizacji-deszczowej-pcv-160-dla-budynku-przy-ul-kolejowej-1-5-w-polkowicach HTTP/1.1" 200 13186 "" "Mozilla/5.0 (Linux; Android 6.0.1; Nexus 5X Build/MMB29P) AppleWebKit/537.36 (KHTML, like Gecko) Chrome/133.0.6943.53 Mobile Safari/537.36 (compatible; Googlebot/2.1; +http://www.google.com/bot.html)"
74.80.208.131 - - [10/Mar/2025:09:07:42 +0100] "GET /pgm/laboratorium/ HTTP/1.1" 404 572 "" "Mozilla/5.0 (compatible; ImagesiftBot; +imagesift.com)"
74.80.208.131 - - [10/Mar/2025:09:08:10 +0100] "GET /pgm/cieplownictwo/ HTTP/1.1" 404 573 "" "Mozilla/5.0 (compatible; ImagesiftBot; +imagesift.com)"
74.80.208.131 - - [10/Mar/2025:09:08:38 +0100] "GET /pgm/robots.txt HTTP/1.1" 404 569 "" "Mozilla/5.0 (compatible; ImagesiftBot; +imagesift.com)"
66.249.68.37 - - [10/Mar/2025:09:09:00 +0100] "GET /pgm/?page_id=1339 HTTP/1.1" 200 101915 "" "Mozilla/5.0 (Linux; Android 6.0.1; Nexus 5X Build/MMB29P) AppleWebKit/537.36 (KHTML, like Gecko) Chrome/133.0.6943.141 Mobile Safari/537.36 (compatible; Googlebot/2.1; +http://www.google.com/bot.html)"
74.80.208.131 - - [10/Mar/2025:09:09:08 +0100] "GET /pgm/wodociagi-i-kanalizacja/taryfa/ HTTP/1.1" 404 590 "" "Mozilla/5.0 (compatible; ImagesiftBot; +imagesift.com)"
74.80.208.131 - - [10/Mar/2025:09:09:38 +0100] "GET /pgm/multimedia/ HTTP/1.1" 404 570 "" "Mozilla/5.0 (compatible; ImagesiftBot; +imagesift.com)"
74.80.208.131 - - [10/Mar/2025:09:10:10 +0100] "GET /pgm/wodociagi-i-kanalizacja/oczyszczalnie-sciekow/ HTTP/1.1" 404 605 "" "Mozilla/5.0 (compatible; ImagesiftBot; +imagesift.com)"
74.80.208.131 - - [10/Mar/2025:09:10:45 +0100] "GET /pgm/strefa-klienta/ HTTP/1.1" 404 574 "" "Mozilla/5.0 (compatible; ImagesiftBot; +imagesift.com)"
74.80.208.131 - - [10/Mar/2025:09:11:19 +0100] "GET /pgm/strefa-klienta/wnioski-i-formularze/ HTTP/1.1" 404 595 "" "Mozilla/5.0 (compatible; ImagesiftBot; +imagesift.com)"
74.80.208.131 - - [10/Mar/2025:09:11:54 +0100] "GET /pgm/strefa-klienta/ankieta-badania-satysfakcji-klienta/ HTTP/1.1" 404 610 "" "Mozilla/5.0 (compatible; ImagesiftBot; +imagesift.com)"
74.80.208.131 - - [10/Mar/2025:09:12:31 +0100] "GET /pgm/strefa-klienta/odczyt-wodomierza/ HTTP/1.1" 404 592 "" "Mozilla/5.0 (compatible; ImagesiftBot; +imagesift.com)"
54.36.149.19 - - [10/Mar/2025:09:12:51 +0100] "GET /bip/index.php/przetargi/13-wykonywanie-uslugi-kompleksowego-sprzatania-pomieszczen-i-utrzymania-czystosci-wraz-z-dostawa-srodkow-czystosci-w-wytypowanych-obiektach-przedsiebiorstwa-gospodarki-miejskiej-sp-z-o-o-w-polkowicach-nr-spr-11-2020?tmpl=component&print=1 HTTP/1.1" 200 4134 "" "Mozilla/5.0 (compatible; AhrefsBot/7.0; +http://ahrefs.com/robot/)"
66.249.79.205 - - [10/Mar/2025:09:13:02 +0100] "GET /bip/index.php/przetargi/134-nr-sprawy-18-2024-dostawa-paliw-plynnych-oraz-dodatku-do-oleju-napedowego-adblue?tmpl=component&print=1 HTTP/1.1" 200 3825 "" "Mozilla/5.0 (Linux; Android 6.0.1; Nexus 5X Build/MMB29P) AppleWebKit/537.36 (KHTML, like Gecko) Chrome/133.0.6943.53 Mobile Safari/537.36 (compatible; Googlebot/2.1; +http://www.google.com/bot.html)"
147.185.133.12 - - [10/Mar/2025:09:13:05 +0100] "GET / HTTP/1.1" 301 571 "" "Expanse, a Palo Alto Networks company, searches across the global IPv4 space multiple times per day to identify customers' presences on the Internet. If you would like to be excluded from our scans, please send IP addresses/domains to: scaninfo@paloaltonetworks.com"
147.185.133.12 - - [10/Mar/2025:09:13:05 +0100] "GET / HTTP/1.1" 200 509 "http://89.161.186.149:80/" "Expanse, a Palo Alto Networks company, searches across the global IPv4 space multiple times per day to identify customers' presences on the Internet. If you would like to be excluded from our scans, please send IP addresses/domains to: scaninfo@paloaltonetworks.com"
74.80.208.131 - - [10/Mar/2025:09:13:10 +0100] "GET /pgm/strefa-klienta/dzial-obslugi-klienta/ HTTP/1.1" 404 596 "" "Mozilla/5.0 (compatible; ImagesiftBot; +imagesift.com)"
37.248.171.109 - - [10/Mar/2025:09:13:12 +0100] "GET /pgm/?page_id=1512 HTTP/1.1" 200 94526 "https://pgm-polkowice.com.pl/" "Mozilla/5.0 (Android 14; Mobile; rv:136.0) Gecko/136.0 Firefox/136.0"
37.248.171.109 - - [10/Mar/2025:09:13:13 +0100] "GET /pgm/wp-content/uploads/fusion-styles/3e955ca3765ef40be23c9cd66e7fc9a5.min.css?ver=3.2.1 HTTP/1.1" 200 1156386 "https://pgm-polkowice.com.pl/?page_id=1512" "Mozilla/5.0 (Android 14; Mobile; rv:136.0) Gecko/136.0 Firefox/136.0"
37.248.171.109 - - [10/Mar/2025:09:13:13 +0100] "GET /pgm/index.php?rest_route=/contact-form-7/v1/contact-forms/5/feedback/schema HTTP/1.1" 200 357 "https://pgm-polkowice.com.pl/?page_id=1512" "Mozilla/5.0 (Android 14; Mobile; rv:136.0) Gecko/136.0 Firefox/136.0"
74.80.208.131 - - [10/Mar/2025:09:13:49 +0100] "GET /pgm/ HTTP/1.1" 301 577 "" "Mozilla/5.0 (compatible; ImagesiftBot; +imagesift.com)"
66.249.79.101 - - [10/Mar/2025:09:14:15 +0100] "GET /bip/images/Przetargi/2023/odpowedz na pytania so SWZ 6__2023.pdf HTTP/1.1" 200 302650 "" "Mozilla/5.0 (Linux; Android 6.0.1; Nexus 5X Build/MMB29P) AppleWebKit/537.36 (KHTML, like Gecko) Chrome/133.0.6943.141 Mobile Safari/537.36 (compatible; Googlebot/2.1; +http://www.google.com/bot.html)"
74.80.208.131 - - [10/Mar/2025:09:14:29 +0100] "GET /pgm/o-firmie/polityka-bezpieczenstwa-informacji/ HTTP/1.1" 404 603 "" "Mozilla/5.0 (compatible; ImagesiftBot; +imagesift.com)"
66.249.68.35 - - [10/Mar/2025:09:14:58 +0100] "GET /pgm/?page_id=1441 HTTP/1.1" 200 99534 "" "Mozilla/5.0 (Linux; Android 6.0.1; Nexus 5X Build/MMB29P) AppleWebKit/537.36 (KHTML, like Gecko) Chrome/133.0.6943.141 Mobile Safari/537.36 (compatible; Googlebot/2.1; +http://www.google.com/bot.html)"
74.80.208.131 - - [10/Mar/2025:09:15:08 +0100] "GET /pgm/cieplownictwo/cennik/ HTTP/1.1" 404 580 "" "Mozilla/5.0 (compatible; ImagesiftBot; +imagesift.com)"
74.80.208.131 - - [10/Mar/2025:09:15:51 +0100] "GET /pgm/kontakt/ HTTP/1.1" 404 567 "" "Mozilla/5.0 (compatible; ImagesiftBot; +imagesift.com)"
74.80.208.131 - - [10/Mar/2025:09:16:41 +0100] "GET /pgm/strefa-klienta/awarie-i-remonty/ HTTP/1.1" 404 591 "" "Mozilla/5.0 (compatible; ImagesiftBot; +imagesift.com)"
78.30.82.220 - - [10/Mar/2025:09:16:52 +0100] "GET /pgm/ HTTP/1.1" 200 125146 "" "Mozilla/5.0 (iPad; CPU OS 12_5_7 like Mac OS X) AppleWebKit/605.1.15 (KHTML, like Gecko) Version/12.1.2 Mobile/15E148 Safari/604.1"
78.30.82.220 - - [10/Mar/2025:09:16:56 +0100] "GET /pgm/apple-touch-icon-152x152-precomposed.png HTTP/1.1" 404 599 "" "MobileSafari/604.1 CFNetwork/978.0.7 Darwin/18.7.0"
78.30.82.220 - - [10/Mar/2025:09:16:56 +0100] "GET /pgm/apple-touch-icon-152x152.png HTTP/1.1" 404 587 "" "MobileSafari/604.1 CFNetwork/978.0.7 Darwin/18.7.0"
78.30.82.220 - - [10/Mar/2025:09:16:56 +0100] "GET /pgm/apple-touch-icon-precomposed.png HTTP/1.1" 404 591 "" "MobileSafari/604.1 CFNetwork/978.0.7 Darwin/18.7.0"
78.30.82.220 - - [10/Mar/2025:09:16:56 +0100] "GET /pgm/apple-touch-icon.png HTTP/1.1" 404 579 "" "MobileSafari/604.1 CFNetwork/978.0.7 Darwin/18.7.0"
78.30.82.220 - - [10/Mar/2025:09:16:56 +0100] "GET /pgm/favicon.ico HTTP/1.1" 404 570 "" "MobileSafari/604.1 CFNetwork/978.0.7 Darwin/18.7.0"
78.30.82.220 - - [10/Mar/2025:09:16:56 +0100] "GET /pgm/apple-touch-icon-152x152-precomposed.png HTTP/1.1" 404 599 "" "MobileSafari/604.1 CFNetwork/978.0.7 Darwin/18.7.0"
78.30.82.220 - - [10/Mar/2025:09:16:56 +0100] "GET /pgm/apple-touch-icon-152x152.png HTTP/1.1" 404 587 "" "MobileSafari/604.1 CFNetwork/978.0.7 Darwin/18.7.0"
78.30.82.220 - - [10/Mar/2025:09:16:56 +0100] "GET /pgm/apple-touch-icon-precomposed.png HTTP/1.1" 404 591 "" "MobileSafari/604.1 CFNetwork/978.0.7 Darwin/18.7.0"
78.30.82.220 - - [10/Mar/2025:09:16:56 +0100] "GET /pgm/apple-touch-icon.png HTTP/1.1" 404 579 "" "MobileSafari/604.1 CFNetwork/978.0.7 Darwin/18.7.0"
78.30.82.220 - - [10/Mar/2025:09:16:56 +0100] "GET /pgm/favicon.ico HTTP/1.1" 404 570 "" "MobileSafari/604.1 CFNetwork/978.0.7 Darwin/18.7.0"
74.80.208.131 - - [10/Mar/2025:09:17:56 +0100] "GET /pgm/cieplownictwo/przylaczenie-do-sieci/ HTTP/1.1" 404 595 "" "Mozilla/5.0 (compatible; ImagesiftBot; +imagesift.com)"
54.36.148.33 - - [10/Mar/2025:09:19:50 +0100] "GET /bip/index.php/przetargi/76-dostawa-materialow-i-armatury-na-potrzeby-zakladu-wodociagow-i-kanalizacji-nr-spr-9-2022?tmpl=component&print=1 HTTP/1.1" 200 3948 "" "Mozilla/5.0 (compatible; AhrefsBot/7.0; +http://ahrefs.com/robot/)"
74.80.208.131 - - [10/Mar/2025:09:20:03 +0100] "GET /pgm/wodociagi-i-kanalizacja/do-pobrania/ HTTP/1.1" 404 595 "" "Mozilla/5.0 (compatible; ImagesiftBot; +imagesift.com)"
189.148.158.83 - - [10/Mar/2025:09:20:09 +0100] "GET /pgm/wp-login.php HTTP/1.1" 200 9896 "" "GRequests/0.10"
89.161.186.149 - - [10/Mar/2025:09:20:12 +0100] "POST /pgm/wp-cron.php?doing_wp_cron=1741594808.8499329090118408203125 HTTP/1.1" 200 0 "" "WordPress/6.7.2; https://pgm-polkowice.com.pl"
145.220.91.19 - - [10/Mar/2025:09:21:39 +0100] "GET /pgm/ HTTP/1.1" 200 125055 "" "Mozilla/5.0 (Macintosh; Intel Mac OS X 10.15; rv:122.0) Gecko/20100101 Firefox/122.0"
46.41.136.200 - - [10/Mar/2025:09:21:51 +0100] "GET /bip/index.php/ogloszenia HTTP/1.1" 200 13258 "" "Mozilla/5.0 (Windows NT 10.0; Win64; x64; rv:109.0) Gecko/20100101 Firefox/109.0"
69.171.231.4 - - [10/Mar/2025:09:24:06 +0100] "GET /pgm/robots.txt HTTP/1.1" 404 569 "" "facebookexternalhit/1.1 (+http://www.facebook.com/externalhit_uatext.php)"
69.171.231.2 - - [10/Mar/2025:09:24:06 +0100] "GET /pgm/robots.txt HTTP/1.1" 404 569 "" "facebookexternalhit/1.1 (+http://www.facebook.com/externalhit_uatext.php)"
69.171.231.4 - - [10/Mar/2025:09:24:06 +0100] "GET /pgm/robots.txt HTTP/1.1" 404 569 "" "facebookexternalhit/1.1 (+http://www.facebook.com/externalhit_uatext.php)"
66.249.81.192 - - [10/Mar/2025:09:30:46 +0100] "GET /pgm/.well-known/traffic-advice HTTP/1.1" 404 585 "" "Chrome Privacy Preserving Prefetch Proxy"
89.161.186.149 - - [10/Mar/2025:09:30:46 +0100] "POST /pgm/wp-cron.php?doing_wp_cron=1741595446.5141320228576660156250 HTTP/1.1" 200 0 "" "WordPress/6.7.2; https://pgm-polkowice.com.pl"
72.14.201.46 - - [10/Mar/2025:09:30:46 +0100] "GET /pgm/ HTTP/1.1" 200 125129 "https://www.google.com/" "Mozilla/5.0 (Linux; Android 10; K) AppleWebKit/537.36 (KHTML, like Gecko) Chrome/133.0.0.0 Mobile Safari/537.36"
37.30.4.239 - - [10/Mar/2025:09:30:48 +0100] "GET /pgm/ HTTP/1.1" 301 577 "https://www.google.com/" "Mozilla/5.0 (Linux; Android 10; K) AppleWebKit/537.36 (KHTML, like Gecko) Chrome/133.0.0.0 Mobile Safari/537.36"
37.30.4.239 - - [10/Mar/2025:09:30:48 +0100] "GET /pgm/wp-includes/js/jquery/jquery-migrate.min.js?ver=3.4.1 HTTP/1.1" 200 13577 "https://pgm-polkowice.com.pl/" "Mozilla/5.0 (Linux; Android 10; K) AppleWebKit/537.36 (KHTML, like Gecko) Chrome/133.0.0.0 Mobile Safari/537.36"
37.30.4.239 - - [10/Mar/2025:09:30:48 +0100] "GET /pgm/wp-content/uploads/2020/11/logo-pgm-1.png HTTP/1.1" 200 34749 "https://pgm-polkowice.com.pl/" "Mozilla/5.0 (Linux; Android 10; K) AppleWebKit/537.36 (KHTML, like Gecko) Chrome/133.0.0.0 Mobile Safari/537.36"
37.30.4.239 - - [10/Mar/2025:09:30:48 +0100] "GET /pgm/wp-includes/js/jquery/jquery.min.js?ver=3.7.1 HTTP/1.1" 200 87553 "https://pgm-polkowice.com.pl/" "Mozilla/5.0 (Linux; Android 10; K) AppleWebKit/537.36 (KHTML, like Gecko) Chrome/133.0.0.0 Mobile Safari/537.36"
37.30.4.239 - - [10/Mar/2025:09:30:48 +0100] "GET /pgm/wp-content/plugins/ditty-news-ticker/legacy/inc/static/libs/fontastic/styles.css?ver=3.0.27 HTTP/1.1" 200 5153 "https://pgm-polkowice.com.pl/" "Mozilla/5.0 (Linux; Android 10; K) AppleWebKit/537.36 (KHTML, like Gecko) Chrome/133.0.0.0 Mobile Safari/537.36"
37.30.4.239 - - [10/Mar/2025:09:30:48 +0100] "GET /pgm/wp-content/plugins/ditty-news-ticker/legacy/inc/static/css/style.css?ver=3.0.27 HTTP/1.1" 200 9848 "https://pgm-polkowice.com.pl/" "Mozilla/5.0 (Linux; Android 10; K) AppleWebKit/537.36 (KHTML, like Gecko) Chrome/133.0.0.0 Mobile Safari/537.36"
37.30.4.239 - - [10/Mar/2025:09:30:48 +0100] "GET /pgm/wp-content/plugins/ditty-news-ticker/includes/css/ditty.css?ver=3.0.27 HTTP/1.1" 200 55876 "https://pgm-polkowice.com.pl/" "Mozilla/5.0 (Linux; Android 10; K) AppleWebKit/537.36 (KHTML, like Gecko) Chrome/133.0.0.0 Mobile Safari/537.36"
37.30.4.239 - - [10/Mar/2025:09:30:48 +0100] "GET /pgm/wp-content/uploads/fusion-styles/9687d07d92b2d0987912a587907d5dd1.min.css?ver=3.2.1 HTTP/1.1" 200 1156269 "https://pgm-polkowice.com.pl/" "Mozilla/5.0 (Linux; Android 10; K) AppleWebKit/537.36 (KHTML, like Gecko) Chrome/133.0.0.0 Mobile Safari/537.36"
37.30.4.239 - - [10/Mar/2025:09:30:48 +0100] "GET /pgm/wp-content/uploads/2020/11/logo-2x-1.png HTTP/1.1" 200 19314 "https://pgm-polkowice.com.pl/" "Mozilla/5.0 (Linux; Android 10; K) AppleWebKit/537.36 (KHTML, like Gecko) Chrome/133.0.0.0 Mobile Safari/537.36"
37.30.4.239 - - [10/Mar/2025:09:30:48 +0100] "GET /pgm/wp-content/uploads/2020/10/cieplo.jpg HTTP/1.1" 200 47620 "https://pgm-polkowice.com.pl/" "Mozilla/5.0 (Linux; Android 10; K) AppleWebKit/537.36 (KHTML, like Gecko) Chrome/133.0.0.0 Mobile Safari/537.36"
37.30.4.239 - - [10/Mar/2025:09:30:48 +0100] "GET /pgm/wp-content/uploads/2020/11/cieplownictwo1.jpg HTTP/1.1" 200 25237 "https://pgm-polkowice.com.pl/" "Mozilla/5.0 (Linux; Android 10; K) AppleWebKit/537.36 (KHTML, like Gecko) Chrome/133.0.0.0 Mobile Safari/537.36"
37.30.4.239 - - [10/Mar/2025:09:30:48 +0100] "GET /pgm/wp-content/uploads/2020/11/zielen1.jpg HTTP/1.1" 200 49321 "https://pgm-polkowice.com.pl/" "Mozilla/5.0 (Linux; Android 10; K) AppleWebKit/537.36 (KHTML, like Gecko) Chrome/133.0.0.0 Mobile Safari/537.36"
37.30.4.239 - - [10/Mar/2025:09:30:48 +0100] "GET /pgm/wp-includes/css/dist/block-library/style.min.css?ver=6.7.2 HTTP/1.1" 200 114706 "https://pgm-polkowice.com.pl/" "Mozilla/5.0 (Linux; Android 10; K) AppleWebKit/537.36 (KHTML, like Gecko) Chrome/133.0.0.0 Mobile Safari/537.36"
37.30.4.239 - - [10/Mar/2025:09:30:48 +0100] "GET /pgm/wp-includes/js/dist/vendor/wp-polyfill.min.js?ver=3.15.0 HTTP/1.1" 200 37931 "https://pgm-polkowice.com.pl/" "Mozilla/5.0 (Linux; Android 10; K) AppleWebKit/537.36 (KHTML, like Gecko) Chrome/133.0.0.0 Mobile Safari/537.36"
37.30.4.239 - - [10/Mar/2025:09:30:48 +0100] "GET /pgm/wp-content/plugins/contact-form-7/includes/js/index.js?ver=5.6.2 HTTP/1.1" 200 21905 "https://pgm-polkowice.com.pl/" "Mozilla/5.0 (Linux; Android 10; K) AppleWebKit/537.36 (KHTML, like Gecko) Chrome/133.0.0.0 Mobile Safari/537.36"
37.30.4.239 - - [10/Mar/2025:09:30:48 +0100] "GET /pgm/wp-content/plugins/ditty-news-ticker/legacy/inc/static/js/swiped-events.min.js?ver=1.1.4 HTTP/1.1" 200 1768 "https://pgm-polkowice.com.pl/" "Mozilla/5.0 (Linux; Android 10; K) AppleWebKit/537.36 (KHTML, like Gecko) Chrome/133.0.0.0 Mobile Safari/537.36"
37.30.4.239 - - [10/Mar/2025:09:30:48 +0100] "GET /pgm/wp-includes/js/imagesloaded.min.js?ver=5.0.0 HTTP/1.1" 200 5520 "https://pgm-polkowice.com.pl/" "Mozilla/5.0 (Linux; Android 10; K) AppleWebKit/537.36 (KHTML, like Gecko) Chrome/133.0.0.0 Mobile Safari/537.36"
37.30.4.239 - - [10/Mar/2025:09:30:48 +0100] "GET /pgm/wp-includes/js/jquery/ui/effect.min.js?ver=1.13.3 HTTP/1.1" 200 10332 "https://pgm-polkowice.com.pl/" "Mozilla/5.0 (Linux; Android 10; K) AppleWebKit/537.36 (KHTML, like Gecko) Chrome/133.0.0.0 Mobile Safari/537.36"
37.30.4.239 - - [10/Mar/2025:09:30:48 +0100] "GET /pgm/wp-content/plugins/ditty-news-ticker/legacy/inc/static/js/ditty-news-ticker.min.js?ver=3.0.27 HTTP/1.1" 200 13867 "https://pgm-polkowice.com.pl/" "Mozilla/5.0 (Linux; Android 10; K) AppleWebKit/537.36 (KHTML, like Gecko) Chrome/133.0.0.0 Mobile Safari/537.36"
37.30.4.239 - - [10/Mar/2025:09:30:49 +0100] "GET /pgm/wp-content/plugins/contact-form-7/modules/recaptcha/index.js?ver=5.6.2 HTTP/1.1" 200 999 "https://pgm-polkowice.com.pl/" "Mozilla/5.0 (Linux; Android 10; K) AppleWebKit/537.36 (KHTML, like Gecko) Chrome/133.0.0.0 Mobile Safari/537.36"
37.30.4.239 - - [10/Mar/2025:09:30:49 +0100] "GET /pgm/wp-content/themes/Avada/includes/lib/assets/min/js/library/modernizr.js?ver=3.3.1 HTTP/1.1" 200 12991 "https://pgm-polkowice.com.pl/" "Mozilla/5.0 (Linux; Android 10; K) AppleWebKit/537.36 (KHTML, like Gecko) Chrome/133.0.0.0 Mobile Safari/537.36"
37.30.4.239 - - [10/Mar/2025:09:30:49 +0100] "GET /pgm/wp-content/plugins/fusion-builder/assets/js/min/general/fusion-column-bg-image.js?ver=1 HTTP/1.1" 200 2221 "https://pgm-polkowice.com.pl/" "Mozilla/5.0 (Linux; Android 10; K) AppleWebKit/537.36 (KHTML, like Gecko) Chrome/133.0.0.0 Mobile Safari/537.36"
37.30.4.239 - - [10/Mar/2025:09:30:49 +0100] "GET /pgm/wp-content/themes/Avada/includes/lib/assets/min/js/library/cssua.js?ver=2.1.28 HTTP/1.1" 200 3344 "https://pgm-polkowice.com.pl/" "Mozilla/5.0 (Linux; Android 10; K) AppleWebKit/537.36 (KHTML, like Gecko) Chrome/133.0.0.0 Mobile Safari/537.36"
37.30.4.239 - - [10/Mar/2025:09:30:49 +0100] "GET /pgm/wp-content/themes/Avada/includes/lib/assets/min/js/general/fusion.js?ver=3.2.1 HTTP/1.1" 200 3506 "https://pgm-polkowice.com.pl/" "Mozilla/5.0 (Linux; Android 10; K) AppleWebKit/537.36 (KHTML, like Gecko) Chrome/133.0.0.0 Mobile Safari/537.36"
37.30.4.239 - - [10/Mar/2025:09:30:49 +0100] "GET /pgm/wp-content/themes/Avada/includes/lib/assets/min/js/library/bootstrap.tooltip.js?ver=3.3.5 HTTP/1.1" 200 10862 "https://pgm-polkowice.com.pl/" "Mozilla/5.0 (Linux; Android 10; K) AppleWebKit/537.36 (KHTML, like Gecko) Chrome/133.0.0.0 Mobile Safari/537.36"
37.30.4.239 - - [10/Mar/2025:09:30:49 +0100] "GET /pgm/wp-content/themes/Avada/includes/lib/assets/min/js/library/jquery.waypoints.js?ver=2.0.3 HTTP/1.1" 200 8833 "https://pgm-polkowice.com.pl/" "Mozilla/5.0 (Linux; Android 10; K) AppleWebKit/537.36 (KHTML, like Gecko) Chrome/133.0.0.0 Mobile Safari/537.36"
37.30.4.239 - - [10/Mar/2025:09:30:49 +0100] "GET /pgm/wp-content/themes/Avada/includes/lib/assets/min/js/library/jquery.requestAnimationFrame.js?ver=1 HTTP/1.1" 200 695 "https://pgm-polkowice.com.pl/" "Mozilla/5.0 (Linux; Android 10; K) AppleWebKit/537.36 (KHTML, like Gecko) Chrome/133.0.0.0 Mobile Safari/537.36"
37.30.4.239 - - [10/Mar/2025:09:30:49 +0100] "GET /pgm/wp-content/themes/Avada/includes/lib/assets/min/js/library/jquery.easing.js?ver=1.3 HTTP/1.1" 200 2283 "https://pgm-polkowice.com.pl/" "Mozilla/5.0 (Linux; Android 10; K) AppleWebKit/537.36 (KHTML, like Gecko) Chrome/133.0.0.0 Mobile Safari/537.36"
37.30.4.239 - - [10/Mar/2025:09:30:49 +0100] "GET /pgm/wp-content/themes/Avada/includes/lib/assets/min/js/library/jquery.fitvids.js?ver=1.1 HTTP/1.1" 200 1767 "https://pgm-polkowice.com.pl/" "Mozilla/5.0 (Linux; Android 10; K) AppleWebKit/537.36 (KHTML, like Gecko) Chrome/133.0.0.0 Mobile Safari/537.36"
