217.96.159.84 - - [10/Mar/2025:10:27:27 +0100] "GET /pgm/wp-content/themes/Avada/includes/lib/assets/min/js/library/fusion-parallax.js?ver=1 HTTP/1.1" 200 12004 "https://pgm-polkowice.com.pl/" "Mozilla/5.0 (Windows NT 10.0; Win64; x64) AppleWebKit/537.36 (KHTML, like Gecko) Chrome/133.0.0.0 Safari/537.36"
217.96.159.84 - - [10/Mar/2025:10:27:27 +0100] "GET /pgm/wp-content/themes/Avada/includes/lib/assets/min/js/library/fusion-video-general.js?ver=1 HTTP/1.1" 200 6803 "https://pgm-polkowice.com.pl/" "Mozilla/5.0 (Windows NT 10.0; Win64; x64) AppleWebKit/537.36 (KHTML, like Gecko) Chrome/133.0.0.0 Safari/537.36"
217.96.159.84 - - [10/Mar/2025:10:27:27 +0100] "GET /pgm/wp-content/themes/Avada/includes/lib/assets/min/js/library/fusion-video-bg.js?ver=1 HTTP/1.1" 200 5453 "https://pgm-polkowice.com.pl/" "Mozilla/5.0 (Windows NT 10.0; Win64; x64) AppleWebKit/537.36 (KHTML, like Gecko) Chrome/133.0.0.0 Safari/537.36"
217.96.159.84 - - [10/Mar/2025:10:27:27 +0100] "GET /pgm/wp-content/themes/Avada/includes/lib/assets/min/js/general/fusion-waypoints.js?ver=1 HTTP/1.1" 200 503 "https://pgm-polkowice.com.pl/" "Mozilla/5.0 (Windows NT 10.0; Win64; x64) AppleWebKit/537.36 (KHTML, like Gecko) Chrome/133.0.0.0 Safari/537.36"
217.96.159.84 - - [10/Mar/2025:10:27:27 +0100] "GET /pgm/wp-content/themes/Avada/includes/lib/assets/min/js/general/fusion-lightbox.js?ver=1 HTTP/1.1" 200 7279 "https://pgm-polkowice.com.pl/" "Mozilla/5.0 (Windows NT 10.0; Win64; x64) AppleWebKit/537.36 (KHTML, like Gecko) Chrome/133.0.0.0 Safari/537.36"
217.96.159.84 - - [10/Mar/2025:10:27:27 +0100] "GET /pgm/wp-content/themes/Avada/includes/lib/assets/min/js/general/fusion-tooltip.js?ver=1 HTTP/1.1" 200 1707 "https://pgm-polkowice.com.pl/" "Mozilla/5.0 (Windows NT 10.0; Win64; x64) AppleWebKit/537.36 (KHTML, like Gecko) Chrome/133.0.0.0 Safari/537.36"
217.96.159.84 - - [10/Mar/2025:10:27:27 +0100] "GET /pgm/wp-content/themes/Avada/includes/lib/assets/min/js/general/fusion-sharing-box.js?ver=1 HTTP/1.1" 200 920 "https://pgm-polkowice.com.pl/" "Mozilla/5.0 (Windows NT 10.0; Win64; x64) AppleWebKit/537.36 (KHTML, like Gecko) Chrome/133.0.0.0 Safari/537.36"
217.96.159.84 - - [10/Mar/2025:10:27:27 +0100] "GET /pgm/wp-content/themes/Avada/includes/lib/assets/min/js/library/jquery.sticky-kit.js?ver=1.1.2 HTTP/1.1" 200 5806 "https://pgm-polkowice.com.pl/" "Mozilla/5.0 (Windows NT 10.0; Win64; x64) AppleWebKit/537.36 (KHTML, like Gecko) Chrome/133.0.0.0 Safari/537.36"
217.96.159.84 - - [10/Mar/2025:10:27:27 +0100] "GET /pgm/wp-content/themes/Avada/includes/lib/assets/min/js/library/vimeoPlayer.js?ver=2.2.1 HTTP/1.1" 200 16573 "https://pgm-polkowice.com.pl/" "Mozilla/5.0 (Windows NT 10.0; Win64; x64) AppleWebKit/537.36 (KHTML, like Gecko) Chrome/133.0.0.0 Safari/537.36"
217.96.159.84 - - [10/Mar/2025:10:27:27 +0100] "GET /pgm/wp-content/themes/Avada/assets/min/js/general/avada-skip-link-focus-fix.js?ver=7.2.1 HTTP/1.1" 200 325 "https://pgm-polkowice.com.pl/" "Mozilla/5.0 (Windows NT 10.0; Win64; x64) AppleWebKit/537.36 (KHTML, like Gecko) Chrome/133.0.0.0 Safari/537.36"
217.96.159.84 - - [10/Mar/2025:10:27:27 +0100] "GET /pgm/wp-content/themes/Avada/assets/min/js/library/bootstrap.scrollspy.js?ver=3.3.2 HTTP/1.1" 200 2709 "https://pgm-polkowice.com.pl/" "Mozilla/5.0 (Windows NT 10.0; Win64; x64) AppleWebKit/537.36 (KHTML, like Gecko) Chrome/133.0.0.0 Safari/537.36"
217.96.159.84 - - [10/Mar/2025:10:27:27 +0100] "GET /pgm/wp-content/themes/Avada/assets/min/js/general/avada-general-footer.js?ver=7.2.1 HTTP/1.1" 200 413 "https://pgm-polkowice.com.pl/" "Mozilla/5.0 (Windows NT 10.0; Win64; x64) AppleWebKit/537.36 (KHTML, like Gecko) Chrome/133.0.0.0 Safari/537.36"
217.96.159.84 - - [10/Mar/2025:10:27:27 +0100] "GET /pgm/wp-content/themes/Avada/assets/min/js/general/avada-quantity.js?ver=7.2.1 HTTP/1.1" 200 1848 "https://pgm-polkowice.com.pl/" "Mozilla/5.0 (Windows NT 10.0; Win64; x64) AppleWebKit/537.36 (KHTML, like Gecko) Chrome/133.0.0.0 Safari/537.36"
217.96.159.84 - - [10/Mar/2025:10:27:27 +0100] "GET /pgm/wp-content/themes/Avada/assets/min/js/general/avada-select.js?ver=7.2.1 HTTP/1.1" 200 682 "https://pgm-polkowice.com.pl/" "Mozilla/5.0 (Windows NT 10.0; Win64; x64) AppleWebKit/537.36 (KHTML, like Gecko) Chrome/133.0.0.0 Safari/537.36"
217.96.159.84 - - [10/Mar/2025:10:27:27 +0100] "GET /pgm/wp-content/themes/Avada/assets/min/js/general/avada-tabs-widget.js?ver=7.2.1 HTTP/1.1" 200 498 "https://pgm-polkowice.com.pl/" "Mozilla/5.0 (Windows NT 10.0; Win64; x64) AppleWebKit/537.36 (KHTML, like Gecko) Chrome/133.0.0.0 Safari/537.36"
217.96.159.84 - - [10/Mar/2025:10:27:27 +0100] "GET /pgm/wp-content/themes/Avada/assets/min/js/general/avada-contact-form-7.js?ver=7.2.1 HTTP/1.1" 200 1707 "https://pgm-polkowice.com.pl/" "Mozilla/5.0 (Windows NT 10.0; Win64; x64) AppleWebKit/537.36 (KHTML, like Gecko) Chrome/133.0.0.0 Safari/537.36"
217.96.159.84 - - [10/Mar/2025:10:27:27 +0100] "GET /pgm/wp-content/themes/Avada/assets/min/js/general/avada-live-search.js?ver=7.2.1 HTTP/1.1" 200 3062 "https://pgm-polkowice.com.pl/" "Mozilla/5.0 (Windows NT 10.0; Win64; x64) AppleWebKit/537.36 (KHTML, like Gecko) Chrome/133.0.0.0 Safari/537.36"
217.96.159.84 - - [10/Mar/2025:10:27:27 +0100] "GET /pgm/wp-content/themes/Avada/includes/lib/assets/min/js/general/fusion-alert.js?ver=6.7.2 HTTP/1.1" 200 260 "https://pgm-polkowice.com.pl/" "Mozilla/5.0 (Windows NT 10.0; Win64; x64) AppleWebKit/537.36 (KHTML, like Gecko) Chrome/133.0.0.0 Safari/537.36"
217.96.159.84 - - [10/Mar/2025:10:27:27 +0100] "GET /pgm/wp-content/themes/Avada/includes/lib/assets/min/js/general/fusion-flexslider.js?ver=6.7.2 HTTP/1.1" 200 5834 "https://pgm-polkowice.com.pl/" "Mozilla/5.0 (Windows NT 10.0; Win64; x64) AppleWebKit/537.36 (KHTML, like Gecko) Chrome/133.0.0.0 Safari/537.36"
217.96.159.84 - - [10/Mar/2025:10:27:27 +0100] "GET /pgm/wp-content/plugins/fusion-builder/assets/js/min/library/jquery.textillate.js?ver=2.0 HTTP/1.1" 200 5946 "https://pgm-polkowice.com.pl/" "Mozilla/5.0 (Windows NT 10.0; Win64; x64) AppleWebKit/537.36 (KHTML, like Gecko) Chrome/133.0.0.0 Safari/537.36"
217.96.159.84 - - [10/Mar/2025:10:27:27 +0100] "GET /pgm/wp-content/plugins/fusion-builder/assets/js/min/general/fusion-title.js?ver=6.7.2 HTTP/1.1" 200 3879 "https://pgm-polkowice.com.pl/" "Mozilla/5.0 (Windows NT 10.0; Win64; x64) AppleWebKit/537.36 (KHTML, like Gecko) Chrome/133.0.0.0 Safari/537.36"
217.96.159.84 - - [10/Mar/2025:10:27:27 +0100] "GET /pgm/wp-content/plugins/fusion-builder/assets/js/min/general/fusion-animations.js?ver=6.7.2 HTTP/1.1" 200 1642 "https://pgm-polkowice.com.pl/" "Mozilla/5.0 (Windows NT 10.0; Win64; x64) AppleWebKit/537.36 (KHTML, like Gecko) Chrome/133.0.0.0 Safari/537.36"
217.96.159.84 - - [10/Mar/2025:10:27:27 +0100] "GET /pgm/wp-content/themes/Avada/includes/lib/assets/min/js/general/fusion-button.js?ver=6.7.2 HTTP/1.1" 200 236 "https://pgm-polkowice.com.pl/" "Mozilla/5.0 (Windows NT 10.0; Win64; x64) AppleWebKit/537.36 (KHTML, like Gecko) Chrome/133.0.0.0 Safari/537.36"
217.96.159.84 - - [10/Mar/2025:10:27:27 +0100] "GET /pgm/wp-content/plugins/fusion-builder/assets/js/min/general/fusion-menu.js?ver=1 HTTP/1.1" 200 10202 "https://pgm-polkowice.com.pl/" "Mozilla/5.0 (Windows NT 10.0; Win64; x64) AppleWebKit/537.36 (KHTML, like Gecko) Chrome/133.0.0.0 Safari/537.36"
217.96.159.84 - - [10/Mar/2025:10:27:27 +0100] "GET /pgm/wp-content/plugins/fusion-builder/assets/js/min/general/fusion-container.js?ver=1 HTTP/1.1" 200 15833 "https://pgm-polkowice.com.pl/" "Mozilla/5.0 (Windows NT 10.0; Win64; x64) AppleWebKit/537.36 (KHTML, like Gecko) Chrome/133.0.0.0 Safari/537.36"
217.96.159.84 - - [10/Mar/2025:10:27:27 +0100] "GET /pgm/wp-content/themes/Avada/assets/min/js/general/avada-drop-down.js?ver=7.2.1 HTTP/1.1" 200 5839 "https://pgm-polkowice.com.pl/" "Mozilla/5.0 (Windows NT 10.0; Win64; x64) AppleWebKit/537.36 (KHTML, like Gecko) Chrome/133.0.0.0 Safari/537.36"
217.96.159.84 - - [10/Mar/2025:10:27:27 +0100] "GET /pgm/wp-content/themes/Avada/assets/min/js/general/avada-to-top.js?ver=7.2.1 HTTP/1.1" 200 1012 "https://pgm-polkowice.com.pl/" "Mozilla/5.0 (Windows NT 10.0; Win64; x64) AppleWebKit/537.36 (KHTML, like Gecko) Chrome/133.0.0.0 Safari/537.36"
217.96.159.84 - - [10/Mar/2025:10:27:27 +0100] "GET /pgm/wp-content/themes/Avada/assets/min/js/general/avada-header.js?ver=7.2.1 HTTP/1.1" 200 33211 "https://pgm-polkowice.com.pl/" "Mozilla/5.0 (Windows NT 10.0; Win64; x64) AppleWebKit/537.36 (KHTML, like Gecko) Chrome/133.0.0.0 Safari/537.36"
217.96.159.84 - - [10/Mar/2025:10:27:27 +0100] "GET /pgm/wp-content/themes/Avada/assets/min/js/general/avada-menu.js?ver=7.2.1 HTTP/1.1" 200 40017 "https://pgm-polkowice.com.pl/" "Mozilla/5.0 (Windows NT 10.0; Win64; x64) AppleWebKit/537.36 (KHTML, like Gecko) Chrome/133.0.0.0 Safari/537.36"
217.96.159.84 - - [10/Mar/2025:10:27:27 +0100] "GET /pgm/wp-content/themes/Avada/assets/min/js/general/avada-sidebars.js?ver=7.2.1 HTTP/1.1" 200 3569 "https://pgm-polkowice.com.pl/" "Mozilla/5.0 (Windows NT 10.0; Win64; x64) AppleWebKit/537.36 (KHTML, like Gecko) Chrome/133.0.0.0 Safari/537.36"
217.96.159.84 - - [10/Mar/2025:10:27:27 +0100] "GET /pgm/wp-content/themes/Avada/assets/min/js/general/avada-scrollspy.js?ver=7.2.1 HTTP/1.1" 200 761 "https://pgm-polkowice.com.pl/" "Mozilla/5.0 (Windows NT 10.0; Win64; x64) AppleWebKit/537.36 (KHTML, like Gecko) Chrome/133.0.0.0 Safari/537.36"
217.96.159.84 - - [10/Mar/2025:10:27:27 +0100] "GET /pgm/wp-content/themes/Avada/includes/lib/assets/min/js/general/fusion-responsive-typography.js?ver=1 HTTP/1.1" 200 3575 "https://pgm-polkowice.com.pl/" "Mozilla/5.0 (Windows NT 10.0; Win64; x64) AppleWebKit/537.36 (KHTML, like Gecko) Chrome/133.0.0.0 Safari/537.36"
217.96.159.84 - - [10/Mar/2025:10:27:27 +0100] "GET /pgm/wp-content/themes/Avada/includes/lib/assets/min/js/general/fusion-scroll-to-anchor.js?ver=1 HTTP/1.1" 200 5512 "https://pgm-polkowice.com.pl/" "Mozilla/5.0 (Windows NT 10.0; Win64; x64) AppleWebKit/537.36 (KHTML, like Gecko) Chrome/133.0.0.0 Safari/537.36"
217.96.159.84 - - [10/Mar/2025:10:27:27 +0100] "GET /pgm/wp-content/themes/Avada/includes/lib/assets/min/js/general/fusion-general-global.js?ver=1 HTTP/1.1" 200 483 "https://pgm-polkowice.com.pl/" "Mozilla/5.0 (Windows NT 10.0; Win64; x64) AppleWebKit/537.36 (KHTML, like Gecko) Chrome/133.0.0.0 Safari/537.36"
217.96.159.84 - - [10/Mar/2025:10:27:27 +0100] "GET /pgm/wp-content/plugins/fusion-core/js/min/fusion-vertical-menu-widget.js?ver=5.2.1 HTTP/1.1" 200 1887 "https://pgm-polkowice.com.pl/" "Mozilla/5.0 (Windows NT 10.0; Win64; x64) AppleWebKit/537.36 (KHTML, like Gecko) Chrome/133.0.0.0 Safari/537.36"
217.96.159.84 - - [10/Mar/2025:10:27:27 +0100] "GET /pgm/wp-content/plugins/fusion-builder/assets/js/min/general/fusion-video.js?ver=1 HTTP/1.1" 200 2069 "https://pgm-polkowice.com.pl/" "Mozilla/5.0 (Windows NT 10.0; Win64; x64) AppleWebKit/537.36 (KHTML, like Gecko) Chrome/133.0.0.0 Safari/537.36"
217.96.159.84 - - [10/Mar/2025:10:27:27 +0100] "GET /pgm/wp-content/plugins/fusion-builder/assets/js/min/general/fusion-column.js?ver=1 HTTP/1.1" 200 5069 "https://pgm-polkowice.com.pl/" "Mozilla/5.0 (Windows NT 10.0; Win64; x64) AppleWebKit/537.36 (KHTML, like Gecko) Chrome/133.0.0.0 Safari/537.36"
217.96.159.84 - - [10/Mar/2025:10:27:27 +0100] "GET /pgm/wp-content/uploads/2020/11/lab-main-600x401.jpg HTTP/1.1" 200 45738 "https://pgm-polkowice.com.pl/" "Mozilla/5.0 (Windows NT 10.0; Win64; x64) AppleWebKit/537.36 (KHTML, like Gecko) Chrome/133.0.0.0 Safari/537.36"
217.96.159.84 - - [10/Mar/2025:10:27:27 +0100] "GET /pgm/wp-content/uploads/2020/11/logo-2x-600x213.png HTTP/1.1" 200 27724 "https://pgm-polkowice.com.pl/" "Mozilla/5.0 (Windows NT 10.0; Win64; x64) AppleWebKit/537.36 (KHTML, like Gecko) Chrome/133.0.0.0 Safari/537.36"
217.96.159.84 - - [10/Mar/2025:10:27:27 +0100] "GET /pgm/wp-content/uploads/2020/11/slide-9-scaled.jpg HTTP/1.1" 200 424247 "https://pgm-polkowice.com.pl/" "Mozilla/5.0 (Windows NT 10.0; Win64; x64) AppleWebKit/537.36 (KHTML, like Gecko) Chrome/133.0.0.0 Safari/537.36"
217.96.159.84 - - [10/Mar/2025:10:27:27 +0100] "GET /pgm/wp-content/uploads/2020/10/bg-park-3-scaled.jpg HTTP/1.1" 200 189446 "https://pgm-polkowice.com.pl/" "Mozilla/5.0 (Windows NT 10.0; Win64; x64) AppleWebKit/537.36 (KHTML, like Gecko) Chrome/133.0.0.0 Safari/537.36"
217.96.159.84 - - [10/Mar/2025:10:27:27 +0100] "GET /pgm/wp-content/uploads/fusion-gfonts/1Ptyg83HX_SGhgqO0yLcmjzUAuWexZNR8aevHZ47LTd9ww.woff HTTP/1.1" 200 17252 "https://pgm-polkowice.com.pl/wp-content/uploads/fusion-styles/9687d07d92b2d0987912a587907d5dd1.min.css?ver=3.2.1" "Mozilla/5.0 (Windows NT 10.0; Win64; x64) AppleWebKit/537.36 (KHTML, like Gecko) Chrome/133.0.0.0 Safari/537.36"
217.96.159.84 - - [10/Mar/2025:10:27:27 +0100] "GET /pgm/wp-content/uploads/fusion-gfonts/1Ptyg83HX_SGhgqO0yLcmjzUAuWexRNW8aevHZ47LTd9ww.woff HTTP/1.1" 200 17220 "https://pgm-polkowice.com.pl/wp-content/uploads/fusion-styles/9687d07d92b2d0987912a587907d5dd1.min.css?ver=3.2.1" "Mozilla/5.0 (Windows NT 10.0; Win64; x64) AppleWebKit/537.36 (KHTML, like Gecko) Chrome/133.0.0.0 Safari/537.36"
217.96.159.84 - - [10/Mar/2025:10:27:27 +0100] "GET /pgm/wp-content/uploads/fusion-gfonts/1Ptyg83HX_SGhgqO0yLcmjzUAuWexXRW8aevHZ47LTd9ww.woff HTTP/1.1" 200 17120 "https://pgm-polkowice.com.pl/wp-content/uploads/fusion-styles/9687d07d92b2d0987912a587907d5dd1.min.css?ver=3.2.1" "Mozilla/5.0 (Windows NT 10.0; Win64; x64) AppleWebKit/537.36 (KHTML, like Gecko) Chrome/133.0.0.0 Safari/537.36"
217.96.159.84 - - [10/Mar/2025:10:27:27 +0100] "GET /pgm/wp-content/uploads/fusion-gfonts/1Ptyg83HX_SGhgqO0yLcmjzUAuWexZNR8amvHZ47LTd9w_ak.woff HTTP/1.1" 200 17552 "https://pgm-polkowice.com.pl/wp-content/uploads/fusion-styles/9687d07d92b2d0987912a587907d5dd1.min.css?ver=3.2.1" "Mozilla/5.0 (Windows NT 10.0; Win64; x64) AppleWebKit/537.36 (KHTML, like Gecko) Chrome/133.0.0.0 Safari/537.36"
217.96.159.84 - - [10/Mar/2025:10:27:27 +0100] "GET /pgm/wp-content/uploads/fusion-gfonts/1Ptyg83HX_SGhgqO0yLcmjzUAuWexXRW8amvHZ47LTd9w_ak.woff HTTP/1.1" 200 17492 "https://pgm-polkowice.com.pl/wp-content/uploads/fusion-styles/9687d07d92b2d0987912a587907d5dd1.min.css?ver=3.2.1" "Mozilla/5.0 (Windows NT 10.0; Win64; x64) AppleWebKit/537.36 (KHTML, like Gecko) Chrome/133.0.0.0 Safari/537.36"
217.96.159.84 - - [10/Mar/2025:10:27:27 +0100] "GET /pgm/wp-content/uploads/fusion-gfonts/1Ptyg83HX_SGhgqO0yLcmjzUAuWexRNW8amvHZ47LTd9w_ak.woff HTTP/1.1" 200 17596 "https://pgm-polkowice.com.pl/wp-content/uploads/fusion-styles/9687d07d92b2d0987912a587907d5dd1.min.css?ver=3.2.1" "Mozilla/5.0 (Windows NT 10.0; Win64; x64) AppleWebKit/537.36 (KHTML, like Gecko) Chrome/133.0.0.0 Safari/537.36"
217.96.159.84 - - [10/Mar/2025:10:27:27 +0100] "GET /pgm/wp-content/uploads/2020/11/waterbg-scaled.jpg HTTP/1.1" 200 225655 "https://pgm-polkowice.com.pl/" "Mozilla/5.0 (Windows NT 10.0; Win64; x64) AppleWebKit/537.36 (KHTML, like Gecko) Chrome/133.0.0.0 Safari/537.36"
217.96.159.84 - - [10/Mar/2025:10:27:27 +0100] "GET /pgm/wp-content/themes/Avada/includes/lib/assets/fonts/fontawesome/webfonts/fa-solid-900.woff2 HTTP/1.1" 200 80272 "https://pgm-polkowice.com.pl/wp-content/uploads/fusion-styles/9687d07d92b2d0987912a587907d5dd1.min.css?ver=3.2.1" "Mozilla/5.0 (Windows NT 10.0; Win64; x64) AppleWebKit/537.36 (KHTML, like Gecko) Chrome/133.0.0.0 Safari/537.36"
217.96.159.84 - - [10/Mar/2025:10:27:27 +0100] "GET /pgm/wp-content/themes/Avada/includes/lib/assets/fonts/icomoon/icomoon.woff HTTP/1.1" 200 20908 "https://pgm-polkowice.com.pl/wp-content/uploads/fusion-styles/9687d07d92b2d0987912a587907d5dd1.min.css?ver=3.2.1" "Mozilla/5.0 (Windows NT 10.0; Win64; x64) AppleWebKit/537.36 (KHTML, like Gecko) Chrome/133.0.0.0 Safari/537.36"
217.96.159.84 - - [10/Mar/2025:10:27:27 +0100] "GET /pgm/wp-includes/js/wp-emoji-release.min.js?ver=6.7.2 HTTP/1.1" 200 18726 "https://pgm-polkowice.com.pl/" "Mozilla/5.0 (Windows NT 10.0; Win64; x64) AppleWebKit/537.36 (KHTML, like Gecko) Chrome/133.0.0.0 Safari/537.36"
217.96.159.84 - - [10/Mar/2025:10:27:28 +0100] "GET /pgm/favicon.ico HTTP/1.1" 404 570 "https://pgm-polkowice.com.pl/" "Mozilla/5.0 (Windows NT 10.0; Win64; x64) AppleWebKit/537.36 (KHTML, like Gecko) Chrome/133.0.0.0 Safari/537.36"
217.113.194.212 - - [10/Mar/2025:10:27:33 +0100] "GET /pgm/?cat=2 HTTP/1.1" 200 92905 "" "Mozilla/5.0 (compatible; Barkrowler/0.9; +https://babbar.tech/crawler)"
217.96.159.84 - - [10/Mar/2025:10:27:37 +0100] "GET /bip/ HTTP/1.1" 200 14211 "" "Mozilla/5.0 (Windows NT 10.0; Win64; x64) AppleWebKit/537.36 (KHTML, like Gecko) Chrome/133.0.0.0 Safari/537.36"
217.96.159.84 - - [10/Mar/2025:10:27:37 +0100] "GET /bip/plugins/system/jce/css/content.css?1bc76656c15f1a0600eb7c5836761761 HTTP/1.1" 200 1999 "http://www.bip.pgm-polkowice.com.pl/" "Mozilla/5.0 (Windows NT 10.0; Win64; x64) AppleWebKit/537.36 (KHTML, like Gecko) Chrome/133.0.0.0 Safari/537.36"
217.96.159.84 - - [10/Mar/2025:10:27:37 +0100] "GET /bip/media/jui/js/jquery.min.js?1bc76656c15f1a0600eb7c5836761761 HTTP/1.1" 200 97646 "http://www.bip.pgm-polkowice.com.pl/" "Mozilla/5.0 (Windows NT 10.0; Win64; x64) AppleWebKit/537.36 (KHTML, like Gecko) Chrome/133.0.0.0 Safari/537.36"
217.96.159.84 - - [10/Mar/2025:10:27:37 +0100] "GET /bip/templates/szablon_pwd_1_3/files/style.css?1449557702 HTTP/1.1" 200 205627 "http://www.bip.pgm-polkowice.com.pl/" "Mozilla/5.0 (Windows NT 10.0; Win64; x64) AppleWebKit/537.36 (KHTML, like Gecko) Chrome/133.0.0.0 Safari/537.36"
217.96.159.84 - - [10/Mar/2025:10:27:37 +0100] "GET /bip/media/system/js/caption.js?1bc76656c15f1a0600eb7c5836761761 HTTP/1.1" 200 491 "http://www.bip.pgm-polkowice.com.pl/" "Mozilla/5.0 (Windows NT 10.0; Win64; x64) AppleWebKit/537.36 (KHTML, like Gecko) Chrome/133.0.0.0 Safari/537.36"
217.96.159.84 - - [10/Mar/2025:10:27:37 +0100] "GET /bip/media/jui/js/bootstrap.min.js?1bc76656c15f1a0600eb7c5836761761 HTTP/1.1" 200 29126 "http://www.bip.pgm-polkowice.com.pl/" "Mozilla/5.0 (Windows NT 10.0; Win64; x64) AppleWebKit/537.36 (KHTML, like Gecko) Chrome/133.0.0.0 Safari/537.36"
217.96.159.84 - - [10/Mar/2025:10:27:37 +0100] "GET /bip/media/jui/js/jquery-noconflict.js?1bc76656c15f1a0600eb7c5836761761 HTTP/1.1" 200 21 "http://www.bip.pgm-polkowice.com.pl/" "Mozilla/5.0 (Windows NT 10.0; Win64; x64) AppleWebKit/537.36 (KHTML, like Gecko) Chrome/133.0.0.0 Safari/537.36"
217.96.159.84 - - [10/Mar/2025:10:27:37 +0100] "GET /bip/media/jui/js/jquery-migrate.min.js?1bc76656c15f1a0600eb7c5836761761 HTTP/1.1" 200 10056 "http://www.bip.pgm-polkowice.com.pl/" "Mozilla/5.0 (Windows NT 10.0; Win64; x64) AppleWebKit/537.36 (KHTML, like Gecko) Chrome/133.0.0.0 Safari/537.36"
217.96.159.84 - - [10/Mar/2025:10:27:37 +0100] "GET /bip/media/system/js/mootools-more.js?1bc76656c15f1a0600eb7c5836761761 HTTP/1.1" 200 236825 "http://www.bip.pgm-polkowice.com.pl/" "Mozilla/5.0 (Windows NT 10.0; Win64; x64) AppleWebKit/537.36 (KHTML, like Gecko) Chrome/133.0.0.0 Safari/537.36"
217.96.159.84 - - [10/Mar/2025:10:27:37 +0100] "GET /bip/media/system/js/mootools-core.js?1bc76656c15f1a0600eb7c5836761761 HTTP/1.1" 200 83893 "http://www.bip.pgm-polkowice.com.pl/" "Mozilla/5.0 (Windows NT 10.0; Win64; x64) AppleWebKit/537.36 (KHTML, like Gecko) Chrome/133.0.0.0 Safari/537.36"
217.96.159.84 - - [10/Mar/2025:10:27:37 +0100] "GET /bip/media/system/js/core.js?1bc76656c15f1a0600eb7c5836761761 HTTP/1.1" 200 8735 "http://www.bip.pgm-polkowice.com.pl/" "Mozilla/5.0 (Windows NT 10.0; Win64; x64) AppleWebKit/537.36 (KHTML, like Gecko) Chrome/133.0.0.0 Safari/537.36"
217.96.159.84 - - [10/Mar/2025:10:27:37 +0100] "GET /bip/templates/szablon_pwd_1_3/files/scripts.js?ver=0.1449558269 HTTP/1.1" 200 3147 "http://www.bip.pgm-polkowice.com.pl/" "Mozilla/5.0 (Windows NT 10.0; Win64; x64) AppleWebKit/537.36 (KHTML, like Gecko) Chrome/133.0.0.0 Safari/537.36"
217.96.159.84 - - [10/Mar/2025:10:27:37 +0100] "GET /bip/templates/szablon_pwd_1_3/files/materialize.min.js HTTP/1.1" 200 122010 "http://www.bip.pgm-polkowice.com.pl/" "Mozilla/5.0 (Windows NT 10.0; Win64; x64) AppleWebKit/537.36 (KHTML, like Gecko) Chrome/133.0.0.0 Safari/537.36"
217.96.159.84 - - [10/Mar/2025:10:27:37 +0100] "GET /bip/templates/szablon_pwd_1_3/files/pgm.png HTTP/1.1" 200 4537 "http://www.bip.pgm-polkowice.com.pl/" "Mozilla/5.0 (Windows NT 10.0; Win64; x64) AppleWebKit/537.36 (KHTML, like Gecko) Chrome/133.0.0.0 Safari/537.36"
217.96.159.84 - - [10/Mar/2025:10:27:37 +0100] "GET /bip/templates/szablon_pwd_1_3/files/pwd_logo.png HTTP/1.1" 200 4481 "http://www.bip.pgm-polkowice.com.pl/" "Mozilla/5.0 (Windows NT 10.0; Win64; x64) AppleWebKit/537.36 (KHTML, like Gecko) Chrome/133.0.0.0 Safari/537.36"
217.96.159.84 - - [10/Mar/2025:10:27:38 +0100] "GET /bip/templates/szablon_pwd_1_3/files/logo_bip.png HTTP/1.1" 200 9086 "http://www.bip.pgm-polkowice.com.pl/" "Mozilla/5.0 (Windows NT 10.0; Win64; x64) AppleWebKit/537.36 (KHTML, like Gecko) Chrome/133.0.0.0 Safari/537.36"
217.96.159.84 - - [10/Mar/2025:10:27:38 +0100] "GET /bip/templates/szablon_pwd_1_3/files/baner.jpg HTTP/1.1" 200 102287 "http://www.bip.pgm-polkowice.com.pl/" "Mozilla/5.0 (Windows NT 10.0; Win64; x64) AppleWebKit/537.36 (KHTML, like Gecko) Chrome/133.0.0.0 Safari/537.36"
217.96.159.84 - - [10/Mar/2025:10:27:38 +0100] "GET /bip/images/kropelka-PGM.jpg HTTP/1.1" 200 34144 "http://www.bip.pgm-polkowice.com.pl/" "Mozilla/5.0 (Windows NT 10.0; Win64; x64) AppleWebKit/537.36 (KHTML, like Gecko) Chrome/133.0.0.0 Safari/537.36"
217.96.159.84 - - [10/Mar/2025:10:27:38 +0100] "GET /bip/templates/szablon_pwd_1_3/files/maic.png HTTP/1.1" 200 12894 "http://www.bip.pgm-polkowice.com.pl/" "Mozilla/5.0 (Windows NT 10.0; Win64; x64) AppleWebKit/537.36 (KHTML, like Gecko) Chrome/133.0.0.0 Safari/537.36"
217.96.159.84 - - [10/Mar/2025:10:27:38 +0100] "GET /bip/templates/szablon_pwd_1_3/font/roboto/Roboto-Regular.woff2 HTTP/1.1" 404 1345 "http://www.bip.pgm-polkowice.com.pl/templates/szablon_pwd_1_3/files/style.css?1449557702" "Mozilla/5.0 (Windows NT 10.0; Win64; x64) AppleWebKit/537.36 (KHTML, like Gecko) Chrome/133.0.0.0 Safari/537.36"
217.96.159.84 - - [10/Mar/2025:10:27:38 +0100] "GET /bip/favicon.ico HTTP/1.1" 404 1345 "http://www.bip.pgm-polkowice.com.pl/" "Mozilla/5.0 (Windows NT 10.0; Win64; x64) AppleWebKit/537.36 (KHTML, like Gecko) Chrome/133.0.0.0 Safari/537.36"
217.96.159.84 - - [10/Mar/2025:10:27:38 +0100] "GET /bip/templates/szablon_pwd_1_3/font/roboto/Roboto-Regular.woff HTTP/1.1" 404 1345 "http://www.bip.pgm-polkowice.com.pl/templates/szablon_pwd_1_3/files/style.css?1449557702" "Mozilla/5.0 (Windows NT 10.0; Win64; x64) AppleWebKit/537.36 (KHTML, like Gecko) Chrome/133.0.0.0 Safari/537.36"
217.96.159.84 - - [10/Mar/2025:10:27:38 +0100] "GET /bip/templates/szablon_pwd_1_3/font/roboto/Roboto-Regular.ttf HTTP/1.1" 404 1345 "http://www.bip.pgm-polkowice.com.pl/templates/szablon_pwd_1_3/files/style.css?1449557702" "Mozilla/5.0 (Windows NT 10.0; Win64; x64) AppleWebKit/537.36 (KHTML, like Gecko) Chrome/133.0.0.0 Safari/537.36"
217.113.194.214 - - [10/Mar/2025:10:27:39 +0100] "GET /bip/index.php/przetargi HTTP/1.1" 200 13486 "" "Mozilla/5.0 (compatible; Barkrowler/0.9; +https://babbar.tech/crawler)"
217.96.159.84 - - [10/Mar/2025:10:27:42 +0100] "GET /bip/index.php/ogloszenia HTTP/1.1" 200 13258 "http://www.bip.pgm-polkowice.com.pl/" "Mozilla/5.0 (Windows NT 10.0; Win64; x64) AppleWebKit/537.36 (KHTML, like Gecko) Chrome/133.0.0.0 Safari/537.36"
217.96.159.84 - - [10/Mar/2025:10:27:42 +0100] "GET /bip/media/system/images/arrow.png HTTP/1.1" 200 107 "http://www.bip.pgm-polkowice.com.pl/index.php/ogloszenia" "Mozilla/5.0 (Windows NT 10.0; Win64; x64) AppleWebKit/537.36 (KHTML, like Gecko) Chrome/133.0.0.0 Safari/537.36"
217.96.159.84 - - [10/Mar/2025:10:27:42 +0100] "GET /bip/templates/szablon_pwd_1_3/font/roboto/Roboto-Regular.woff2 HTTP/1.1" 404 1345 "http://www.bip.pgm-polkowice.com.pl/templates/szablon_pwd_1_3/files/style.css?1449557702" "Mozilla/5.0 (Windows NT 10.0; Win64; x64) AppleWebKit/537.36 (KHTML, like Gecko) Chrome/133.0.0.0 Safari/537.36"
217.96.159.84 - - [10/Mar/2025:10:27:42 +0100] "GET /bip/templates/szablon_pwd_1_3/font/roboto/Roboto-Regular.woff HTTP/1.1" 404 1345 "http://www.bip.pgm-polkowice.com.pl/templates/szablon_pwd_1_3/files/style.css?1449557702" "Mozilla/5.0 (Windows NT 10.0; Win64; x64) AppleWebKit/537.36 (KHTML, like Gecko) Chrome/133.0.0.0 Safari/537.36"
217.96.159.84 - - [10/Mar/2025:10:27:42 +0100] "GET /bip/templates/szablon_pwd_1_3/font/roboto/Roboto-Regular.ttf HTTP/1.1" 404 1345 "http://www.bip.pgm-polkowice.com.pl/templates/szablon_pwd_1_3/files/style.css?1449557702" "Mozilla/5.0 (Windows NT 10.0; Win64; x64) AppleWebKit/537.36 (KHTML, like Gecko) Chrome/133.0.0.0 Safari/537.36"
217.96.159.84 - - [10/Mar/2025:10:27:44 +0100] "GET /bip/index.php/ogloszenia/170-ogloszenie-o-sprzedazy-samochodu-iveco-35s18-daily-dpl-71sh HTTP/1.1" 200 15498 "http://www.bip.pgm-polkowice.com.pl/index.php/ogloszenia" "Mozilla/5.0 (Windows NT 10.0; Win64; x64) AppleWebKit/537.36 (KHTML, like Gecko) Chrome/133.0.0.0 Safari/537.36"
217.96.159.84 - - [10/Mar/2025:10:27:44 +0100] "GET /bip/templates/szablon_pwd_1_3/font/roboto/Roboto-Regular.woff2 HTTP/1.1" 404 1345 "http://www.bip.pgm-polkowice.com.pl/templates/szablon_pwd_1_3/files/style.css?1449557702" "Mozilla/5.0 (Windows NT 10.0; Win64; x64) AppleWebKit/537.36 (KHTML, like Gecko) Chrome/133.0.0.0 Safari/537.36"
217.96.159.84 - - [10/Mar/2025:10:27:44 +0100] "GET /bip/templates/szablon_pwd_1_3/font/roboto/Roboto-Regular.woff HTTP/1.1" 404 1345 "http://www.bip.pgm-polkowice.com.pl/templates/szablon_pwd_1_3/files/style.css?1449557702" "Mozilla/5.0 (Windows NT 10.0; Win64; x64) AppleWebKit/537.36 (KHTML, like Gecko) Chrome/133.0.0.0 Safari/537.36"
217.96.159.84 - - [10/Mar/2025:10:27:45 +0100] "GET /bip/templates/szablon_pwd_1_3/font/roboto/Roboto-Regular.ttf HTTP/1.1" 404 1345 "http://www.bip.pgm-polkowice.com.pl/templates/szablon_pwd_1_3/files/style.css?1449557702" "Mozilla/5.0 (Windows NT 10.0; Win64; x64) AppleWebKit/537.36 (KHTML, like Gecko) Chrome/133.0.0.0 Safari/537.36"
217.113.194.212 - - [10/Mar/2025:10:27:49 +0100] "GET /pgm/?cat=8 HTTP/1.1" 200 89614 "" "Mozilla/5.0 (compatible; Barkrowler/0.9; +https://babbar.tech/crawler)"
217.113.194.217 - - [10/Mar/2025:10:27:54 +0100] "GET /bip/index.php/kompetencje HTTP/1.1" 200 21258 "" "Mozilla/5.0 (compatible; Barkrowler/0.9; +https://babbar.tech/crawler)"
217.113.194.217 - - [10/Mar/2025:10:28:05 +0100] "GET /pgm/?author=1 HTTP/1.1" 200 102837 "" "Mozilla/5.0 (compatible; Barkrowler/0.9; +https://babbar.tech/crawler)"
217.113.194.220 - - [10/Mar/2025:10:28:09 +0100] "GET /bip/index.php?tmpl=component&print=1 HTTP/1.1" 200 5454 "" "Mozilla/5.0 (compatible; Barkrowler/0.9; +https://babbar.tech/crawler)"
154.54.249.216 - - [10/Mar/2025:10:28:20 +0100] "GET /pgm/?page_id=12 HTTP/1.1" 200 97241 "" "Mozilla/5.0 (compatible; Barkrowler/0.9; +https://babbar.tech/crawler)"
217.113.194.214 - - [10/Mar/2025:10:28:24 +0100] "GET /bip/index.php/mapa-serwisu HTTP/1.1" 200 66072 "" "Mozilla/5.0 (compatible; Barkrowler/0.9; +https://babbar.tech/crawler)"
217.96.159.84 - - [10/Mar/2025:10:28:35 +0100] "GET /bip/index.php/ogloszenia/155-ogloszenie-o-sprzedazy-wirowki-dekantacyjnej-aldec-40 HTTP/1.1" 200 16408 "http://www.bip.pgm-polkowice.com.pl/index.php/ogloszenia/170-ogloszenie-o-sprzedazy-samochodu-iveco-35s18-daily-dpl-71sh" "Mozilla/5.0 (Windows NT 10.0; Win64; x64) AppleWebKit/537.36 (KHTML, like Gecko) Chrome/133.0.0.0 Safari/537.36"
217.96.159.84 - - [10/Mar/2025:10:28:35 +0100] "GET /bip/templates/szablon_pwd_1_3/font/roboto/Roboto-Regular.woff2 HTTP/1.1" 404 1345 "http://www.bip.pgm-polkowice.com.pl/templates/szablon_pwd_1_3/files/style.css?1449557702" "Mozilla/5.0 (Windows NT 10.0; Win64; x64) AppleWebKit/537.36 (KHTML, like Gecko) Chrome/133.0.0.0 Safari/537.36"
217.96.159.84 - - [10/Mar/2025:10:28:35 +0100] "GET /bip/templates/szablon_pwd_1_3/font/roboto/Roboto-Regular.woff HTTP/1.1" 404 1345 "http://www.bip.pgm-polkowice.com.pl/templates/szablon_pwd_1_3/files/style.css?1449557702" "Mozilla/5.0 (Windows NT 10.0; Win64; x64) AppleWebKit/537.36 (KHTML, like Gecko) Chrome/133.0.0.0 Safari/537.36"
217.96.159.84 - - [10/Mar/2025:10:28:35 +0100] "GET /bip/templates/szablon_pwd_1_3/font/roboto/Roboto-Regular.ttf HTTP/1.1" 404 1345 "http://www.bip.pgm-polkowice.com.pl/templates/szablon_pwd_1_3/files/style.css?1449557702" "Mozilla/5.0 (Windows NT 10.0; Win64; x64) AppleWebKit/537.36 (KHTML, like Gecko) Chrome/133.0.0.0 Safari/537.36"
217.113.194.221 - - [10/Mar/2025:10:28:35 +0100] "GET /pgm/?page_id=1339 HTTP/1.1" 200 101915 "" "Mozilla/5.0 (compatible; Barkrowler/0.9; +https://babbar.tech/crawler)"
217.113.194.215 - - [10/Mar/2025:10:28:40 +0100] "GET /bip/index.php/status-prawny HTTP/1.1" 200 12640 "" "Mozilla/5.0 (compatible; Barkrowler/0.9; +https://babbar.tech/crawler)"
129.152.13.232 - - [10/Mar/2025:10:28:48 +0100] "GET /pgm/wp-login.php HTTP/1.1" 200 9896 "" "GRequests/0.10"
129.152.13.232 - - [10/Mar/2025:10:28:48 +0100] "POST /pgm/wp-login.php HTTP/1.1" 200 10381 "" "GRequests/0.10"
154.54.249.216 - - [10/Mar/2025:10:28:51 +0100] "GET /pgm/?p=267 HTTP/1.1" 200 113282 "" "Mozilla/5.0 (compatible; Barkrowler/0.9; +https://babbar.tech/crawler)"
217.113.194.214 - - [10/Mar/2025:10:28:55 +0100] "GET /bip/index.php/organy-i-spolki HTTP/1.1" 200 13231 "" "Mozilla/5.0 (compatible; Barkrowler/0.9; +https://babbar.tech/crawler)"
217.113.194.218 - - [10/Mar/2025:10:29:06 +0100] "GET /pgm/?p=261 HTTP/1.1" 200 113290 "" "Mozilla/5.0 (compatible; Barkrowler/0.9; +https://babbar.tech/crawler)"
217.113.194.216 - - [10/Mar/2025:10:29:10 +0100] "GET /bip/index.php/kontrole/14-2022 HTTP/1.1" 200 15981 "" "Mozilla/5.0 (compatible; Barkrowler/0.9; +https://babbar.tech/crawler)"
217.113.194.212 - - [10/Mar/2025:10:29:22 +0100] "GET /pgm/?p=596 HTTP/1.1" 200 113285 "" "Mozilla/5.0 (compatible; Barkrowler/0.9; +https://babbar.tech/crawler)"
154.54.249.216 - - [10/Mar/2025:10:29:25 +0100] "GET /bip/index.php/kontrole/13-2021 HTTP/1.1" 200 15916 "" "Mozilla/5.0 (compatible; Barkrowler/0.9; +https://babbar.tech/crawler)"
107.189.12.130 - - [10/Mar/2025:10:29:30 +0100] "GET /pgm/wp-login.php HTTP/1.1" 200 9896 "https://www.google.com" "Mozilla/5.0 (Macintosh; Intel Mac OS X 10_12_6) AppleWebKit/537.36 (KHTML, like Gecko) Chrome/61.0.3163.100 Safari/537.36"
107.189.12.130 - - [10/Mar/2025:10:29:35 +0100] "POST /pgm/wp-login.php HTTP/1.1" 200 10361 "https://www.google.com" "Mozilla/5.0 (Macintosh; Intel Mac OS X 10_12_6) AppleWebKit/537.36 (KHTML, like Gecko) Chrome/61.0.3163.100 Safari/537.36"
217.113.194.218 - - [10/Mar/2025:10:29:37 +0100] "GET /pgm/?p=590 HTTP/1.1" 200 113362 "" "Mozilla/5.0 (compatible; Barkrowler/0.9; +https://babbar.tech/crawler)"
217.113.194.216 - - [10/Mar/2025:10:29:40 +0100] "GET /bip/index.php/kontrole/12-2020 HTTP/1.1" 200 15196 "" "Mozilla/5.0 (compatible; Barkrowler/0.9; +https://babbar.tech/crawler)"
199.195.254.231 - - [10/Mar/2025:10:29:52 +0100] "GET /pgm/ HTTP/1.1" 200 125129 "https://pgm-polkowice.com.pl/login" "Mozilla/5.0 (X11; Linux x86_64) AppleWebKit/537.36 (KHTML, like Gecko) Chrome/59.0.3071.115 Safari/537.36"
199.195.254.231 - - [10/Mar/2025:10:29:53 +0100] "GET /pgm/wp-login.php HTTP/1.1" 200 9896 "https://pgm-polkowice.com.pl/login" "Mozilla/5.0 (X11; Linux x86_64) AppleWebKit/537.36 (KHTML, like Gecko) Chrome/59.0.3071.115 Safari/537.36"
217.113.194.212 - - [10/Mar/2025:10:29:53 +0100] "GET /pgm/?p=592 HTTP/1.1" 200 113267 "" "Mozilla/5.0 (compatible; Barkrowler/0.9; +https://babbar.tech/crawler)"
217.113.194.218 - - [10/Mar/2025:10:29:56 +0100] "GET /bip/index.php/struktura-organizacyjna HTTP/1.1" 200 12750 "" "Mozilla/5.0 (compatible; Barkrowler/0.9; +https://babbar.tech/crawler)"
199.195.254.231 - - [10/Mar/2025:10:29:58 +0100] "POST /pgm/wp-login.php HTTP/1.1" 200 10359 "https://pgm-polkowice.com.pl/login" "Mozilla/5.0 (X11; Linux x86_64) AppleWebKit/537.36 (KHTML, like Gecko) Chrome/59.0.3071.115 Safari/537.36"
217.113.194.212 - - [10/Mar/2025:10:30:08 +0100] "GET /pgm/?p=594 HTTP/1.1" 200 113303 "" "Mozilla/5.0 (compatible; Barkrowler/0.9; +https://babbar.tech/crawler)"
217.113.194.218 - - [10/Mar/2025:10:30:11 +0100] "GET /bip/index.php/zasady-funkcjonowania HTTP/1.1" 200 13511 "" "Mozilla/5.0 (compatible; Barkrowler/0.9; +https://babbar.tech/crawler)"
217.113.194.215 - - [10/Mar/2025:10:30:24 +0100] "GET /pgm/?p=1136 HTTP/1.1" 200 89245 "" "Mozilla/5.0 (compatible; Barkrowler/0.9; +https://babbar.tech/crawler)"
217.113.194.216 - - [10/Mar/2025:10:30:27 +0100] "GET /bip/index.php/przetargi?format=feed&type=atom HTTP/1.1" 200 5998 "" "Mozilla/5.0 (compatible; Barkrowler/0.9; +https://babbar.tech/crawler)"
217.113.194.218 - - [10/Mar/2025:10:30:39 +0100] "GET /pgm/?p=1147 HTTP/1.1" 200 88861 "" "Mozilla/5.0 (compatible; Barkrowler/0.9; +https://babbar.tech/crawler)"
217.113.194.216 - - [10/Mar/2025:10:30:42 +0100] "GET /bip/index.php/przedmiot-dzialania HTTP/1.1" 200 14996 "" "Mozilla/5.0 (compatible; Barkrowler/0.9; +https://babbar.tech/crawler)"
209.141.35.193 - - [10/Mar/2025:10:30:48 +0100] "GET /pgm/wp-login.php HTTP/1.1" 200 9896 "https://pgm-polkowice.com.pl/login" "Mozilla/5.0 (Windows NT 6.1; WOW64; rv:54.0) Gecko/20100101 Firefox/54.0"
209.141.35.193 - - [10/Mar/2025:10:30:53 +0100] "POST /pgm/wp-login.php HTTP/1.1" 200 10363 "https://pgm-polkowice.com.pl/login" "Mozilla/5.0 (Windows NT 6.1; WOW64; rv:54.0) Gecko/20100101 Firefox/54.0"
217.113.194.218 - - [10/Mar/2025:10:30:55 +0100] "GET /pgm/?page_id=1311 HTTP/1.1" 200 112716 "" "Mozilla/5.0 (compatible; Barkrowler/0.9; +https://babbar.tech/crawler)"
217.113.194.218 - - [10/Mar/2025:10:30:58 +0100] "GET /bip/index.php/kontrole/14-2022?layout=* HTTP/1.1" 200 16007 "" "Mozilla/5.0 (compatible; Barkrowler/0.9; +https://babbar.tech/crawler)"
217.113.194.212 - - [10/Mar/2025:10:31:10 +0100] "GET /pgm/?page_id=1263 HTTP/1.1" 200 95058 "" "Mozilla/5.0 (compatible; Barkrowler/0.9; +https://babbar.tech/crawler)"
217.113.194.219 - - [10/Mar/2025:10:31:14 +0100] "GET /bip/index.php/kontrole/13-2021?layout=* HTTP/1.1" 200 15942 "" "Mozilla/5.0 (compatible; Barkrowler/0.9; +https://babbar.tech/crawler)"
217.113.194.212 - - [10/Mar/2025:10:31:26 +0100] "GET /pgm/?page_id=1268 HTTP/1.1" 200 95935 "" "Mozilla/5.0 (compatible; Barkrowler/0.9; +https://babbar.tech/crawler)"
217.113.194.220 - - [10/Mar/2025:10:31:29 +0100] "GET /bip/index.php/kontrole/13-2021?format=feed&type=atom HTTP/1.1" 200 3888 "" "Mozilla/5.0 (compatible; Barkrowler/0.9; +https://babbar.tech/crawler)"
154.54.249.216 - - [10/Mar/2025:10:31:41 +0100] "GET /pgm/?page_id=1408 HTTP/1.1" 200 96011 "" "Mozilla/5.0 (compatible; Barkrowler/0.9; +https://babbar.tech/crawler)"
217.113.194.220 - - [10/Mar/2025:10:31:44 +0100] "GET /bip/index.php/kontrole/12-2020?format=feed&type=atom HTTP/1.1" 200 3377 "" "Mozilla/5.0 (compatible; Barkrowler/0.9; +https://babbar.tech/crawler)"
217.113.194.221 - - [10/Mar/2025:10:31:57 +0100] "GET /pgm/?page_id=1410 HTTP/1.1" 200 104630 "" "Mozilla/5.0 (compatible; Barkrowler/0.9; +https://babbar.tech/crawler)"
217.113.194.213 - - [10/Mar/2025:10:32:00 +0100] "GET /bip/index.php/umowa-spolki-tekst-jednolity HTTP/1.1" 200 12518 "" "Mozilla/5.0 (compatible; Barkrowler/0.9; +https://babbar.tech/crawler)"
217.113.194.217 - - [10/Mar/2025:10:32:12 +0100] "GET /pgm/?page_id=2143 HTTP/1.1" 200 100226 "" "Mozilla/5.0 (compatible; Barkrowler/0.9; +https://babbar.tech/crawler)"
154.54.249.216 - - [10/Mar/2025:10:32:15 +0100] "GET /bip/index.php/ogloszenia/103-volvo-fl618 HTTP/1.1" 200 15425 "" "Mozilla/5.0 (compatible; Barkrowler/0.9; +https://babbar.tech/crawler)"
217.113.194.212 - - [10/Mar/2025:10:32:28 +0100] "GET /pgm/?page_id=1371 HTTP/1.1" 200 94536 "" "Mozilla/5.0 (compatible; Barkrowler/0.9; +https://babbar.tech/crawler)"
217.113.194.212 - - [10/Mar/2025:10:32:31 +0100] "GET /bip/index.php/instrukcje-korzystania-z-bip HTTP/1.1" 200 16670 "" "Mozilla/5.0 (compatible; Barkrowler/0.9; +https://babbar.tech/crawler)"
217.113.194.221 - - [10/Mar/2025:10:32:43 +0100] "GET /pgm/?page_id=1257 HTTP/1.1" 200 95194 "" "Mozilla/5.0 (compatible; Barkrowler/0.9; +https://babbar.tech/crawler)"
217.113.194.217 - - [10/Mar/2025:10:32:46 +0100] "GET /bip/index.php/standardow-ochrony-maloletnich HTTP/1.1" 200 12282 "" "Mozilla/5.0 (compatible; Barkrowler/0.9; +https://babbar.tech/crawler)"
204.217.254.183 - - [10/Mar/2025:10:32:51 +0100] "GET /pgm/ HTTP/1.1" 301 576 "" "Mozilla/5.0 (Windows NT 10.0; Win64; x64) AppleWebKit/537.36 (KHTML, like Gecko) Chrome/133.0.0.0 Safari/537.36"
45.85.242.10 - - [10/Mar/2025:10:32:51 +0100] "GET /pgm/o-firmie/ochrona-danych-osobowych/ HTTP/1.1" 404 593 "" "Mozilla/5.0 (Windows NT 10.0; Win64; x64) AppleWebKit/537.36 (KHTML, like Gecko) Chrome/132.0.0.0 Safari/537.36"
92.255.83.60 - - [10/Mar/2025:10:32:51 +0100] "GET /pgm/ HTTP/1.1" 200 125055 "" "Mozilla/5.0 (Windows NT 10.0; Win64; x64) AppleWebKit/537.36 (KHTML, like Gecko) Chrome/133.0.0.0 Safari/537.36"
217.113.194.221 - - [10/Mar/2025:10:32:59 +0100] "GET /pgm/?page_id=1654 HTTP/1.1" 200 95140 "" "Mozilla/5.0 (compatible; Barkrowler/0.9; +https://babbar.tech/crawler)"
217.113.194.216 - - [10/Mar/2025:10:33:02 +0100] "GET /bip/index.php/zasady-funkcjonowania?tmpl=component&print=1 HTTP/1.1" 200 4024 "" "Mozilla/5.0 (compatible; Barkrowler/0.9; +https://babbar.tech/crawler)"
107.189.2.159 - - [10/Mar/2025:10:33:13 +0100] "GET /pgm/ HTTP/1.1" 200 125129 "https://www.google.com" "Mozilla/5.0 (Windows NT 10.0; Win64; x64) AppleWebKit/537.36 (KHTML, like Gecko) Chrome/58.0.3029.110 Safari/537.36"
217.113.194.220 - - [10/Mar/2025:10:33:14 +0100] "GET /pgm/?page_id=1947 HTTP/1.1" 200 100290 "" "Mozilla/5.0 (compatible; Barkrowler/0.9; +https://babbar.tech/crawler)"
107.189.2.159 - - [10/Mar/2025:10:33:15 +0100] "GET /pgm/wp-login.php HTTP/1.1" 200 9896 "https://www.google.com" "Mozilla/5.0 (Windows NT 10.0; Win64; x64) AppleWebKit/537.36 (KHTML, like Gecko) Chrome/58.0.3029.110 Safari/537.36"
217.113.194.219 - - [10/Mar/2025:10:33:17 +0100] "GET /bip/index.php/ogloszenia/83-ogloszenie-sprzedazy-amazon HTTP/1.1" 200 17244 "" "Mozilla/5.0 (compatible; Barkrowler/0.9; +https://babbar.tech/crawler)"
107.189.2.159 - - [10/Mar/2025:10:33:19 +0100] "POST /pgm/wp-login.php HTTP/1.1" 200 10353 "https://www.google.com" "Mozilla/5.0 (Windows NT 10.0; Win64; x64) AppleWebKit/537.36 (KHTML, like Gecko) Chrome/58.0.3029.110 Safari/537.36"
217.113.194.212 - - [10/Mar/2025:10:33:30 +0100] "GET /pgm/?page_id=2355 HTTP/1.1" 200 95642 "" "Mozilla/5.0 (compatible; Barkrowler/0.9; +https://babbar.tech/crawler)"
217.113.194.216 - - [10/Mar/2025:10:33:32 +0100] "GET /bip/index.php/ogloszenia/101-samochodu-fiat-fiorino HTTP/1.1" 200 15664 "" "Mozilla/5.0 (compatible; Barkrowler/0.9; +https://babbar.tech/crawler)"
154.54.249.216 - - [10/Mar/2025:10:33:45 +0100] "GET /pgm/?page_id=1710 HTTP/1.1" 200 95045 "" "Mozilla/5.0 (compatible; Barkrowler/0.9; +https://babbar.tech/crawler)"
217.113.194.213 - - [10/Mar/2025:10:33:48 +0100] "GET /bip/index.php/ogloszenia/102-ciagnika-rolniczego HTTP/1.1" 200 16565 "" "Mozilla/5.0 (compatible; Barkrowler/0.9; +https://babbar.tech/crawler)"
129.152.13.232 - - [10/Mar/2025:10:33:49 +0100] "GET /pgm/wp-login.php HTTP/1.1" 200 9896 "" "GRequests/0.10"
87.121.84.183 - - [10/Mar/2025:10:33:57 +0100] "POST /boaform/admin/formLogin HTTP/1.1" 301 594 "http://89.161.186.149:80/admin/login.asp" "Mozilla/5.0 (X11; Ubuntu; Linux x86_64; rv:71.0) Gecko/20100101 Firefox/71.0"
217.113.194.220 - - [10/Mar/2025:10:34:01 +0100] "GET /pgm/?page_id=1976 HTTP/1.1" 200 94322 "" "Mozilla/5.0 (compatible; Barkrowler/0.9; +https://babbar.tech/crawler)"
217.113.194.220 - - [10/Mar/2025:10:34:03 +0100] "GET /bip/index.php/ogloszenia/34-samochod-ford-transid-dpl68fs HTTP/1.1" 200 12392 "" "Mozilla/5.0 (compatible; Barkrowler/0.9; +https://babbar.tech/crawler)"
217.113.194.220 - - [10/Mar/2025:10:34:16 +0100] "GET /pgm/?page_id=1630 HTTP/1.1" 200 96570 "" "Mozilla/5.0 (compatible; Barkrowler/0.9; +https://babbar.tech/crawler)"
217.113.194.214 - - [10/Mar/2025:10:34:19 +0100] "GET /bip/index.php/ogloszenia/84-ogloszenie-sprzedazy-volvo-fl618 HTTP/1.1" 200 16132 "" "Mozilla/5.0 (compatible; Barkrowler/0.9; +https://babbar.tech/crawler)"
217.113.194.215 - - [10/Mar/2025:10:34:32 +0100] "GET /pgm/?page_id=1443 HTTP/1.1" 200 111942 "" "Mozilla/5.0 (compatible; Barkrowler/0.9; +https://babbar.tech/crawler)"
217.113.194.221 - - [10/Mar/2025:10:34:34 +0100] "GET /bip/index.php/sposoby-i-stan-przyjmowanych-spraw HTTP/1.1" 200 16800 "" "Mozilla/5.0 (compatible; Barkrowler/0.9; +https://babbar.tech/crawler)"
217.113.194.217 - - [10/Mar/2025:10:34:47 +0100] "GET /pgm/?page_id=1441 HTTP/1.1" 200 99534 "" "Mozilla/5.0 (compatible; Barkrowler/0.9; +https://babbar.tech/crawler)"
217.113.194.216 - - [10/Mar/2025:10:34:50 +0100] "GET /bip/index.php/instrukcje-korzystania-z-bip?tmpl=component&print=1 HTTP/1.1" 200 7150 "" "Mozilla/5.0 (compatible; Barkrowler/0.9; +https://babbar.tech/crawler)"
217.113.194.216 - - [10/Mar/2025:10:35:02 +0100] "GET /pgm/?page_id=1421 HTTP/1.1" 200 96228 "" "Mozilla/5.0 (compatible; Barkrowler/0.9; +https://babbar.tech/crawler)"
217.113.194.214 - - [10/Mar/2025:10:35:05 +0100] "GET /bip/index.php/kontrole/14-2022/95-wystapienie-pokontrolne HTTP/1.1" 200 14008 "" "Mozilla/5.0 (compatible; Barkrowler/0.9; +https://babbar.tech/crawler)"
217.113.194.212 - - [10/Mar/2025:10:35:19 +0100] "GET /pgm/?page_id=1597 HTTP/1.1" 200 96656 "" "Mozilla/5.0 (compatible; Barkrowler/0.9; +https://babbar.tech/crawler)"
217.113.194.213 - - [10/Mar/2025:10:35:22 +0100] "GET /bip/index.php/ogloszenia/32-samochod-fiat-fiorino-dpl62hr HTTP/1.1" 200 12378 "" "Mozilla/5.0 (compatible; Barkrowler/0.9; +https://babbar.tech/crawler)"
217.113.194.214 - - [10/Mar/2025:10:35:35 +0100] "GET /pgm/?page_id=1430 HTTP/1.1" 200 97651 "" "Mozilla/5.0 (compatible; Barkrowler/0.9; +https://babbar.tech/crawler)"
217.113.194.217 - - [10/Mar/2025:10:35:37 +0100] "GET /bip/index.php/ogloszenia/33-samochod-fiat-scudo-dpl-70tc HTTP/1.1" 200 12386 "" "Mozilla/5.0 (compatible; Barkrowler/0.9; +https://babbar.tech/crawler)"
217.113.194.213 - - [10/Mar/2025:10:35:50 +0100] "GET /pgm/?page_id=1436 HTTP/1.1" 200 108551 "" "Mozilla/5.0 (compatible; Barkrowler/0.9; +https://babbar.tech/crawler)"
154.54.249.216 - - [10/Mar/2025:10:35:53 +0100] "GET /bip/index.php/ogloszenia/108-ciagnika-rolniczego-deutz-fahr HTTP/1.1" 200 15270 "" "Mozilla/5.0 (compatible; Barkrowler/0.9; +https://babbar.tech/crawler)"
217.113.194.217 - - [10/Mar/2025:10:36:06 +0100] "GET /pgm/?page_id=1439 HTTP/1.1" 200 96825 "" "Mozilla/5.0 (compatible; Barkrowler/0.9; +https://babbar.tech/crawler)"
217.113.194.213 - - [10/Mar/2025:10:36:08 +0100] "GET /bip/index.php/ogloszenia/101-samochodu-fiat-fiorino?tmpl=component&print=1 HTTP/1.1" 200 6652 "" "Mozilla/5.0 (compatible; Barkrowler/0.9; +https://babbar.tech/crawler)"
217.113.194.220 - - [10/Mar/2025:10:36:21 +0100] "GET /pgm/?page_id=1854 HTTP/1.1" 200 95636 "" "Mozilla/5.0 (compatible; Barkrowler/0.9; +https://babbar.tech/crawler)"
217.113.194.215 - - [10/Mar/2025:10:36:24 +0100] "GET /bip/index.php/ogloszenia/39-nowe-samochod-ford-transid-dpl68fs HTTP/1.1" 200 12328 "" "Mozilla/5.0 (compatible; Barkrowler/0.9; +https://babbar.tech/crawler)"
217.113.194.217 - - [10/Mar/2025:10:36:37 +0100] "GET /pgm/?page_id=1621 HTTP/1.1" 200 96535 "" "Mozilla/5.0 (compatible; Barkrowler/0.9; +https://babbar.tech/crawler)"
217.113.194.220 - - [10/Mar/2025:10:36:39 +0100] "GET /bip/index.php/ogloszenia/40-nowe-samochod-fiat-scudo-dpl-70tc HTTP/1.1" 200 12364 "" "Mozilla/5.0 (compatible; Barkrowler/0.9; +https://babbar.tech/crawler)"
217.113.194.216 - - [10/Mar/2025:10:36:52 +0100] "GET /pgm/?page_id=1626 HTTP/1.1" 200 95852 "" "Mozilla/5.0 (compatible; Barkrowler/0.9; +https://babbar.tech/crawler)"
217.113.194.213 - - [10/Mar/2025:10:36:55 +0100] "GET /bip/index.php/ogloszenia/48-ogloszenie-sprzedazy-jelcza-dplu944 HTTP/1.1" 200 12087 "" "Mozilla/5.0 (compatible; Barkrowler/0.9; +https://babbar.tech/crawler)"
217.113.194.218 - - [10/Mar/2025:10:37:07 +0100] "GET /pgm/?page_id=1512 HTTP/1.1" 200 94526 "" "Mozilla/5.0 (compatible; Barkrowler/0.9; +https://babbar.tech/crawler)"
217.113.194.216 - - [10/Mar/2025:10:37:10 +0100] "GET /bip/index.php/ogloszenia/82-ogloszenie-sprzedazy-posypywarka-solka HTTP/1.1" 200 15254 "" "Mozilla/5.0 (compatible; Barkrowler/0.9; +https://babbar.tech/crawler)"
217.113.194.212 - - [10/Mar/2025:10:37:23 +0100] "GET /pgm/?page_id=1335 HTTP/1.1" 200 95135 "" "Mozilla/5.0 (compatible; Barkrowler/0.9; +https://babbar.tech/crawler)"
217.113.194.216 - - [10/Mar/2025:10:37:26 +0100] "GET /bip/index.php/ogloszenia/51-informacje-sprzedazy-jelcza-dplu944 HTTP/1.1" 200 12070 "" "Mozilla/5.0 (compatible; Barkrowler/0.9; +https://babbar.tech/crawler)"
217.113.194.214 - - [10/Mar/2025:10:37:38 +0100] "GET /pgm/?page_id=1330 HTTP/1.1" 200 152930 "" "Mozilla/5.0 (compatible; Barkrowler/0.9; +https://babbar.tech/crawler)"
217.113.194.217 - - [10/Mar/2025:10:37:41 +0100] "GET /bip/index.php/ogloszenia/41-noew-samochod-fiat-fiorino-dpl62hr HTTP/1.1" 200 12410 "" "Mozilla/5.0 (compatible; Barkrowler/0.9; +https://babbar.tech/crawler)"
217.113.194.220 - - [10/Mar/2025:10:37:54 +0100] "GET /pgm/?page_id=1535 HTTP/1.1" 200 109662 "" "Mozilla/5.0 (compatible; Barkrowler/0.9; +https://babbar.tech/crawler)"
154.54.249.216 - - [10/Mar/2025:10:37:57 +0100] "GET /bip/images/Przetargi/2024/Przedmiar poprawiony.ATH HTTP/1.1" 404 1345 "" "Mozilla/5.0 (compatible; Barkrowler/0.9; +https://babbar.tech/crawler)"
217.113.194.221 - - [10/Mar/2025:10:38:09 +0100] "GET /pgm/?page_id=1675 HTTP/1.1" 200 113133 "" "Mozilla/5.0 (compatible; Barkrowler/0.9; +https://babbar.tech/crawler)"
217.113.194.215 - - [10/Mar/2025:10:38:12 +0100] "GET /bip/index.php/ogloszenia/108-ciagnika-rolniczego-deutz-fahr?tmpl=component&print=1 HTTP/1.1" 200 6230 "" "Mozilla/5.0 (compatible; Barkrowler/0.9; +https://babbar.tech/crawler)"
217.113.194.213 - - [10/Mar/2025:10:38:25 +0100] "GET /pgm/?page_id=1397 HTTP/1.1" 200 100144 "" "Mozilla/5.0 (compatible; Barkrowler/0.9; +https://babbar.tech/crawler)"
217.113.194.221 - - [10/Mar/2025:10:38:28 +0100] "GET /bip/index.php/ogloszenia/39-nowe-samochod-ford-transid-dpl68fs?tmpl=component&print=1 HTTP/1.1" 200 3281 "" "Mozilla/5.0 (compatible; Barkrowler/0.9; +https://babbar.tech/crawler)"
217.113.194.217 - - [10/Mar/2025:10:38:40 +0100] "GET /pgm/?feed=comments-rss2 HTTP/1.1" 200 784 "" "Mozilla/5.0 (compatible; Barkrowler/0.9; +https://babbar.tech/crawler)"
217.113.194.215 - - [10/Mar/2025:10:38:43 +0100] "GET /bip/index.php/ogloszenia/40-nowe-samochod-fiat-scudo-dpl-70tc?tmpl=component&print=1 HTTP/1.1" 200 3318 "" "Mozilla/5.0 (compatible; Barkrowler/0.9; +https://babbar.tech/crawler)"
217.113.194.219 - - [10/Mar/2025:10:38:56 +0100] "GET /pgm/?feed=rss2&p=1148 HTTP/1.1" 301 610 "" "Mozilla/5.0 (compatible; Barkrowler/0.9; +https://babbar.tech/crawler)"
154.54.249.216 - - [10/Mar/2025:10:38:58 +0100] "GET /bip/index.php/przetargi/96-nr-sprawy-1-2023-dostawa-energii-elektrycznej HTTP/1.1" 200 13247 "" "Mozilla/5.0 (compatible; Barkrowler/0.9; +https://babbar.tech/crawler)"
217.113.194.218 - - [10/Mar/2025:10:39:11 +0100] "GET /pgm/laboratorium/cennik/ HTTP/1.1" 404 579 "" "Mozilla/5.0 (compatible; Barkrowler/0.9; +https://babbar.tech/crawler)"
217.113.194.218 - - [10/Mar/2025:10:39:13 +0100] "GET /bip/index.php/przetargi/118-nr-sprawy-4-2024-odbior-i-zagospodarowanie-odpadow HTTP/1.1" 200 12813 "" "Mozilla/5.0 (compatible; Barkrowler/0.9; +https://babbar.tech/crawler)"
217.113.194.221 - - [10/Mar/2025:10:39:27 +0100] "GET /pgm/?attachment_id=1148&feed=rss2 HTTP/1.1" 301 598 "" "Mozilla/5.0 (compatible; Barkrowler/0.9; +https://babbar.tech/crawler)"
217.113.194.215 - - [10/Mar/2025:10:39:30 +0100] "GET /bip/index.php/przetargi/86-nr-sprawy-16-2022-dostawa-energii-elektrycznej HTTP/1.1" 200 13109 "" "Mozilla/5.0 (compatible; Barkrowler/0.9; +https://babbar.tech/crawler)"
205.185.126.40 - - [10/Mar/2025:10:39:40 +0100] "GET /pgm/ HTTP/1.1" 200 125129 "https://www.google.com" "Mozilla/5.0 (Windows NT 10.0; Win64; x64) AppleWebKit/537.36 (KHTML, like Gecko) Chrome/58.0.3029.110 Safari/537.36"
205.185.126.40 - - [10/Mar/2025:10:39:41 +0100] "GET /pgm/wp-login.php HTTP/1.1" 200 9896 "https://www.google.com" "Mozilla/5.0 (Windows NT 10.0; Win64; x64) AppleWebKit/537.36 (KHTML, like Gecko) Chrome/58.0.3029.110 Safari/537.36"
217.113.194.212 - - [10/Mar/2025:10:39:43 +0100] "GET /pgm/index.php?rest_route=/wp/v2/pages/1512 HTTP/1.1" 200 11742 "" "Mozilla/5.0 (compatible; Barkrowler/0.9; +https://babbar.tech/crawler)"
217.113.194.221 - - [10/Mar/2025:10:39:45 +0100] "GET /bip/index.php/przetargi/98-nr-sprawy-3-2023-odbior-i-zagospodarowanie-odpadow HTTP/1.1" 200 13186 "" "Mozilla/5.0 (compatible; Barkrowler/0.9; +https://babbar.tech/crawler)"
205.185.126.40 - - [10/Mar/2025:10:39:46 +0100] "POST /pgm/wp-login.php HTTP/1.1" 200 10363 "https://www.google.com" "Mozilla/5.0 (Windows NT 10.0; Win64; x64) AppleWebKit/537.36 (KHTML, like Gecko) Chrome/58.0.3029.110 Safari/537.36"
217.113.194.218 - - [10/Mar/2025:10:39:58 +0100] "GET /pgm/index.php?rest_route=/wp/v2/pages/1710 HTTP/1.1" 200 12192 "" "Mozilla/5.0 (compatible; Barkrowler/0.9; +https://babbar.tech/crawler)"
217.113.194.221 - - [10/Mar/2025:10:40:01 +0100] "GET /bip/index.php/ogloszenia/49-ogloszenie-sprzedazy-wirowki-dekantacyjnej-aldec40 HTTP/1.1" 200 12380 "" "Mozilla/5.0 (compatible; Barkrowler/0.9; +https://babbar.tech/crawler)"
217.113.194.215 - - [10/Mar/2025:10:40:13 +0100] "GET /pgm/index.php?rest_route=%2Foembed%2F1.0%2Fembed&url=https%3A%2F%2Fpgm-polkowice.com.pl%2F%3Fp%3D1 HTTP/1.1" 200 2248 "" "Mozilla/5.0 (compatible; Barkrowler/0.9; +https://babbar.tech/crawler)"
217.113.194.218 - - [10/Mar/2025:10:40:16 +0100] "GET /bip/index.php/ogloszenia/114-ogloszenie-o-sprzedazy-ciagnika-rolniczego-john-deere HTTP/1.1" 200 15445 "" "Mozilla/5.0 (compatible; Barkrowler/0.9; +https://babbar.tech/crawler)"
